{"id":3773,"date":"2023-10-11T16:29:22","date_gmt":"2023-10-11T16:29:22","guid":{"rendered":"https:\/\/blog.hascorburkina.com\/?page_id=3773"},"modified":"2023-10-11T16:33:21","modified_gmt":"2023-10-11T16:33:21","slug":"actualite-55","status":"publish","type":"page","link":"https:\/\/blog.hascorburkina.com\/index.php\/actualite-55\/","title":{"rendered":"actualit\u00e9"},"content":{"rendered":"\t\t<div data-elementor-type=\"wp-page\" data-elementor-id=\"3773\" class=\"elementor elementor-3773\">\n\t\t\t\t\t\t<section class=\"elementor-section elementor-top-section elementor-element elementor-element-989b57f elementor-section-boxed elementor-section-height-default elementor-section-height-default\" data-id=\"989b57f\" data-element_type=\"section\" data-e-type=\"section\">\n\t\t\t\t\t\t<div class=\"elementor-container elementor-column-gap-default\">\n\t\t\t\t\t<div class=\"elementor-column elementor-col-100 elementor-top-column elementor-element elementor-element-2e211b9\" data-id=\"2e211b9\" data-element_type=\"column\" data-e-type=\"column\">\n\t\t\t<div class=\"elementor-widget-wrap elementor-element-populated\">\n\t\t\t\t\t\t<div class=\"elementor-element elementor-element-e6a984a elementor-widget elementor-widget-heading\" data-id=\"e6a984a\" data-element_type=\"widget\" data-e-type=\"widget\" data-widget_type=\"heading.default\">\n\t\t\t\t<div class=\"elementor-widget-container\">\n\t\t\t\t\t<h2 class=\"elementor-heading-title elementor-size-default\"><h1 class=\"entry-title\" style=\"margin-top: 20px;margin-bottom: 10px;font-style: normal;font-weight: 500;font-size: 36px;line-height: 1.1;, Helvetica, Arial, sans-serif;display: block;text-transform: none\">Burkina \/ Justice<\/span> : 24 mois de prison dont douze fermes pour un VDP, poursuivi pour diffamation et mise en danger de la vie d\u2019autrui.<\/h2>\t\t\t\t<\/div>\n\t\t\t\t<\/div>\n\t\t\t\t\t<\/div>\n\t\t<\/div>\n\t\t\t\t\t<\/div>\n\t\t<\/section>\n\t\t\t\t<section class=\"elementor-section elementor-top-section elementor-element elementor-element-0bba146 elementor-section-content-middle elementor-section-boxed elementor-section-height-default elementor-section-height-default\" data-id=\"0bba146\" data-element_type=\"section\" data-e-type=\"section\" data-settings=\"{&quot;background_background&quot;:&quot;classic&quot;}\">\n\t\t\t\t\t\t\t<div class=\"elementor-background-overlay\"><\/div>\n\t\t\t\t\t\t\t<div class=\"elementor-container elementor-column-gap-no\">\n\t\t\t\t\t<div class=\"elementor-column elementor-col-50 elementor-top-column elementor-element elementor-element-131abd8\" data-id=\"131abd8\" data-element_type=\"column\" data-e-type=\"column\">\n\t\t\t<div class=\"elementor-widget-wrap elementor-element-populated\">\n\t\t\t\t\t\t<div class=\"elementor-element elementor-element-2b97d26 elementor-widget elementor-widget-image\" data-id=\"2b97d26\" data-element_type=\"widget\" data-e-type=\"widget\" data-widget_type=\"image.default\">\n\t\t\t\t<div class=\"elementor-widget-container\">\n\t\t\t\t\t\t\t\t\t\t\t\t\t\t\t<img fetchpriority=\"high\" decoding=\"async\" width=\"639\" height=\"387\" src=\"https:\/\/blog.hascorburkina.com\/wp-content\/uploads\/2023\/10\/arton124904.jpg\" class=\"attachment-full size-full wp-image-3772\" alt=\"\" srcset=\"https:\/\/blog.hascorburkina.com\/wp-content\/uploads\/2023\/10\/arton124904.jpg 639w, https:\/\/blog.hascorburkina.com\/wp-content\/uploads\/2023\/10\/arton124904-600x363.jpg 600w, https:\/\/blog.hascorburkina.com\/wp-content\/uploads\/2023\/10\/arton124904-300x182.jpg 300w\" sizes=\"(max-width: 639px) 100vw, 639px\" \/>\t\t\t\t\t\t\t\t\t\t\t\t\t\t\t<\/div>\n\t\t\t\t<\/div>\n\t\t\t\t\t<\/div>\n\t\t<\/div>\n\t\t\t\t<div class=\"elementor-column elementor-col-50 elementor-top-column elementor-element elementor-element-4326d0f\" data-id=\"4326d0f\" data-element_type=\"column\" data-e-type=\"column\">\n\t\t\t<div class=\"elementor-widget-wrap elementor-element-populated\">\n\t\t\t\t\t\t<div class=\"elementor-element elementor-element-60798e1 elementor-widget elementor-widget-text-editor\" data-id=\"60798e1\" data-element_type=\"widget\" data-e-type=\"widget\" data-widget_type=\"text-editor.default\">\n\t\t\t\t<div class=\"elementor-widget-container\">\n\t\t\t\t\t\t\t\t\t<p><strong>Au titre des dossiers retenus pour \u00eatre jug\u00e9s le mardi 10 octobre 1023 au Tribunal de grande instance Ouaga 1, figurait celui d\u2019un agent de sant\u00e9 \u00e0 la retraite, par ailleurs recrut\u00e9 comme Volontaire pour la d\u00e9fense de la patrie (VDP).<\/strong><\/p><div class=\"article_content\"><p>Le pr\u00e9venu, poursuivi pour diffamation et incitation \u00e0 la commission d\u2019un d\u00e9lit a, au travers d\u2019un post Facebook, affirm\u00e9 qu\u2019un village de la r\u00e9gion de l\u2019Est, Sakoani plus pr\u00e9cis\u00e9ment, est habit\u00e9 par des terroristes et que la localit\u00e9 devrait \u00eatre \u00ab\u00a0ray\u00e9e de la carte du Burkina\u00a0\u00bb. Des faits jug\u00e9s graves par le tribunal qui l\u2019a condamn\u00e9 \u00e0 une peine d\u2019emprisonnement de 24 mois dont douze fermes et \u00e0 une amende de 1 million de FCFA assorti de sursis.<\/p><p>\u00ab\u00a0Burkina\/R\u00e9gion de l\u2019Est\u00a0: Sakoani doit \u00eatre ray\u00e9 de la carte du Burkina. M\u00eame les arbres sont devenus des terroristes l\u00e0-bas\u00a0\u00bb.<\/p><\/div>\t\t\t\t\t\t\t\t<\/div>\n\t\t\t\t<\/div>\n\t\t\t\t\t<\/div>\n\t\t<\/div>\n\t\t\t\t\t<\/div>\n\t\t<\/section>\n\t\t\t\t<section class=\"elementor-section elementor-top-section elementor-element elementor-element-f4a3f8c elementor-section-boxed elementor-section-height-default elementor-section-height-default\" data-id=\"f4a3f8c\" data-element_type=\"section\" data-e-type=\"section\">\n\t\t\t\t\t\t<div class=\"elementor-container elementor-column-gap-default\">\n\t\t\t\t\t<div class=\"elementor-column elementor-col-100 elementor-top-column elementor-element elementor-element-1bbfa7f\" data-id=\"1bbfa7f\" data-element_type=\"column\" data-e-type=\"column\">\n\t\t\t<div class=\"elementor-widget-wrap elementor-element-populated\">\n\t\t\t\t\t\t<div class=\"elementor-element elementor-element-bd81355 elementor-widget elementor-widget-text-editor\" data-id=\"bd81355\" data-element_type=\"widget\" data-e-type=\"widget\" data-widget_type=\"text-editor.default\">\n\t\t\t\t<div class=\"elementor-widget-container\">\n\t\t\t\t\t\t\t\t\t<p>Voil\u00e0 exactement le message publi\u00e9 sur Facebook par le pr\u00e9venu, qui compara\u00eet \u00e0 la barre du tribunal ce mardi 10 octobre 2023. Des faits qu\u2019il dit reconna\u00eetre enti\u00e8rement, soulignant au passage que son intention n\u2019a jamais \u00e9t\u00e9 de heurter la sensibilit\u00e9 des populations, encore moins de consid\u00e9rer chacun des habitants de cette localit\u00e9, pris individuellement, comme \u00e9tant un ennemi de la nation.<\/p><p>\u00ab\u00a0Ce message est bel et bien le mien. Mais en v\u00e9rit\u00e9, je voulais le porter aux terroristes. Malheureusement, je n\u2019ai pas \u00e9t\u00e9 bien compris. Dans le fond, je voulais dire que les terroristes \u00e9taient dans la r\u00e9gion et qu\u2019ils terrorisaient les villages. Je voulais qu\u2019ils arr\u00eatent. C\u2019\u00e9tait pour les dissuader. Peut-\u00eatre que je me suis mal exprim\u00e9\u00a0\u00bb, a-t-il expliqu\u00e9.<\/p><p>Pour le pr\u00e9sident du Tribunal, l\u2019explication fournie par le comparant s\u2019inscrit en faux avec le texte qu\u2019il a publi\u00e9. Par ailleurs, soutient-il, ce message n\u2019est en aucun cas adress\u00e9 aux terroristes qui se trouvent dans cette r\u00e9gion. Pour lui, il est ni plus ni moins destin\u00e9 au public. \u00ab\u00a0Vous ne pouvez pas dire que vous vous \u00eates adress\u00e9 aux terroristes uniquement. Ce message est pour tout le monde. Quand on publie un message sur Facebook, c\u2019est \u00e0 tout le monde qu\u2019on parle. Tout le monde lit l\u00e0-bas. Et m\u00eame quand vous dites que la r\u00e9gion est infest\u00e9e. Est-ce la seule cette r\u00e9gion qui est infest\u00e9e dans tout le Burkina\u00a0? Qu\u2019avez-vous contre la r\u00e9gion de l\u2019Est\u00a0? Ce sont des propos extr\u00eamement graves\u00a0\u00bb, consid\u00e8re-t-il.<\/p><p>S\u2019inscrivant dans la m\u00eame veine que le tribunal, le minist\u00e8re public rel\u00e8vera lui aussi la gravit\u00e9 inou\u00efe des propos du pr\u00e9venu qui, d\u2019ailleurs, n\u2019a jamais mis pied dans la localit\u00e9 dont il est question. \u00ab\u00a0Vous, vous \u00eates de D\u00e9dougou. Vous n\u2019\u00eates pas de Sakoani. Vous n\u2019avez jamais \u00e9t\u00e9 l\u00e0-bas. Vous ne connaissez m\u00eame pas l\u00e0-bas. Mais pourquoi vous tenez des propos de ce genre\u00a0? Avec ce que nous vivons comme situation, ce que vous dites est tr\u00e8s grave\u00a0! Un intellectuel ne peut pas tenir de tels propos. Si les habitants autour de ce village avaient donn\u00e9 suite \u00e0 votre message, ils pouvaient effectivement le rayer de la carte comme vous l\u2019avez exhort\u00e9 \u00e0 travers votre message\u00a0\u00bb, regrettera-t-il, avant de requ\u00e9rir \u00e0 l\u2019encontre de ce dernier, une peine d\u2019emprisonnement de 24 mois fermes, ainsi qu\u2019une amende de 1 million de FCFA assorti de sursis.<\/p><p>Dans ses derniers mots, le VDP a, \u00e0 la suite de son conseil, implor\u00e9 la cl\u00e9mence du tribunal en ces termes\u00a0: \u00ab\u00a0je demande pardon. Sinc\u00e8rement, je demande pardon. J\u2019ai peut-\u00eatre \u00e9t\u00e9 mal compris, mais je reconnais que ce que j\u2019ai \u00e9crit n\u2019est pas bon. Je demande pardon au tribunal. Je demande pardon \u00e0 tous ceux que ce message a pu vexer. Je ne vais plus recommencer\u00a0\u00bb, a-t-il promis.<\/p><p>Apr\u00e8s une pause d\u2019une heure, le tribunal a tout d\u2019abord requalifi\u00e9 les faits d\u2019incitation \u00e0 la commission d\u2019un d\u00e9lit en mise en danger de la vie d\u2019autrui. Puis, se pronon\u00e7ant sur la peine, il a condamn\u00e9 le pr\u00e9venu \u00e0 24 mois d\u2019emprisonnement dont douze fermes\u00a0; une amende de 1 millions de FCFA assortie de sursis, et aux d\u00e9pens.<\/p><p><strong>Erwan Compaor\u00e9<\/strong><\/p>\t\t\t\t\t\t\t\t<\/div>\n\t\t\t\t<\/div>\n\t\t\t\t\t<\/div>\n\t\t<\/div>\n\t\t\t\t\t<\/div>\n\t\t<\/section>\n\t\t\t\t<\/div>\n\t\t","protected":false},"excerpt":{"rendered":"<p>Burkina \/ Justice : 24 mois de prison dont douze fermes pour un VDP, poursuivi pour diffamation et mise en danger de la vie d\u2019autrui. Au titre des dossiers retenus pour \u00eatre jug\u00e9s le mardi 10 octobre 1023 au Tribunal de grande instance Ouaga 1, figurait celui d\u2019un agent de sant\u00e9 \u00e0 la retraite, par [&hellip;]<\/p>\n","protected":false},"author":2,"featured_media":0,"parent":0,"menu_order":0,"comment_status":"closed","ping_status":"closed","template":"","meta":{"site-sidebar-layout":"no-sidebar","site-content-layout":"page-builder","ast-site-content-layout":"default","site-content-style":"default","site-sidebar-style":"default","ast-global-header-display":"","ast-banner-title-visibility":"","ast-main-header-display":"","ast-hfb-above-header-display":"","ast-hfb-below-header-display":"","ast-hfb-mobile-header-display":"","site-post-title":"disabled","ast-breadcrumbs-content":"","ast-featured-img":"disabled","footer-sml-layout":"","theme-transparent-header-meta":"","adv-header-id-meta":"","stick-header-meta":"","header-above-stick-meta":"","header-main-stick-meta":"","header-below-stick-meta":"","astra-migrate-meta-layouts":"default","ast-page-background-enabled":"default","ast-page-background-meta":{"desktop":{"background-color":"","background-image":"","background-repeat":"repeat","background-position":"center center","background-size":"auto","background-attachment":"scroll","background-type":"","background-media":"","overlay-type":"","overlay-color":"","overlay-opacity":"","overlay-gradient":""},"tablet":{"background-color":"","background-image":"","background-repeat":"repeat","background-position":"center center","background-size":"auto","background-attachment":"scroll","background-type":"","background-media":"","overlay-type":"","overlay-color":"","overlay-opacity":"","overlay-gradient":""},"mobile":{"background-color":"","background-image":"","background-repeat":"repeat","background-position":"center center","background-size":"auto","background-attachment":"scroll","background-type":"","background-media":"","overlay-type":"","overlay-color":"","overlay-opacity":"","overlay-gradient":""}},"ast-content-background-meta":{"desktop":{"background-color":"var(--ast-global-color-5)","background-image":"","background-repeat":"repeat","background-position":"center center","background-size":"auto","background-attachment":"scroll","background-type":"","background-media":"","overlay-type":"","overlay-color":"","overlay-opacity":"","overlay-gradient":""},"tablet":{"background-color":"var(--ast-global-color-5)","background-image":"","background-repeat":"repeat","background-position":"center center","background-size":"auto","background-attachment":"scroll","background-type":"","background-media":"","overlay-type":"","overlay-color":"","overlay-opacity":"","overlay-gradient":""},"mobile":{"background-color":"var(--ast-global-color-5)","background-image":"","background-repeat":"repeat","background-position":"center center","background-size":"auto","background-attachment":"scroll","background-type":"","background-media":"","overlay-type":"","overlay-color":"","overlay-opacity":"","overlay-gradient":""}},"footnotes":""},"class_list":["post-3773","page","type-page","status-publish","hentry"],"jetpack_sharing_enabled":true,"rttpg_featured_image_url":null,"rttpg_author":{"display_name":"Hascor Burkina","author_link":"https:\/\/blog.hascorburkina.com\/index.php\/author\/hascorblog\/"},"rttpg_comment":0,"rttpg_category":null,"rttpg_excerpt":"Burkina \/ Justice : 24 mois de prison dont douze fermes pour un VDP, poursuivi pour diffamation et mise en danger de la vie d\u2019autrui. Au titre des dossiers retenus pour \u00eatre jug\u00e9s le mardi 10 octobre 1023 au Tribunal de grande instance Ouaga 1, figurait celui d\u2019un agent de sant\u00e9 \u00e0 la retraite, par\u2026","_links":{"self":[{"href":"https:\/\/blog.hascorburkina.com\/index.php\/wp-json\/wp\/v2\/pages\/3773","targetHints":{"allow":["GET"]}}],"collection":[{"href":"https:\/\/blog.hascorburkina.com\/index.php\/wp-json\/wp\/v2\/pages"}],"about":[{"href":"https:\/\/blog.hascorburkina.com\/index.php\/wp-json\/wp\/v2\/types\/page"}],"author":[{"embeddable":true,"href":"https:\/\/blog.hascorburkina.com\/index.php\/wp-json\/wp\/v2\/users\/2"}],"replies":[{"embeddable":true,"href":"https:\/\/blog.hascorburkina.com\/index.php\/wp-json\/wp\/v2\/comments?post=3773"}],"version-history":[{"count":4,"href":"https:\/\/blog.hascorburkina.com\/index.php\/wp-json\/wp\/v2\/pages\/3773\/revisions"}],"predecessor-version":[{"id":3778,"href":"https:\/\/blog.hascorburkina.com\/index.php\/wp-json\/wp\/v2\/pages\/3773\/revisions\/3778"}],"wp:attachment":[{"href":"https:\/\/blog.hascorburkina.com\/index.php\/wp-json\/wp\/v2\/media?parent=3773"}],"curies":[{"name":"wp","href":"https:\/\/api.w.org\/{rel}","templated":true}]}}