{"id":3766,"date":"2023-10-11T16:17:47","date_gmt":"2023-10-11T16:17:47","guid":{"rendered":"https:\/\/blog.hascorburkina.com\/?page_id=3766"},"modified":"2023-10-11T16:19:43","modified_gmt":"2023-10-11T16:19:43","slug":"actualite-54","status":"publish","type":"page","link":"https:\/\/blog.hascorburkina.com\/index.php\/actualite-54\/","title":{"rendered":"actualite"},"content":{"rendered":"\t\t<div data-elementor-type=\"wp-page\" data-elementor-id=\"3766\" class=\"elementor elementor-3766\">\n\t\t\t\t\t\t<section class=\"elementor-section elementor-top-section elementor-element elementor-element-6d87d40 elementor-section-boxed elementor-section-height-default elementor-section-height-default\" data-id=\"6d87d40\" data-element_type=\"section\" data-e-type=\"section\">\n\t\t\t\t\t\t<div class=\"elementor-container elementor-column-gap-default\">\n\t\t\t\t\t<div class=\"elementor-column elementor-col-100 elementor-top-column elementor-element elementor-element-c208a37\" data-id=\"c208a37\" data-element_type=\"column\" data-e-type=\"column\">\n\t\t\t<div class=\"elementor-widget-wrap elementor-element-populated\">\n\t\t\t\t\t\t<div class=\"elementor-element elementor-element-8b782a4 elementor-widget elementor-widget-heading\" data-id=\"8b782a4\" data-element_type=\"widget\" data-e-type=\"widget\" data-widget_type=\"heading.default\">\n\t\t\t\t<div class=\"elementor-widget-container\">\n\t\t\t\t\t<h2 class=\"elementor-heading-title elementor-size-default\"><h1 class=\"entry-title\" style=\"margin-top: 20px;margin-bottom: 10px;font-style: normal;font-weight: 500;font-size: 36px;line-height: 1.1;, Helvetica, Arial, sans-serif;display: block;text-transform: none\">Burkina\/Chikungunya : \u00ab Il n\u2019y a pas lieu de paniquer \u00bb, Dr Lassan\u00e9 Kafando du service de surveillance \u00e9pid\u00e9miologique<\/h2>\t\t\t\t<\/div>\n\t\t\t\t<\/div>\n\t\t\t\t\t<\/div>\n\t\t<\/div>\n\t\t\t\t\t<\/div>\n\t\t<\/section>\n\t\t\t\t<section class=\"elementor-section elementor-top-section elementor-element elementor-element-5a351cb elementor-section-content-middle elementor-section-boxed elementor-section-height-default elementor-section-height-default\" data-id=\"5a351cb\" data-element_type=\"section\" data-e-type=\"section\" data-settings=\"{&quot;background_background&quot;:&quot;classic&quot;}\">\n\t\t\t\t\t\t\t<div class=\"elementor-background-overlay\"><\/div>\n\t\t\t\t\t\t\t<div class=\"elementor-container elementor-column-gap-no\">\n\t\t\t\t\t<div class=\"elementor-column elementor-col-50 elementor-top-column elementor-element elementor-element-4721692\" data-id=\"4721692\" data-element_type=\"column\" data-e-type=\"column\">\n\t\t\t<div class=\"elementor-widget-wrap elementor-element-populated\">\n\t\t\t\t\t\t<div class=\"elementor-element elementor-element-9ccc7d0 elementor-widget elementor-widget-image\" data-id=\"9ccc7d0\" data-element_type=\"widget\" data-e-type=\"widget\" data-widget_type=\"image.default\">\n\t\t\t\t<div class=\"elementor-widget-container\">\n\t\t\t\t\t\t\t\t\t\t\t\t\t\t\t<img fetchpriority=\"high\" decoding=\"async\" width=\"640\" height=\"426\" src=\"https:\/\/blog.hascorburkina.com\/wp-content\/uploads\/2023\/10\/arton124911.jpg\" class=\"attachment-full size-full wp-image-3764\" alt=\"\" srcset=\"https:\/\/blog.hascorburkina.com\/wp-content\/uploads\/2023\/10\/arton124911.jpg 640w, https:\/\/blog.hascorburkina.com\/wp-content\/uploads\/2023\/10\/arton124911-600x399.jpg 600w, https:\/\/blog.hascorburkina.com\/wp-content\/uploads\/2023\/10\/arton124911-300x200.jpg 300w\" sizes=\"(max-width: 640px) 100vw, 640px\" \/>\t\t\t\t\t\t\t\t\t\t\t\t\t\t\t<\/div>\n\t\t\t\t<\/div>\n\t\t\t\t\t<\/div>\n\t\t<\/div>\n\t\t\t\t<div class=\"elementor-column elementor-col-50 elementor-top-column elementor-element elementor-element-7e6ea34\" data-id=\"7e6ea34\" data-element_type=\"column\" data-e-type=\"column\">\n\t\t\t<div class=\"elementor-widget-wrap elementor-element-populated\">\n\t\t\t\t\t\t<div class=\"elementor-element elementor-element-c174664 elementor-widget elementor-widget-text-editor\" data-id=\"c174664\" data-element_type=\"widget\" data-e-type=\"widget\" data-widget_type=\"text-editor.default\">\n\t\t\t\t<div class=\"elementor-widget-container\">\n\t\t\t\t\t\t\t\t\t<p>Le 3 septembre 2023, le Laboratoire national de r\u00e9f\u00e9rence des fi\u00e8vres h\u00e9morragiques virales (LNR-FHV) a notifi\u00e9 un premier cas confirm\u00e9 de chikungunya dans le district sanitaire de Pouytenga. A la date du 1er octobre 2023, le Burkina a enregistr\u00e9 92 cas confirm\u00e9s et 0 d\u00e9c\u00e8s rapport\u00e9s dans les districts sanitaires de Pouytenga, de Ouagadougou et de Bobo-Dioulasso. Devant ces cas, le minist\u00e8re de la Sant\u00e9 a pris des mesures pour renforcer la surveillance et contenir la maladie. Et \u00e0 en croire Dr Lassan\u00e9 Kafando, charg\u00e9 de la surveillance \u00e9pid\u00e9miologique au niveau de la Direction de la protection de la sant\u00e9 de la population du minist\u00e8re de la Sant\u00e9 et de l\u2019hygi\u00e8ne publique, il n\u2019y a pas lieu de s\u2019inqui\u00e9ter comme il le souligne dans cet entretien qu\u2019il nous a accord\u00e9 le vendredi 6 octobre 2023.<\/p><div class=\"article_content\"><p><strong>Lefaso.net\u00a0: Qu\u2019est-ce que le Chikungunya\u00a0?<\/strong><\/p><\/div>\t\t\t\t\t\t\t\t<\/div>\n\t\t\t\t<\/div>\n\t\t\t\t\t<\/div>\n\t\t<\/div>\n\t\t\t\t\t<\/div>\n\t\t<\/section>\n\t\t\t\t<section class=\"elementor-section elementor-top-section elementor-element elementor-element-f75ac09 elementor-section-boxed elementor-section-height-default elementor-section-height-default\" data-id=\"f75ac09\" data-element_type=\"section\" data-e-type=\"section\">\n\t\t\t\t\t\t<div class=\"elementor-container elementor-column-gap-default\">\n\t\t\t\t\t<div class=\"elementor-column elementor-col-100 elementor-top-column elementor-element elementor-element-7951ea5\" data-id=\"7951ea5\" data-element_type=\"column\" data-e-type=\"column\">\n\t\t\t<div class=\"elementor-widget-wrap elementor-element-populated\">\n\t\t\t\t\t\t<div class=\"elementor-element elementor-element-c077364 elementor-widget elementor-widget-text-editor\" data-id=\"c077364\" data-element_type=\"widget\" data-e-type=\"widget\" data-widget_type=\"text-editor.default\">\n\t\t\t\t<div class=\"elementor-widget-container\">\n\t\t\t\t\t\t\t\t\t<p><strong>Dr Kafando\u00a0:<\/strong>\u00a0Le Chikungunya est une maladie dont les sympt\u00f4mes sont un peu confondus avec le paludisme et la dengue. Il se manifeste par la fi\u00e8vre d\u2019apparition brutale, des douleurs musculaires et des douleurs au niveau des articulations et souvent \u00e7a peut \u00eatre handicapant. \u00c7a veut dire qu\u2019\u00e0 l\u2019issue de ces manifestations cliniques, vous pouvez avoir des handicaps moteurs par exemple, \u00e7a peut aussi faire des tum\u00e9factions, notamment des gonflements au niveau des articulations, des c\u00e9phal\u00e9es, des \u00e9ruptions cutan\u00e9es, des naus\u00e9es, des vomissements. Donc quand vous voyez les sympt\u00f4mes, ce sont des sympt\u00f4mes qui peuvent \u00eatre retrouv\u00e9s dans le paludisme ou de la dengue.<\/p><p>Le paludisme s\u00e9vit, il y a \u00e9galement l\u2019\u00e9pid\u00e9mie de dengue et maintenant le chikungunya. Comment faire la diff\u00e9rence entre ces trois maladies\u00a0?<br class=\"autobr\" \/>Dans le cadre de la surveillance \u00e9pid\u00e9miologique, lorsque le patient pr\u00e9sente des sympt\u00f4mes cliniques suspects de dengue, il y a des pr\u00e9l\u00e8vements qui sont effectu\u00e9s et envoy\u00e9 au laboratoire national de r\u00e9f\u00e9rence bas\u00e9 au Centre Muraz \u00e0 Bobo. Ce laboratoire de r\u00e9f\u00e9rence lorsqu\u2019il fait le test de la dengue, il recherche aussi d\u2019autres virus notamment celui du Chikungunya et c\u2019est ce qui a permis \u00e0 un moment donn\u00e9 de se rendre compte qu\u2019on pensait souvent que c\u2019est la dengue, mais il y a des cas de Chikungunya qui ont \u00e9t\u00e9 notifi\u00e9s \u00e0 Pouytenga, Ouagadougou et Bobo-Dioulasso.<\/p><p><strong>Justement quelle est \u00e0 ce jour, la situation \u00e9pid\u00e9miologique du Chikungunya au Burkina Faso\u00a0?<\/strong><\/p><p>Il faut dire qu\u2019\u00e0 ce jour, on a enregistr\u00e9 92 cas confirm\u00e9s gr\u00e2ce au renforcement du syst\u00e8me de surveillance. Sur ces 92 cas, il y a 89 cas confirm\u00e9s \u00e0 Pouytenga et deux cas \u00e0 Ouagadougou et un cas \u00e0 Bobo-Dioulasso.<\/p><p><strong>Qu\u2019est ce qui est fait au niveau de la surveillance \u00e9pid\u00e9miologique pour contenir la maladie\u00a0?<\/strong><\/p><p>Il faut dire qu\u2019il y a des mesures qui sont prises notamment pour renforcer la surveillance pour que les cas n\u2019\u00e9chappent pas, pour pouvoir d\u00e9tecter les cas. Et lorsque ces cas sont d\u00e9tect\u00e9s, qu\u2019ils soient correctement pris en charge dans les formations sanitaires. Il y a \u00e9galement des actions qui sont entreprises pour assainir le cadre de vie des populations et des mesures de communication pr\u00e9ventive pour donner les vrais messages aux populations pour qu\u2019elles puissent adopter des comportements favorables \u00e0 la pr\u00e9vention de la maladie.<\/p><p><span class=\"spip_document_157478 spip_documents spip_documents_center\"><img decoding=\"async\" src=\"https:\/\/lefaso.net\/local\/cache-vignettes\/L600xH400\/whatsapp_image_2023-10-09_at_14.04.45-1022a.jpg?1697033867\" alt=\"\" width=\"600\" height=\"400\" \/><\/span><\/p><p><strong>Quelles pr\u00e9cautions prendre pour \u00e9viter le Chikungunya\u00a0?<\/strong><\/p><p>C\u2019est un moustique qui est le vecteur principal de cette maladie. Ce sont des moustiques qui piquent au cours de la journ\u00e9e, notamment dans la soir\u00e9e et au petit matin, donc c\u2019est de prendre des dispositions comme porter des v\u00eatements longs qui couvrent le corps, utiliser des r\u00e9pulsifs pour \u00e9viter d\u2019\u00eatre piqu\u00e9 et assainir son cadre de vie en d\u00e9truisant les gites larvaires. Eviter les d\u00e9p\u00f4ts d\u2019eau dans les ustensiles au sein des concessions pour qu\u2019ils ne soient pas des lieux de prolif\u00e9ration des moustiques.<\/p><p><strong>Y a-t-il des examens \u00e0 faire sur place dans les formations sanitaires pour d\u00e9tecter le Chikungunya\u00a0?<\/strong><\/p><p>Comme je l\u2019ai dit ce sont des sympt\u00f4mes confondus \u00e0 plusieurs maladies. Les agents de sant\u00e9 sont suffisamment form\u00e9s pour assurer la prise en charge des sympt\u00f4mes d\u00e9velopp\u00e9s par le patient et des pr\u00e9l\u00e8vements sont effectu\u00e9s pour que des analyses plus pouss\u00e9es. Mais la prise en charge n\u2019attend pas les r\u00e9sultats des analyses. La prise en charge d\u00e9marre d\u00e8s lors que le praticien soup\u00e7onne qu\u2019il s\u2019agit d\u2019un cas de chikungunya.<\/p><p><strong>La prise en charge est donc symptomatique comme dans le cas de la dengue\u00a0?<\/strong><\/p><p>Tout \u00e0 fait, la prise en charge est symptomatique. On prend en charge les sympt\u00f4mes cliniques pr\u00e9sent\u00e9s par la personne et aussi on prend un certain nombre de pr\u00e9cautions comme la non-utilisation d\u2019anti-inflammatoires non st\u00e9ro\u00efdiens, car ils peuvent aggraver les risques de saignement. C\u2019est pourquoi on conseille \u00e0 la population de ne pas s\u2019adonner \u00e0 l\u2019autom\u00e9dication en prenant syst\u00e9matiquement un certain nombre de m\u00e9dicaments parce que nous avons mal. Il faut toujours se rendre dans une formation sanitaire et les acteurs form\u00e9s \u00e0 cet effet vont essayer de faire la part des choses et voir quels sont les m\u00e9dicaments qui sont contre-indiqu\u00e9s et assurer une prise en charge correcte.<\/p><p><strong>Est-ce la premi\u00e8re fois qu\u2019on a des cas de Chikungunya au Burkina Faso\u00a0?<\/strong><\/p><p>Oui, c\u2019est la premi\u00e8re fois que nous avons notifi\u00e9 des cas de Chikungunya dans notre pays. Cela est d\u00fb au renforcement de notre d\u00e9tection des maladies notamment le laboratoire national de r\u00e9f\u00e9rence des fi\u00e8vres h\u00e9morragiques virales \u00e0 Bobo-Dioulasso et le service de surveillance \u00e9pid\u00e9miologique qui ont essay\u00e9 de renforcer la d\u00e9tection d\u2019un certain nombre de maladies.<\/p><p><strong>Un appel \u00e0 lancer \u00e0 la population\u00a0?<\/strong><\/p><p>Je voudrai rassurer les populations que les acteurs au niveau des formations sanitaires sont suffisamment aguerris pour assurer la prise en charge et fort heureusement, parmi les 92 cas confirm\u00e9s, il n\u2019y a pas eu de d\u00e9c\u00e8s. Il n\u2019y a pas lieu de paniquer, il faut consulter lorsqu\u2019on pr\u00e9sente des sympt\u00f4mes pour b\u00e9n\u00e9ficier d\u2019une prise en charge ad\u00e9quate.<\/p><p>\u00a0<\/p>\t\t\t\t\t\t\t\t<\/div>\n\t\t\t\t<\/div>\n\t\t\t\t\t<\/div>\n\t\t<\/div>\n\t\t\t\t\t<\/div>\n\t\t<\/section>\n\t\t\t\t<\/div>\n\t\t","protected":false},"excerpt":{"rendered":"<p>Burkina\/Chikungunya : \u00ab Il n\u2019y a pas lieu de paniquer \u00bb, Dr Lassan\u00e9 Kafando du service de surveillance \u00e9pid\u00e9miologique Le 3 septembre 2023, le Laboratoire national de r\u00e9f\u00e9rence des fi\u00e8vres h\u00e9morragiques virales (LNR-FHV) a notifi\u00e9 un premier cas confirm\u00e9 de chikungunya dans le district sanitaire de Pouytenga. A la date du 1er octobre 2023, le [&hellip;]<\/p>\n","protected":false},"author":2,"featured_media":0,"parent":0,"menu_order":0,"comment_status":"closed","ping_status":"closed","template":"","meta":{"site-sidebar-layout":"no-sidebar","site-content-layout":"page-builder","ast-site-content-layout":"default","site-content-style":"default","site-sidebar-style":"default","ast-global-header-display":"","ast-banner-title-visibility":"","ast-main-header-display":"","ast-hfb-above-header-display":"","ast-hfb-below-header-display":"","ast-hfb-mobile-header-display":"","site-post-title":"disabled","ast-breadcrumbs-content":"","ast-featured-img":"disabled","footer-sml-layout":"","theme-transparent-header-meta":"","adv-header-id-meta":"","stick-header-meta":"","header-above-stick-meta":"","header-main-stick-meta":"","header-below-stick-meta":"","astra-migrate-meta-layouts":"default","ast-page-background-enabled":"default","ast-page-background-meta":{"desktop":{"background-color":"","background-image":"","background-repeat":"repeat","background-position":"center center","background-size":"auto","background-attachment":"scroll","background-type":"","background-media":"","overlay-type":"","overlay-color":"","overlay-opacity":"","overlay-gradient":""},"tablet":{"background-color":"","background-image":"","background-repeat":"repeat","background-position":"center center","background-size":"auto","background-attachment":"scroll","background-type":"","background-media":"","overlay-type":"","overlay-color":"","overlay-opacity":"","overlay-gradient":""},"mobile":{"background-color":"","background-image":"","background-repeat":"repeat","background-position":"center center","background-size":"auto","background-attachment":"scroll","background-type":"","background-media":"","overlay-type":"","overlay-color":"","overlay-opacity":"","overlay-gradient":""}},"ast-content-background-meta":{"desktop":{"background-color":"var(--ast-global-color-5)","background-image":"","background-repeat":"repeat","background-position":"center center","background-size":"auto","background-attachment":"scroll","background-type":"","background-media":"","overlay-type":"","overlay-color":"","overlay-opacity":"","overlay-gradient":""},"tablet":{"background-color":"var(--ast-global-color-5)","background-image":"","background-repeat":"repeat","background-position":"center center","background-size":"auto","background-attachment":"scroll","background-type":"","background-media":"","overlay-type":"","overlay-color":"","overlay-opacity":"","overlay-gradient":""},"mobile":{"background-color":"var(--ast-global-color-5)","background-image":"","background-repeat":"repeat","background-position":"center center","background-size":"auto","background-attachment":"scroll","background-type":"","background-media":"","overlay-type":"","overlay-color":"","overlay-opacity":"","overlay-gradient":""}},"footnotes":""},"class_list":["post-3766","page","type-page","status-publish","hentry"],"jetpack_sharing_enabled":true,"rttpg_featured_image_url":null,"rttpg_author":{"display_name":"Hascor Burkina","author_link":"https:\/\/blog.hascorburkina.com\/index.php\/author\/hascorblog\/"},"rttpg_comment":0,"rttpg_category":null,"rttpg_excerpt":"Burkina\/Chikungunya : \u00ab Il n\u2019y a pas lieu de paniquer \u00bb, Dr Lassan\u00e9 Kafando du service de surveillance \u00e9pid\u00e9miologique Le 3 septembre 2023, le Laboratoire national de r\u00e9f\u00e9rence des fi\u00e8vres h\u00e9morragiques virales (LNR-FHV) a notifi\u00e9 un premier cas confirm\u00e9 de chikungunya dans le district sanitaire de Pouytenga. A la date du 1er octobre 2023, le\u2026","_links":{"self":[{"href":"https:\/\/blog.hascorburkina.com\/index.php\/wp-json\/wp\/v2\/pages\/3766","targetHints":{"allow":["GET"]}}],"collection":[{"href":"https:\/\/blog.hascorburkina.com\/index.php\/wp-json\/wp\/v2\/pages"}],"about":[{"href":"https:\/\/blog.hascorburkina.com\/index.php\/wp-json\/wp\/v2\/types\/page"}],"author":[{"embeddable":true,"href":"https:\/\/blog.hascorburkina.com\/index.php\/wp-json\/wp\/v2\/users\/2"}],"replies":[{"embeddable":true,"href":"https:\/\/blog.hascorburkina.com\/index.php\/wp-json\/wp\/v2\/comments?post=3766"}],"version-history":[{"count":4,"href":"https:\/\/blog.hascorburkina.com\/index.php\/wp-json\/wp\/v2\/pages\/3766\/revisions"}],"predecessor-version":[{"id":3771,"href":"https:\/\/blog.hascorburkina.com\/index.php\/wp-json\/wp\/v2\/pages\/3766\/revisions\/3771"}],"wp:attachment":[{"href":"https:\/\/blog.hascorburkina.com\/index.php\/wp-json\/wp\/v2\/media?parent=3766"}],"curies":[{"name":"wp","href":"https:\/\/api.w.org\/{rel}","templated":true}]}}