{"id":3717,"date":"2023-09-21T10:11:40","date_gmt":"2023-09-21T10:11:40","guid":{"rendered":"https:\/\/blog.hascorburkina.com\/?page_id=3717"},"modified":"2023-09-21T10:12:43","modified_gmt":"2023-09-21T10:12:43","slug":"actualite-50","status":"publish","type":"page","link":"https:\/\/blog.hascorburkina.com\/index.php\/actualite-50\/","title":{"rendered":"actualit\u00e9"},"content":{"rendered":"\t\t<div data-elementor-type=\"wp-page\" data-elementor-id=\"3717\" class=\"elementor elementor-3717\">\n\t\t\t\t\t\t<section class=\"elementor-section elementor-top-section elementor-element elementor-element-ae106fe elementor-section-boxed elementor-section-height-default elementor-section-height-default\" data-id=\"ae106fe\" data-element_type=\"section\" data-e-type=\"section\">\n\t\t\t\t\t\t<div class=\"elementor-container elementor-column-gap-default\">\n\t\t\t\t\t<div class=\"elementor-column elementor-col-100 elementor-top-column elementor-element elementor-element-91d5258\" data-id=\"91d5258\" data-element_type=\"column\" data-e-type=\"column\">\n\t\t\t<div class=\"elementor-widget-wrap elementor-element-populated\">\n\t\t\t\t\t\t<div class=\"elementor-element elementor-element-0b497c6 elementor-widget elementor-widget-heading\" data-id=\"0b497c6\" data-element_type=\"widget\" data-e-type=\"widget\" data-widget_type=\"heading.default\">\n\t\t\t\t<div class=\"elementor-widget-container\">\n\t\t\t\t\t<h2 class=\"elementor-heading-title elementor-size-default\"><h1 class=\"entry-title\" style=\"margin-top: 20px;margin-bottom: 10px;font-style: normal;font-weight: 500;font-size: 36px;line-height: 1.1;, Helvetica, Arial, sans-serif;display: block;text-transform: none\">Burkina : L\u2019ancien pr\u00e9sident de la CENI, le pasteur Issaka Flavien Tapsoba, est d\u00e9c\u00e9d\u00e9.<\/h2>\t\t\t\t<\/div>\n\t\t\t\t<\/div>\n\t\t\t\t\t<\/div>\n\t\t<\/div>\n\t\t\t\t\t<\/div>\n\t\t<\/section>\n\t\t\t\t<section class=\"elementor-section elementor-top-section elementor-element elementor-element-bab8c6f elementor-section-content-middle elementor-section-boxed elementor-section-height-default elementor-section-height-default\" data-id=\"bab8c6f\" data-element_type=\"section\" data-e-type=\"section\" data-settings=\"{&quot;background_background&quot;:&quot;classic&quot;}\">\n\t\t\t\t\t\t\t<div class=\"elementor-background-overlay\"><\/div>\n\t\t\t\t\t\t\t<div class=\"elementor-container elementor-column-gap-no\">\n\t\t\t\t\t<div class=\"elementor-column elementor-col-50 elementor-top-column elementor-element elementor-element-03a9516\" data-id=\"03a9516\" data-element_type=\"column\" data-e-type=\"column\">\n\t\t\t<div class=\"elementor-widget-wrap elementor-element-populated\">\n\t\t\t\t\t\t<div class=\"elementor-element elementor-element-2317e33 elementor-widget elementor-widget-image\" data-id=\"2317e33\" data-element_type=\"widget\" data-e-type=\"widget\" data-widget_type=\"image.default\">\n\t\t\t\t<div class=\"elementor-widget-container\">\n\t\t\t\t\t\t\t\t\t\t\t\t\t\t\t<img fetchpriority=\"high\" decoding=\"async\" width=\"721\" height=\"456\" src=\"https:\/\/blog.hascorburkina.com\/wp-content\/uploads\/2023\/09\/Chambredecommerce.jpg\" class=\"attachment-full size-full wp-image-3716\" alt=\"\" srcset=\"https:\/\/blog.hascorburkina.com\/wp-content\/uploads\/2023\/09\/Chambredecommerce.jpg 721w, https:\/\/blog.hascorburkina.com\/wp-content\/uploads\/2023\/09\/Chambredecommerce-600x379.jpg 600w, https:\/\/blog.hascorburkina.com\/wp-content\/uploads\/2023\/09\/Chambredecommerce-300x190.jpg 300w\" sizes=\"(max-width: 721px) 100vw, 721px\" \/>\t\t\t\t\t\t\t\t\t\t\t\t\t\t\t<\/div>\n\t\t\t\t<\/div>\n\t\t\t\t\t<\/div>\n\t\t<\/div>\n\t\t\t\t<div class=\"elementor-column elementor-col-50 elementor-top-column elementor-element elementor-element-12ac426\" data-id=\"12ac426\" data-element_type=\"column\" data-e-type=\"column\">\n\t\t\t<div class=\"elementor-widget-wrap elementor-element-populated\">\n\t\t\t\t\t\t<div class=\"elementor-element elementor-element-dfb51bd elementor-widget elementor-widget-text-editor\" data-id=\"dfb51bd\" data-element_type=\"widget\" data-e-type=\"widget\" data-widget_type=\"text-editor.default\">\n\t\t\t\t<div class=\"elementor-widget-container\">\n\t\t\t\t\t\t\t\t\t<p>Au titre du minist\u00e8re du D\u00e9veloppement industriel, du Commerce, de l\u2019Artisanat et des Petites et moyennes entreprises, le Conseil a adopt\u00e9 un rapport relatif \u00e0 la modification du d\u00e9cret portant statut de la Chambre de Commerce et d\u2019Industrie du Burkina Faso (CCI-BF). Cette d\u00e9cision de r\u00e9former les textes r\u00e9gissant la CCI-BF vise \u00e0 mieux orienter ses actions vers la d\u00e9fense, sans exclusive, des int\u00e9r\u00eats des acteurs du commerce et de l\u2019industrie dans notre pays. \u00ab La r\u00e9forme consiste \u00e0 mieux responsabiliser les acteurs vis-\u00e0-vis de la CCI-BF en instituant d\u00e9sormais, un m\u00e9canisme de cotisation pour assurer le fonctionnement des instances consulaires et les activit\u00e9s de tous les membres de cette instance. Elle consiste aussi \u00e0 recadrer et \u00e0 rationaliser la gestion des ressources de cette institution, \u00e0 faciliter et acc\u00e9l\u00e9rer la r\u00e9alisation d\u2019un ensemble de grands projets structurants de d\u00e9veloppement du secteur \u00e0 travers une meilleure pr\u00e9cision et gestion des pouvoirs et des r\u00f4les des hommes et des femmes qui animent la CCI-BF \u00bb, a expliqu\u00e9 le ministre Serge Gnaniodem PODA.<\/p>\t\t\t\t\t\t\t\t<\/div>\n\t\t\t\t<\/div>\n\t\t\t\t\t<\/div>\n\t\t<\/div>\n\t\t\t\t\t<\/div>\n\t\t<\/section>\n\t\t\t\t<section class=\"elementor-section elementor-top-section elementor-element elementor-element-34b8b57 elementor-section-boxed elementor-section-height-default elementor-section-height-default\" data-id=\"34b8b57\" data-element_type=\"section\" data-e-type=\"section\">\n\t\t\t\t\t\t<div class=\"elementor-container elementor-column-gap-default\">\n\t\t\t\t\t<div class=\"elementor-column elementor-col-100 elementor-top-column elementor-element elementor-element-0ee49b7\" data-id=\"0ee49b7\" data-element_type=\"column\" data-e-type=\"column\">\n\t\t\t<div class=\"elementor-widget-wrap elementor-element-populated\">\n\t\t\t\t\t\t<div class=\"elementor-element elementor-element-cf69522 elementor-widget elementor-widget-text-editor\" data-id=\"cf69522\" data-element_type=\"widget\" data-e-type=\"widget\" data-widget_type=\"text-editor.default\">\n\t\t\t\t<div class=\"elementor-widget-container\">\n\t\t\t\t\t\t\t\t\t<p>Pour le compte du minist\u00e8re de l\u2019Urbanisme, des Affaires fonci\u00e8res et de l\u2019Habitat, l\u2019Ex\u00e9cutif a adopt\u00e9 un projet de d\u00e9cret portant modalit\u00e9s du recours au minist\u00e8re en charge de la construction et de l\u2019architecture, pour la construction des ouvrages publics. Selon le ministre Mika\u00eflou SIDIBE, l\u2019adoption de ce d\u00e9cret permettra \u00e0 son d\u00e9partement d\u2019\u00eatre impliqu\u00e9 de bout en bout dans la cha\u00eene de construction afin de s\u2019assurer que les infrastructures publiques seront r\u00e9alis\u00e9es suivant les normes de qualit\u00e9.<br \/><br \/>Au titre du minist\u00e8re des Sports, de la Jeunesse et de l\u2019Emploi, le Conseil a adopt\u00e9 quatre d\u00e9crets, dont trois entrant dans le cadre de l\u2019op\u00e9rationnalisation de la loi 050 -2019 portant loi d\u2019orientation des sports et des loisirs. Il s\u2019agit du \u00ab d\u00e9cret portant mise en place et organisation des structures dirigeantes du sport et des loisirs, du d\u00e9cret portant octroi des subventions aux f\u00e9d\u00e9rations dans les diff\u00e9rentes disciplines et de celui en lien avec les structures de formation des jeunes sportifs \u00bb, a soutenu le ministre en charge des Sports.<br \/><br \/>Le quatri\u00e8me d\u00e9cret relatif \u00e0 l&rsquo;organisation et au fonctionnement du Tour du Faso, vise \u00e0 apporter des innovations \u00e0 l\u2019\u00e9dition 2023, selon le ministre Boubakar SAVADOGO.<\/p>\t\t\t\t\t\t\t\t<\/div>\n\t\t\t\t<\/div>\n\t\t\t\t\t<\/div>\n\t\t<\/div>\n\t\t\t\t\t<\/div>\n\t\t<\/section>\n\t\t\t\t<\/div>\n\t\t","protected":false},"excerpt":{"rendered":"<p>Burkina : L\u2019ancien pr\u00e9sident de la CENI, le pasteur Issaka Flavien Tapsoba, est d\u00e9c\u00e9d\u00e9. Au titre du minist\u00e8re du D\u00e9veloppement industriel, du Commerce, de l\u2019Artisanat et des Petites et moyennes entreprises, le Conseil a adopt\u00e9 un rapport relatif \u00e0 la modification du d\u00e9cret portant statut de la Chambre de Commerce et d\u2019Industrie du Burkina Faso [&hellip;]<\/p>\n","protected":false},"author":2,"featured_media":0,"parent":0,"menu_order":0,"comment_status":"closed","ping_status":"closed","template":"","meta":{"site-sidebar-layout":"no-sidebar","site-content-layout":"page-builder","ast-site-content-layout":"default","site-content-style":"default","site-sidebar-style":"default","ast-global-header-display":"","ast-banner-title-visibility":"","ast-main-header-display":"","ast-hfb-above-header-display":"","ast-hfb-below-header-display":"","ast-hfb-mobile-header-display":"","site-post-title":"disabled","ast-breadcrumbs-content":"","ast-featured-img":"disabled","footer-sml-layout":"","theme-transparent-header-meta":"","adv-header-id-meta":"","stick-header-meta":"","header-above-stick-meta":"","header-main-stick-meta":"","header-below-stick-meta":"","astra-migrate-meta-layouts":"default","ast-page-background-enabled":"default","ast-page-background-meta":{"desktop":{"background-color":"","background-image":"","background-repeat":"repeat","background-position":"center center","background-size":"auto","background-attachment":"scroll","background-type":"","background-media":"","overlay-type":"","overlay-color":"","overlay-opacity":"","overlay-gradient":""},"tablet":{"background-color":"","background-image":"","background-repeat":"repeat","background-position":"center center","background-size":"auto","background-attachment":"scroll","background-type":"","background-media":"","overlay-type":"","overlay-color":"","overlay-opacity":"","overlay-gradient":""},"mobile":{"background-color":"","background-image":"","background-repeat":"repeat","background-position":"center center","background-size":"auto","background-attachment":"scroll","background-type":"","background-media":"","overlay-type":"","overlay-color":"","overlay-opacity":"","overlay-gradient":""}},"ast-content-background-meta":{"desktop":{"background-color":"var(--ast-global-color-5)","background-image":"","background-repeat":"repeat","background-position":"center center","background-size":"auto","background-attachment":"scroll","background-type":"","background-media":"","overlay-type":"","overlay-color":"","overlay-opacity":"","overlay-gradient":""},"tablet":{"background-color":"var(--ast-global-color-5)","background-image":"","background-repeat":"repeat","background-position":"center center","background-size":"auto","background-attachment":"scroll","background-type":"","background-media":"","overlay-type":"","overlay-color":"","overlay-opacity":"","overlay-gradient":""},"mobile":{"background-color":"var(--ast-global-color-5)","background-image":"","background-repeat":"repeat","background-position":"center center","background-size":"auto","background-attachment":"scroll","background-type":"","background-media":"","overlay-type":"","overlay-color":"","overlay-opacity":"","overlay-gradient":""}},"footnotes":""},"class_list":["post-3717","page","type-page","status-publish","hentry"],"jetpack_sharing_enabled":true,"rttpg_featured_image_url":null,"rttpg_author":{"display_name":"Hascor Burkina","author_link":"https:\/\/blog.hascorburkina.com\/index.php\/author\/hascorblog\/"},"rttpg_comment":0,"rttpg_category":null,"rttpg_excerpt":"Burkina : L\u2019ancien pr\u00e9sident de la CENI, le pasteur Issaka Flavien Tapsoba, est d\u00e9c\u00e9d\u00e9. Au titre du minist\u00e8re du D\u00e9veloppement industriel, du Commerce, de l\u2019Artisanat et des Petites et moyennes entreprises, le Conseil a adopt\u00e9 un rapport relatif \u00e0 la modification du d\u00e9cret portant statut de la Chambre de Commerce et d\u2019Industrie du Burkina Faso\u2026","_links":{"self":[{"href":"https:\/\/blog.hascorburkina.com\/index.php\/wp-json\/wp\/v2\/pages\/3717","targetHints":{"allow":["GET"]}}],"collection":[{"href":"https:\/\/blog.hascorburkina.com\/index.php\/wp-json\/wp\/v2\/pages"}],"about":[{"href":"https:\/\/blog.hascorburkina.com\/index.php\/wp-json\/wp\/v2\/types\/page"}],"author":[{"embeddable":true,"href":"https:\/\/blog.hascorburkina.com\/index.php\/wp-json\/wp\/v2\/users\/2"}],"replies":[{"embeddable":true,"href":"https:\/\/blog.hascorburkina.com\/index.php\/wp-json\/wp\/v2\/comments?post=3717"}],"version-history":[{"count":4,"href":"https:\/\/blog.hascorburkina.com\/index.php\/wp-json\/wp\/v2\/pages\/3717\/revisions"}],"predecessor-version":[{"id":3722,"href":"https:\/\/blog.hascorburkina.com\/index.php\/wp-json\/wp\/v2\/pages\/3717\/revisions\/3722"}],"wp:attachment":[{"href":"https:\/\/blog.hascorburkina.com\/index.php\/wp-json\/wp\/v2\/media?parent=3717"}],"curies":[{"name":"wp","href":"https:\/\/api.w.org\/{rel}","templated":true}]}}