{"id":3710,"date":"2023-09-21T09:59:07","date_gmt":"2023-09-21T09:59:07","guid":{"rendered":"https:\/\/blog.hascorburkina.com\/?page_id=3710"},"modified":"2023-09-21T10:03:17","modified_gmt":"2023-09-21T10:03:17","slug":"actualite-49","status":"publish","type":"page","link":"https:\/\/blog.hascorburkina.com\/index.php\/actualite-49\/","title":{"rendered":"actualit\u00e9"},"content":{"rendered":"\t\t<div data-elementor-type=\"wp-page\" data-elementor-id=\"3710\" class=\"elementor elementor-3710\">\n\t\t\t\t\t\t<section class=\"elementor-section elementor-top-section elementor-element elementor-element-0bba6e3 elementor-section-boxed elementor-section-height-default elementor-section-height-default\" data-id=\"0bba6e3\" data-element_type=\"section\" data-e-type=\"section\">\n\t\t\t\t\t\t<div class=\"elementor-container elementor-column-gap-default\">\n\t\t\t\t\t<div class=\"elementor-column elementor-col-100 elementor-top-column elementor-element elementor-element-56fdffb\" data-id=\"56fdffb\" data-element_type=\"column\" data-e-type=\"column\">\n\t\t\t<div class=\"elementor-widget-wrap elementor-element-populated\">\n\t\t\t\t\t\t<div class=\"elementor-element elementor-element-ff10c54 elementor-widget elementor-widget-heading\" data-id=\"ff10c54\" data-element_type=\"widget\" data-e-type=\"widget\" data-widget_type=\"heading.default\">\n\t\t\t\t<div class=\"elementor-widget-container\">\n\t\t\t\t\t<h2 class=\"elementor-heading-title elementor-size-default\"><h1 class=\"entry-title\" style=\"margin-top: 20px;margin-bottom: 10px;font-style: normal;font-weight: 500;font-size: 36px;line-height: 1.1;, Helvetica, Arial, sans-serif;display: block;text-transform: none\">Burkina: Le quitus des d\u00e9put\u00e9s pour l\u2019envoi d\u2019un contingent au Niger monopolise la Une des journaux<\/h2>\t\t\t\t<\/div>\n\t\t\t\t<\/div>\n\t\t\t\t\t<\/div>\n\t\t<\/div>\n\t\t\t\t\t<\/div>\n\t\t<\/section>\n\t\t\t\t<section class=\"elementor-section elementor-top-section elementor-element elementor-element-b2df37c elementor-section-content-middle elementor-section-boxed elementor-section-height-default elementor-section-height-default\" data-id=\"b2df37c\" data-element_type=\"section\" data-e-type=\"section\" data-settings=\"{&quot;background_background&quot;:&quot;classic&quot;}\">\n\t\t\t\t\t\t\t<div class=\"elementor-background-overlay\"><\/div>\n\t\t\t\t\t\t\t<div class=\"elementor-container elementor-column-gap-no\">\n\t\t\t\t\t<div class=\"elementor-column elementor-col-50 elementor-top-column elementor-element elementor-element-b5a92f5\" data-id=\"b5a92f5\" data-element_type=\"column\" data-e-type=\"column\">\n\t\t\t<div class=\"elementor-widget-wrap elementor-element-populated\">\n\t\t\t\t\t\t<div class=\"elementor-element elementor-element-688032d elementor-widget elementor-widget-image\" data-id=\"688032d\" data-element_type=\"widget\" data-e-type=\"widget\" data-widget_type=\"image.default\">\n\t\t\t\t<div class=\"elementor-widget-container\">\n\t\t\t\t\t\t\t\t\t\t\t\t\t\t\t<img fetchpriority=\"high\" decoding=\"async\" width=\"720\" height=\"388\" src=\"https:\/\/blog.hascorburkina.com\/wp-content\/uploads\/2023\/09\/Presse9.jpg\" class=\"attachment-full size-full wp-image-3709\" alt=\"\" srcset=\"https:\/\/blog.hascorburkina.com\/wp-content\/uploads\/2023\/09\/Presse9.jpg 720w, https:\/\/blog.hascorburkina.com\/wp-content\/uploads\/2023\/09\/Presse9-600x323.jpg 600w, https:\/\/blog.hascorburkina.com\/wp-content\/uploads\/2023\/09\/Presse9-300x162.jpg 300w\" sizes=\"(max-width: 720px) 100vw, 720px\" \/>\t\t\t\t\t\t\t\t\t\t\t\t\t\t\t<\/div>\n\t\t\t\t<\/div>\n\t\t\t\t\t<\/div>\n\t\t<\/div>\n\t\t\t\t<div class=\"elementor-column elementor-col-50 elementor-top-column elementor-element elementor-element-80987eb\" data-id=\"80987eb\" data-element_type=\"column\" data-e-type=\"column\">\n\t\t\t<div class=\"elementor-widget-wrap elementor-element-populated\">\n\t\t\t\t\t\t<div class=\"elementor-element elementor-element-01ec81d elementor-widget elementor-widget-text-editor\" data-id=\"01ec81d\" data-element_type=\"widget\" data-e-type=\"widget\" data-widget_type=\"text-editor.default\">\n\t\t\t\t<div class=\"elementor-widget-container\">\n\t\t\t\t\t\t\t\t\t<p>Le quotidien national Sidwaya laisse lire en premi\u00e8re page : \u00ab Envoi d\u2019un contingent militaire au Niger : Les d\u00e9put\u00e9s donnent le feu vert \u00bb.<br \/><br \/>Le journal rapporte que l\u2019Assembl\u00e9e l\u00e9gislative de transition (ALT), au cours de sa s\u00e9ance pl\u00e9ni\u00e8re du mardi 19 septembre 2023 \u00e0 l\u2019h\u00e9micycle, a adopt\u00e9 quatre projets de loi parmi lesquels, celui portant autorisation d\u2019envoi d\u2019un contingent militaire burkinab\u00e8 en R\u00e9publique du Niger.<br \/><br \/>A ce sujet, le journal priv\u00e9 Le Quotidien affiche : \u00ab Envoi d\u2019un contingent militaire burkinab\u00e8 au Niger : la repr\u00e9sentation nationale donne son quitus \u00bb, l\u00e0 o\u00f9 Le Pays, autre quotidien priv\u00e9, mentionne : \u00ab L\u2019ALT donne son feu vert \u00bb.<br \/><br \/>Quant \u00e0 L\u2019Observateur Paalga, le doyen des quotidiens priv\u00e9s du Burkina Faso, il arbore en manchette : \u00ab Envoi d\u2019un contingent burkinab\u00e8 au Niger : Les d\u00e9put\u00e9s ouvrent la voie \u00bb.<\/p>\t\t\t\t\t\t\t\t<\/div>\n\t\t\t\t<\/div>\n\t\t\t\t\t<\/div>\n\t\t<\/div>\n\t\t\t\t\t<\/div>\n\t\t<\/section>\n\t\t\t\t<section class=\"elementor-section elementor-top-section elementor-element elementor-element-b57ce73 elementor-section-boxed elementor-section-height-default elementor-section-height-default\" data-id=\"b57ce73\" data-element_type=\"section\" data-e-type=\"section\">\n\t\t\t\t\t\t<div class=\"elementor-container elementor-column-gap-default\">\n\t\t\t\t\t<div class=\"elementor-column elementor-col-100 elementor-top-column elementor-element elementor-element-e901da7\" data-id=\"e901da7\" data-element_type=\"column\" data-e-type=\"column\">\n\t\t\t<div class=\"elementor-widget-wrap elementor-element-populated\">\n\t\t\t\t\t\t<div class=\"elementor-element elementor-element-a8b05c4 elementor-widget elementor-widget-text-editor\" data-id=\"a8b05c4\" data-element_type=\"widget\" data-e-type=\"widget\" data-widget_type=\"text-editor.default\">\n\t\t\t\t<div class=\"elementor-widget-container\">\n\t\t\t\t\t\t\t\t\t<p>Le journal rappelle qu\u2019\u00ab annonc\u00e9 \u00e0 grands coups m\u00e9diatiques, r\u00e9p\u00e9t\u00e9 comme un mantra par le capitaine IB (Ibrahim Traor\u00e9, pr\u00e9sident de la Transition, Ndlr) et plusieurs de ses proches collaborateurs, le soutien militaire au Niger est devenu un imp\u00e9ratif cat\u00e9gorique pour le Burkina Faso \u00bb.<br \/><br \/>De l\u2019avis de l\u2019\u00e9ditorialiste de Aujourd\u2019hui au Faso, sur le plan de la casuistique et bien d\u2019autres consid\u00e9rations, d\u2019aucuns peuvent trouver \u00e0 redire.<br \/><br \/>\u00ab C\u2019est un choix d\u2019un pouvoir de Transition, militaire de surcroit et qui a opt\u00e9 de faire dans le changement, quitte \u00e0 casser des codes, \u00e0 rebuter, \u00e0 cr\u00e9er des inimiti\u00e9s inextinguibles, mais le MPSR 2 semble d\u00e9cider \u00e0 faire ce qu\u2019il estime \u00eatre son devoir, et b\u00e9n\u00e9fique pour le Burkina Faso \u00bb, s\u2019empresse-t-il d\u2019ajouter.<br \/><br \/>Et de conclure que \u00ab les Burkinab\u00e8 jugeront l\u2019Histoire surtout seul ma\u00eetre in fine, portera sa sentence sans appel et sans repentir ! \u00bb.<\/p>\t\t\t\t\t\t\t\t<\/div>\n\t\t\t\t<\/div>\n\t\t\t\t\t<\/div>\n\t\t<\/div>\n\t\t\t\t\t<\/div>\n\t\t<\/section>\n\t\t\t\t<\/div>\n\t\t","protected":false},"excerpt":{"rendered":"<p>Burkina: Le quitus des d\u00e9put\u00e9s pour l\u2019envoi d\u2019un contingent au Niger monopolise la Une des journaux Le quotidien national Sidwaya laisse lire en premi\u00e8re page : \u00ab Envoi d\u2019un contingent militaire au Niger : Les d\u00e9put\u00e9s donnent le feu vert \u00bb. Le journal rapporte que l\u2019Assembl\u00e9e l\u00e9gislative de transition (ALT), au cours de sa s\u00e9ance [&hellip;]<\/p>\n","protected":false},"author":2,"featured_media":0,"parent":0,"menu_order":0,"comment_status":"closed","ping_status":"closed","template":"","meta":{"site-sidebar-layout":"no-sidebar","site-content-layout":"page-builder","ast-site-content-layout":"default","site-content-style":"default","site-sidebar-style":"default","ast-global-header-display":"","ast-banner-title-visibility":"","ast-main-header-display":"","ast-hfb-above-header-display":"","ast-hfb-below-header-display":"","ast-hfb-mobile-header-display":"","site-post-title":"disabled","ast-breadcrumbs-content":"","ast-featured-img":"disabled","footer-sml-layout":"","theme-transparent-header-meta":"","adv-header-id-meta":"","stick-header-meta":"","header-above-stick-meta":"","header-main-stick-meta":"","header-below-stick-meta":"","astra-migrate-meta-layouts":"default","ast-page-background-enabled":"default","ast-page-background-meta":{"desktop":{"background-color":"","background-image":"","background-repeat":"repeat","background-position":"center center","background-size":"auto","background-attachment":"scroll","background-type":"","background-media":"","overlay-type":"","overlay-color":"","overlay-opacity":"","overlay-gradient":""},"tablet":{"background-color":"","background-image":"","background-repeat":"repeat","background-position":"center center","background-size":"auto","background-attachment":"scroll","background-type":"","background-media":"","overlay-type":"","overlay-color":"","overlay-opacity":"","overlay-gradient":""},"mobile":{"background-color":"","background-image":"","background-repeat":"repeat","background-position":"center center","background-size":"auto","background-attachment":"scroll","background-type":"","background-media":"","overlay-type":"","overlay-color":"","overlay-opacity":"","overlay-gradient":""}},"ast-content-background-meta":{"desktop":{"background-color":"var(--ast-global-color-5)","background-image":"","background-repeat":"repeat","background-position":"center center","background-size":"auto","background-attachment":"scroll","background-type":"","background-media":"","overlay-type":"","overlay-color":"","overlay-opacity":"","overlay-gradient":""},"tablet":{"background-color":"var(--ast-global-color-5)","background-image":"","background-repeat":"repeat","background-position":"center center","background-size":"auto","background-attachment":"scroll","background-type":"","background-media":"","overlay-type":"","overlay-color":"","overlay-opacity":"","overlay-gradient":""},"mobile":{"background-color":"var(--ast-global-color-5)","background-image":"","background-repeat":"repeat","background-position":"center center","background-size":"auto","background-attachment":"scroll","background-type":"","background-media":"","overlay-type":"","overlay-color":"","overlay-opacity":"","overlay-gradient":""}},"footnotes":""},"class_list":["post-3710","page","type-page","status-publish","hentry"],"jetpack_sharing_enabled":true,"rttpg_featured_image_url":null,"rttpg_author":{"display_name":"Hascor Burkina","author_link":"https:\/\/blog.hascorburkina.com\/index.php\/author\/hascorblog\/"},"rttpg_comment":0,"rttpg_category":null,"rttpg_excerpt":"Burkina: Le quitus des d\u00e9put\u00e9s pour l\u2019envoi d\u2019un contingent au Niger monopolise la Une des journaux Le quotidien national Sidwaya laisse lire en premi\u00e8re page : \u00ab Envoi d\u2019un contingent militaire au Niger : Les d\u00e9put\u00e9s donnent le feu vert \u00bb. Le journal rapporte que l\u2019Assembl\u00e9e l\u00e9gislative de transition (ALT), au cours de sa s\u00e9ance\u2026","_links":{"self":[{"href":"https:\/\/blog.hascorburkina.com\/index.php\/wp-json\/wp\/v2\/pages\/3710","targetHints":{"allow":["GET"]}}],"collection":[{"href":"https:\/\/blog.hascorburkina.com\/index.php\/wp-json\/wp\/v2\/pages"}],"about":[{"href":"https:\/\/blog.hascorburkina.com\/index.php\/wp-json\/wp\/v2\/types\/page"}],"author":[{"embeddable":true,"href":"https:\/\/blog.hascorburkina.com\/index.php\/wp-json\/wp\/v2\/users\/2"}],"replies":[{"embeddable":true,"href":"https:\/\/blog.hascorburkina.com\/index.php\/wp-json\/wp\/v2\/comments?post=3710"}],"version-history":[{"count":4,"href":"https:\/\/blog.hascorburkina.com\/index.php\/wp-json\/wp\/v2\/pages\/3710\/revisions"}],"predecessor-version":[{"id":3715,"href":"https:\/\/blog.hascorburkina.com\/index.php\/wp-json\/wp\/v2\/pages\/3710\/revisions\/3715"}],"wp:attachment":[{"href":"https:\/\/blog.hascorburkina.com\/index.php\/wp-json\/wp\/v2\/media?parent=3710"}],"curies":[{"name":"wp","href":"https:\/\/api.w.org\/{rel}","templated":true}]}}