{"id":3703,"date":"2023-09-21T09:49:58","date_gmt":"2023-09-21T09:49:58","guid":{"rendered":"https:\/\/blog.hascorburkina.com\/?page_id=3703"},"modified":"2023-09-21T09:52:58","modified_gmt":"2023-09-21T09:52:58","slug":"actualite-48","status":"publish","type":"page","link":"https:\/\/blog.hascorburkina.com\/index.php\/actualite-48\/","title":{"rendered":"actualit\u00e9"},"content":{"rendered":"\t\t<div data-elementor-type=\"wp-page\" data-elementor-id=\"3703\" class=\"elementor elementor-3703\">\n\t\t\t\t\t\t<section class=\"elementor-section elementor-top-section elementor-element elementor-element-2b1248b elementor-section-boxed elementor-section-height-default elementor-section-height-default\" data-id=\"2b1248b\" data-element_type=\"section\" data-e-type=\"section\">\n\t\t\t\t\t\t<div class=\"elementor-container elementor-column-gap-default\">\n\t\t\t\t\t<div class=\"elementor-column elementor-col-100 elementor-top-column elementor-element elementor-element-6c91154\" data-id=\"6c91154\" data-element_type=\"column\" data-e-type=\"column\">\n\t\t\t<div class=\"elementor-widget-wrap elementor-element-populated\">\n\t\t\t\t\t\t<div class=\"elementor-element elementor-element-69265a5 elementor-widget elementor-widget-heading\" data-id=\"69265a5\" data-element_type=\"widget\" data-e-type=\"widget\" data-widget_type=\"heading.default\">\n\t\t\t\t<div class=\"elementor-widget-container\">\n\t\t\t\t\t<h2 class=\"elementor-heading-title elementor-size-default\"><h1 class=\"entry-title\" style=\"margin-top: 20px;margin-bottom: 10px;font-style: normal;font-weight: 500;font-size: 36px;line-height: 1.1;, Helvetica, Arial, sans-serif;display: block;text-transform: none\">Burkina : L\u2019ancien pr\u00e9sident de la CENI, le pasteur Issaka Flavien Tapsoba, est d\u00e9c\u00e9d\u00e9.<\/h2>\t\t\t\t<\/div>\n\t\t\t\t<\/div>\n\t\t\t\t\t<\/div>\n\t\t<\/div>\n\t\t\t\t\t<\/div>\n\t\t<\/section>\n\t\t\t\t<section class=\"elementor-section elementor-top-section elementor-element elementor-element-4a60c05 elementor-section-content-middle elementor-section-boxed elementor-section-height-default elementor-section-height-default\" data-id=\"4a60c05\" data-element_type=\"section\" data-e-type=\"section\" data-settings=\"{&quot;background_background&quot;:&quot;classic&quot;}\">\n\t\t\t\t\t\t\t<div class=\"elementor-background-overlay\"><\/div>\n\t\t\t\t\t\t\t<div class=\"elementor-container elementor-column-gap-no\">\n\t\t\t\t\t<div class=\"elementor-column elementor-col-50 elementor-top-column elementor-element elementor-element-6818bc5\" data-id=\"6818bc5\" data-element_type=\"column\" data-e-type=\"column\">\n\t\t\t<div class=\"elementor-widget-wrap elementor-element-populated\">\n\t\t\t\t\t\t<div class=\"elementor-element elementor-element-2585840 elementor-widget elementor-widget-image\" data-id=\"2585840\" data-element_type=\"widget\" data-e-type=\"widget\" data-widget_type=\"image.default\">\n\t\t\t\t<div class=\"elementor-widget-container\">\n\t\t\t\t\t\t\t\t\t\t\t\t\t\t\t<img fetchpriority=\"high\" decoding=\"async\" width=\"1080\" height=\"1080\" src=\"https:\/\/blog.hascorburkina.com\/wp-content\/uploads\/2023\/09\/arton124423.jpg\" class=\"attachment-full size-full wp-image-3702\" alt=\"\" srcset=\"https:\/\/blog.hascorburkina.com\/wp-content\/uploads\/2023\/09\/arton124423.jpg 1080w, https:\/\/blog.hascorburkina.com\/wp-content\/uploads\/2023\/09\/arton124423-300x300.jpg 300w, https:\/\/blog.hascorburkina.com\/wp-content\/uploads\/2023\/09\/arton124423-100x100.jpg 100w, https:\/\/blog.hascorburkina.com\/wp-content\/uploads\/2023\/09\/arton124423-600x600.jpg 600w, https:\/\/blog.hascorburkina.com\/wp-content\/uploads\/2023\/09\/arton124423-1024x1024.jpg 1024w, https:\/\/blog.hascorburkina.com\/wp-content\/uploads\/2023\/09\/arton124423-150x150.jpg 150w, https:\/\/blog.hascorburkina.com\/wp-content\/uploads\/2023\/09\/arton124423-768x768.jpg 768w\" sizes=\"(max-width: 1080px) 100vw, 1080px\" \/>\t\t\t\t\t\t\t\t\t\t\t\t\t\t\t<\/div>\n\t\t\t\t<\/div>\n\t\t\t\t\t<\/div>\n\t\t<\/div>\n\t\t\t\t<div class=\"elementor-column elementor-col-50 elementor-top-column elementor-element elementor-element-d79ec53\" data-id=\"d79ec53\" data-element_type=\"column\" data-e-type=\"column\">\n\t\t\t<div class=\"elementor-widget-wrap elementor-element-populated\">\n\t\t\t\t\t\t<div class=\"elementor-element elementor-element-95c592c elementor-widget elementor-widget-text-editor\" data-id=\"95c592c\" data-element_type=\"widget\" data-e-type=\"widget\" data-widget_type=\"text-editor.default\">\n\t\t\t\t<div class=\"elementor-widget-container\">\n\t\t\t\t\t\t\t\t\t<p><strong>L\u2019ancien pr\u00e9sident de la Commission \u00e9lectorale nationale ind\u00e9pendante (CENI), le r\u00e9v\u00e9rend pasteur Issaka Flavien Tapsoba, est d\u00e9c\u00e9d\u00e9 le 19 septembre 2023. L\u2019information est rapport\u00e9e par l\u2019actuel pr\u00e9sident de ladite institution, Elys\u00e9 Ou\u00e9draogo, dans un communiqu\u00e9, ce mercredi 20 septembre.<\/strong><\/p><div class=\"article_content\"><p>\u00ab\u00a0Le Pasteur Flavien Tapsoba a \u00e9t\u00e9 une figure \u00e9minente de notre nation qui a consacr\u00e9 sa vie \u00e0 la promotion de l\u2019\u00e9ducation, \u00e0 la culture de la paix et de la d\u00e9mocratie\u00a0\u00bb, t\u00e9moigne Elys\u00e9 Ou\u00e9draogo.<\/p><p>Il salue \u00ab\u00a0la m\u00e9moire d\u2019un homme de foi, g\u00e9n\u00e9reux, discret et courtois\u00a0\u00bb.<\/p><\/div>\t\t\t\t\t\t\t\t<\/div>\n\t\t\t\t<\/div>\n\t\t\t\t\t<\/div>\n\t\t<\/div>\n\t\t\t\t\t<\/div>\n\t\t<\/section>\n\t\t\t\t<section class=\"elementor-section elementor-top-section elementor-element elementor-element-aca6c29 elementor-section-boxed elementor-section-height-default elementor-section-height-default\" data-id=\"aca6c29\" data-element_type=\"section\" data-e-type=\"section\">\n\t\t\t\t\t\t<div class=\"elementor-container elementor-column-gap-default\">\n\t\t\t\t\t<div class=\"elementor-column elementor-col-100 elementor-top-column elementor-element elementor-element-4b2eac2\" data-id=\"4b2eac2\" data-element_type=\"column\" data-e-type=\"column\">\n\t\t\t<div class=\"elementor-widget-wrap elementor-element-populated\">\n\t\t\t\t\t\t<div class=\"elementor-element elementor-element-c641154 elementor-widget elementor-widget-text-editor\" data-id=\"c641154\" data-element_type=\"widget\" data-e-type=\"widget\" data-widget_type=\"text-editor.default\">\n\t\t\t\t<div class=\"elementor-widget-container\">\n\t\t\t\t\t\t\t\t\t<p>Feu Issaka Flavien Tapsoba a \u00e9t\u00e9 le pr\u00e9sident de la CENI de 1999 \u00e0 2001.<\/p><p><strong>Lefaso.net<\/strong><\/p><p>\ud835\udde2\ud835\ude02\ud835\uddee\ud835\uddf4\ud835\uddee\ud835\uddf1\ud835\uddfc\ud835\ude02\ud835\uddf4\ud835\uddfc\ud835\ude02, \ud835\uddf9\ud835\uddf2 \ud835\udfee\ud835\udfec \ud835\ude00\ud835\uddf2\ud835\uddfd\ud835\ude01\ud835\uddf2\ud835\uddfa\ud835\uddef\ud835\uddff\ud835\uddf2 \ud835\udfee\ud835\udfec\ud835\udfee\ud835\udfef<\/p><p>C\u2019est avec une profonde tristesse que nous avons appris le d\u00e9c\u00e8s survenu le 19 septembre 2023, du R\u00e9v\u00e9rend Pasteur Issaka Flavien TAPSOBA, ancien pr\u00e9sident de la Commission \u00c9lectorale Nationale Ind\u00e9pendante (CENI) du Burkina Faso.<br class=\"autobr\" \/>Le Pasteur Flavien TAPSOBA a \u00e9t\u00e9 une figure \u00e9minente de notre nation qui a consacr\u00e9 sa vie \u00e0 la promotion de l\u2019\u00e9ducation, \u00e0 la culture de la paix et de la d\u00e9mocratie. Pendant son mandat \u00e0 la t\u00eate de la CENI de 1999 \u00e0 2001, il a fait montre d\u2019un engagement in\u00e9branlable pour la transparence du processus \u00e9lectoral.<\/p><p>Cheville ouvri\u00e8re de l\u2019organisation des \u00e9lections municipales du 24 septembre 2000, son sens \u00e9lev\u00e9 de la responsabilit\u00e9 et son ardeur au travail ont \u00e9t\u00e9 salu\u00e9s et reconnus par tous les acteurs. Il restera dans les m\u00e9moires comme un fervent d\u00e9fenseur de la d\u00e9mocratie et de la libert\u00e9.<\/p><p>Je salue la m\u00e9moire d\u2019un homme de foi, g\u00e9n\u00e9reux, discret et courtois. En septembre 2021, j\u2019ai eu l\u2019honneur de l\u2019accueillir \u00e0 la CENI, venu dit-il, pour encourager l\u2019\u00e9quipe nouvellement install\u00e9e et l\u2019assurer de son accompagnement et de ses pri\u00e8res.<br class=\"autobr\" \/>En cette circonstance douloureuse, j\u2019exprime au nom de la CENI, mes plus sinc\u00e8res condol\u00e9ances \u00e0 la famille et aux proches du R\u00e9v\u00e9rend Pasteur Issaka Flavien TAPSOBA. Je pense \u00e0 sa famille spirituelle, \u00e0 la F\u00e9d\u00e9ration des \u00e9glises et missions \u00e9vang\u00e9liques (FEME) ainsi qu\u2019\u00e0 tous ceux qui ont eu le privil\u00e8ge de travailler \u00e0 ses c\u00f4t\u00e9s.<\/p><p>Je suis convaincu que son h\u00e9ritage perdurera en tant que source d\u2019inspiration pour des g\u00e9n\u00e9rations.<br class=\"autobr\" \/>Que l\u2019\u00e2me de Pasteur Issaka Flavien TAPSOBA repose en paix.<br class=\"autobr\" \/>Elys\u00e9 OU\u00c9DRAOGO, Pr\u00e9sident de la CENI<\/p>\t\t\t\t\t\t\t\t<\/div>\n\t\t\t\t<\/div>\n\t\t\t\t\t<\/div>\n\t\t<\/div>\n\t\t\t\t\t<\/div>\n\t\t<\/section>\n\t\t\t\t<\/div>\n\t\t","protected":false},"excerpt":{"rendered":"<p>Burkina : L\u2019ancien pr\u00e9sident de la CENI, le pasteur Issaka Flavien Tapsoba, est d\u00e9c\u00e9d\u00e9. L\u2019ancien pr\u00e9sident de la Commission \u00e9lectorale nationale ind\u00e9pendante (CENI), le r\u00e9v\u00e9rend pasteur Issaka Flavien Tapsoba, est d\u00e9c\u00e9d\u00e9 le 19 septembre 2023. L\u2019information est rapport\u00e9e par l\u2019actuel pr\u00e9sident de ladite institution, Elys\u00e9 Ou\u00e9draogo, dans un communiqu\u00e9, ce mercredi 20 septembre. \u00ab\u00a0Le Pasteur [&hellip;]<\/p>\n","protected":false},"author":2,"featured_media":0,"parent":0,"menu_order":0,"comment_status":"closed","ping_status":"closed","template":"","meta":{"site-sidebar-layout":"no-sidebar","site-content-layout":"page-builder","ast-site-content-layout":"default","site-content-style":"default","site-sidebar-style":"default","ast-global-header-display":"","ast-banner-title-visibility":"","ast-main-header-display":"","ast-hfb-above-header-display":"","ast-hfb-below-header-display":"","ast-hfb-mobile-header-display":"","site-post-title":"disabled","ast-breadcrumbs-content":"","ast-featured-img":"disabled","footer-sml-layout":"","theme-transparent-header-meta":"","adv-header-id-meta":"","stick-header-meta":"","header-above-stick-meta":"","header-main-stick-meta":"","header-below-stick-meta":"","astra-migrate-meta-layouts":"default","ast-page-background-enabled":"default","ast-page-background-meta":{"desktop":{"background-color":"","background-image":"","background-repeat":"repeat","background-position":"center center","background-size":"auto","background-attachment":"scroll","background-type":"","background-media":"","overlay-type":"","overlay-color":"","overlay-opacity":"","overlay-gradient":""},"tablet":{"background-color":"","background-image":"","background-repeat":"repeat","background-position":"center center","background-size":"auto","background-attachment":"scroll","background-type":"","background-media":"","overlay-type":"","overlay-color":"","overlay-opacity":"","overlay-gradient":""},"mobile":{"background-color":"","background-image":"","background-repeat":"repeat","background-position":"center center","background-size":"auto","background-attachment":"scroll","background-type":"","background-media":"","overlay-type":"","overlay-color":"","overlay-opacity":"","overlay-gradient":""}},"ast-content-background-meta":{"desktop":{"background-color":"var(--ast-global-color-5)","background-image":"","background-repeat":"repeat","background-position":"center center","background-size":"auto","background-attachment":"scroll","background-type":"","background-media":"","overlay-type":"","overlay-color":"","overlay-opacity":"","overlay-gradient":""},"tablet":{"background-color":"var(--ast-global-color-5)","background-image":"","background-repeat":"repeat","background-position":"center center","background-size":"auto","background-attachment":"scroll","background-type":"","background-media":"","overlay-type":"","overlay-color":"","overlay-opacity":"","overlay-gradient":""},"mobile":{"background-color":"var(--ast-global-color-5)","background-image":"","background-repeat":"repeat","background-position":"center center","background-size":"auto","background-attachment":"scroll","background-type":"","background-media":"","overlay-type":"","overlay-color":"","overlay-opacity":"","overlay-gradient":""}},"footnotes":""},"class_list":["post-3703","page","type-page","status-publish","hentry"],"jetpack_sharing_enabled":true,"rttpg_featured_image_url":null,"rttpg_author":{"display_name":"Hascor Burkina","author_link":"https:\/\/blog.hascorburkina.com\/index.php\/author\/hascorblog\/"},"rttpg_comment":0,"rttpg_category":null,"rttpg_excerpt":"Burkina : L\u2019ancien pr\u00e9sident de la CENI, le pasteur Issaka Flavien Tapsoba, est d\u00e9c\u00e9d\u00e9. L\u2019ancien pr\u00e9sident de la Commission \u00e9lectorale nationale ind\u00e9pendante (CENI), le r\u00e9v\u00e9rend pasteur Issaka Flavien Tapsoba, est d\u00e9c\u00e9d\u00e9 le 19 septembre 2023. L\u2019information est rapport\u00e9e par l\u2019actuel pr\u00e9sident de ladite institution, Elys\u00e9 Ou\u00e9draogo, dans un communiqu\u00e9, ce mercredi 20 septembre. \u00ab\u00a0Le Pasteur\u2026","_links":{"self":[{"href":"https:\/\/blog.hascorburkina.com\/index.php\/wp-json\/wp\/v2\/pages\/3703","targetHints":{"allow":["GET"]}}],"collection":[{"href":"https:\/\/blog.hascorburkina.com\/index.php\/wp-json\/wp\/v2\/pages"}],"about":[{"href":"https:\/\/blog.hascorburkina.com\/index.php\/wp-json\/wp\/v2\/types\/page"}],"author":[{"embeddable":true,"href":"https:\/\/blog.hascorburkina.com\/index.php\/wp-json\/wp\/v2\/users\/2"}],"replies":[{"embeddable":true,"href":"https:\/\/blog.hascorburkina.com\/index.php\/wp-json\/wp\/v2\/comments?post=3703"}],"version-history":[{"count":4,"href":"https:\/\/blog.hascorburkina.com\/index.php\/wp-json\/wp\/v2\/pages\/3703\/revisions"}],"predecessor-version":[{"id":3708,"href":"https:\/\/blog.hascorburkina.com\/index.php\/wp-json\/wp\/v2\/pages\/3703\/revisions\/3708"}],"wp:attachment":[{"href":"https:\/\/blog.hascorburkina.com\/index.php\/wp-json\/wp\/v2\/media?parent=3703"}],"curies":[{"name":"wp","href":"https:\/\/api.w.org\/{rel}","templated":true}]}}