{"id":3677,"date":"2023-09-14T11:56:21","date_gmt":"2023-09-14T11:56:21","guid":{"rendered":"https:\/\/blog.hascorburkina.com\/?page_id=3677"},"modified":"2023-09-14T11:59:22","modified_gmt":"2023-09-14T11:59:22","slug":"actualite-45","status":"publish","type":"page","link":"https:\/\/blog.hascorburkina.com\/index.php\/actualite-45\/","title":{"rendered":"actualit\u00e9"},"content":{"rendered":"\t\t<div data-elementor-type=\"wp-page\" data-elementor-id=\"3677\" class=\"elementor elementor-3677\">\n\t\t\t\t\t\t<section class=\"elementor-section elementor-top-section elementor-element elementor-element-8e5cfbf elementor-section-boxed elementor-section-height-default elementor-section-height-default\" data-id=\"8e5cfbf\" data-element_type=\"section\" data-e-type=\"section\">\n\t\t\t\t\t\t<div class=\"elementor-container elementor-column-gap-default\">\n\t\t\t\t\t<div class=\"elementor-column elementor-col-100 elementor-top-column elementor-element elementor-element-4917744\" data-id=\"4917744\" data-element_type=\"column\" data-e-type=\"column\">\n\t\t\t<div class=\"elementor-widget-wrap elementor-element-populated\">\n\t\t\t\t\t\t<div class=\"elementor-element elementor-element-5f85e53 elementor-widget elementor-widget-heading\" data-id=\"5f85e53\" data-element_type=\"widget\" data-e-type=\"widget\" data-widget_type=\"heading.default\">\n\t\t\t\t<div class=\"elementor-widget-container\">\n\t\t\t\t\t<h2 class=\"elementor-heading-title elementor-size-default\"><h1 class=\"entry-title\" style=\"margin-top: 20px;margin-bottom: 10px;font-style: normal;font-weight: 500;font-size: 36px;line-height: 1.1;, Helvetica, Arial, sans-serif;display: block;text-transform: none\">Burkina\/Police de l\u2019eau : \u00ab Elle veille \u00e0 la qualit\u00e9 des eaux que nous consommons, prot\u00e8ge, conserve et am\u00e9liore le cadre de vie\u2026 \u00bb, Somouaoga Florentin Garba<\/h2>\t\t\t\t<\/div>\n\t\t\t\t<\/div>\n\t\t\t\t\t<\/div>\n\t\t<\/div>\n\t\t\t\t\t<\/div>\n\t\t<\/section>\n\t\t\t\t<section class=\"elementor-section elementor-top-section elementor-element elementor-element-c6e5e09 elementor-section-content-middle elementor-section-boxed elementor-section-height-default elementor-section-height-default\" data-id=\"c6e5e09\" data-element_type=\"section\" data-e-type=\"section\" data-settings=\"{&quot;background_background&quot;:&quot;classic&quot;}\">\n\t\t\t\t\t\t\t<div class=\"elementor-background-overlay\"><\/div>\n\t\t\t\t\t\t\t<div class=\"elementor-container elementor-column-gap-no\">\n\t\t\t\t\t<div class=\"elementor-column elementor-col-50 elementor-top-column elementor-element elementor-element-9abfcf1\" data-id=\"9abfcf1\" data-element_type=\"column\" data-e-type=\"column\">\n\t\t\t<div class=\"elementor-widget-wrap elementor-element-populated\">\n\t\t\t\t\t\t<div class=\"elementor-element elementor-element-1a59fe8 elementor-widget elementor-widget-image\" data-id=\"1a59fe8\" data-element_type=\"widget\" data-e-type=\"widget\" data-widget_type=\"image.default\">\n\t\t\t\t<div class=\"elementor-widget-container\">\n\t\t\t\t\t\t\t\t\t\t\t\t\t\t\t<img fetchpriority=\"high\" decoding=\"async\" width=\"700\" height=\"524\" src=\"https:\/\/blog.hascorburkina.com\/wp-content\/uploads\/2023\/09\/arton124283.jpg\" class=\"attachment-full size-full wp-image-3676\" alt=\"\" srcset=\"https:\/\/blog.hascorburkina.com\/wp-content\/uploads\/2023\/09\/arton124283.jpg 700w, https:\/\/blog.hascorburkina.com\/wp-content\/uploads\/2023\/09\/arton124283-600x449.jpg 600w, https:\/\/blog.hascorburkina.com\/wp-content\/uploads\/2023\/09\/arton124283-300x225.jpg 300w\" sizes=\"(max-width: 700px) 100vw, 700px\" \/>\t\t\t\t\t\t\t\t\t\t\t\t\t\t\t<\/div>\n\t\t\t\t<\/div>\n\t\t\t\t\t<\/div>\n\t\t<\/div>\n\t\t\t\t<div class=\"elementor-column elementor-col-50 elementor-top-column elementor-element elementor-element-9fef723\" data-id=\"9fef723\" data-element_type=\"column\" data-e-type=\"column\">\n\t\t\t<div class=\"elementor-widget-wrap elementor-element-populated\">\n\t\t\t\t\t\t<div class=\"elementor-element elementor-element-3b1acf7 elementor-widget elementor-widget-text-editor\" data-id=\"3b1acf7\" data-element_type=\"widget\" data-e-type=\"widget\" data-widget_type=\"text-editor.default\">\n\t\t\t\t<div class=\"elementor-widget-container\">\n\t\t\t\t\t\t\t\t\t<p><strong>Si tout le monde conna\u00eet le r\u00f4le r\u00e9galien de la police qui est d\u2019assurer le maintien de l\u2019ordre public et la r\u00e9pression des infractions, que savons-nous de cette autre police nomm\u00e9ment appel\u00e9e police de l\u2019eau qui contr\u00f4le l\u2019eau pr\u00e9emball\u00e9e que nous consommons, qui prot\u00e8ge nos cours et retenues d\u2019eau de la pollution et de l\u2019envasement\u00a0? Le chef de la police de l\u2019eau des Hauts-Bassins, Somouaoga Florentin Garba, nous en dit un peu plus sur cette unit\u00e9 de contr\u00f4le en mati\u00e8re d\u2019eau.<\/strong><\/p><div class=\"article_content\"><p><strong>Lefaso.net\u00a0: Qu\u2019est-ce que la police de l\u2019eau\u00a0?<\/strong><\/p><p><strong>Somouaoga Florentin Garba\u00a0:<\/strong>\u00a0La police de I\u2019eau est un moyen de coordination des actions entreprises par les services existants charg\u00e9s des missions de pr\u00e9vention, de contr\u00f4le et de r\u00e9pression, dans la mise en \u0153uvre de la l\u00e9gislation en mati\u00e8re de ressources en eau. La coordination de la mise en \u0153uvre est assur\u00e9e par le Service police de l\u2019eau (SPE) log\u00e9 au niveau des directions r\u00e9gionales en charge de l\u2019eau.<\/p><\/div>\t\t\t\t\t\t\t\t<\/div>\n\t\t\t\t<\/div>\n\t\t\t\t\t<\/div>\n\t\t<\/div>\n\t\t\t\t\t<\/div>\n\t\t<\/section>\n\t\t\t\t<section class=\"elementor-section elementor-top-section elementor-element elementor-element-d9dad82 elementor-section-boxed elementor-section-height-default elementor-section-height-default\" data-id=\"d9dad82\" data-element_type=\"section\" data-e-type=\"section\">\n\t\t\t\t\t\t<div class=\"elementor-container elementor-column-gap-default\">\n\t\t\t\t\t<div class=\"elementor-column elementor-col-100 elementor-top-column elementor-element elementor-element-bd62f95\" data-id=\"bd62f95\" data-element_type=\"column\" data-e-type=\"column\">\n\t\t\t<div class=\"elementor-widget-wrap elementor-element-populated\">\n\t\t\t\t\t\t<div class=\"elementor-element elementor-element-43d0943 elementor-widget elementor-widget-text-editor\" data-id=\"43d0943\" data-element_type=\"widget\" data-e-type=\"widget\" data-widget_type=\"text-editor.default\">\n\t\t\t\t<div class=\"elementor-widget-container\">\n\t\t\t\t\t\t\t\t\t<p><strong>Qui fait partie de la police de l\u2019eau\u00a0?<\/strong><\/p><p>La police de l\u2019eau est caract\u00e9ris\u00e9e par sa transversalit\u00e9. Elle met \u00e0 contribution diff\u00e9rents corps, selon le decret N\u00b02008-423\/PRES\/PM\/MAHRHI\/MEF\/MECV\/MS\/SECU portant d\u00e9finition, organisation, attributions et fonctionnement de la police de I\u2019eau qui sont\u00a0: les officiers de police judiciaire (Parquet, officiers de la police nationale et de gendarmerie)\u00a0; les agents de police judiciaire (agent de la police nationale et de gendarmerie)\u00a0; les agents de la police municipale. Il y a \u00e9galement les agents asserment\u00e9s des services de l\u2019Etat charg\u00e9s de l\u2019eau\u00a0; les agents asserment\u00e9s des services de l\u2019Etat charg\u00e9s de la sant\u00e9 et les agents asserment\u00e9s des services de l\u2019Etat charg\u00e9s de l\u2019environnement et des eaux et for\u00eats.<\/p><dl class=\"spip_document_156218 spip_documents spip_documents_center\"><dt><img decoding=\"async\" src=\"https:\/\/lefaso.net\/local\/cache-vignettes\/L600xH450\/img-20230901-wa0008-7dc88.jpg?1694689403\" alt=\"\" width=\"600\" height=\"450\" \/><\/dt><dd class=\"spip_doc_descriptif\"><i>Somouaoga Florentin Garba, chef de la Police de l\u2019eau des Hauts-Bassins<\/i><\/dd><\/dl><p><strong>Quelles sont les missions de la police de l\u2019eau\u00a0?<\/strong><\/p><p>La police de l\u2019eau est charg\u00e9e d\u2019assurer l\u2019application de l\u2019ensemble des r\u00e9glementations visant \u00e0 limiter les atteintes quantitatives et qualitatives \u00e0 l\u2019\u00e9quilibre de la gestion des ressources en eau superficielles et souterraines ainsi qu\u2019aux milieux aquatiques, du domaine public et priv\u00e9.<\/p><p>Dans le cadre de leurs missions de police administrative, les agents assurant la police de l\u2019eau ont pour attributions de mener des actions de pr\u00e9vention et de sensibilisation en vue de la protection de la ressource en eau, mettre en \u0153uvre les proc\u00e9dures institu\u00e9es par la loi d\u2019orientation relative \u00e0 la gestion de l\u2019eau et ses textes d\u2019application et suivre la mise en \u0153uvre de la l\u00e9gislation en mati\u00e8re d\u2019eau. Sur le plan judiciaire, les agents assurant la police de l\u2019eau ont pour attributions de constater les infractions, mener des investigations pour rassembler les preuves, monter le dossier (r\u00e9daction de PV, rapport d\u2019expertise, scell\u00e9s), transmettre au procureur du Faso en vue de poursuite judiciaire et donner leur avis sur les proc\u00e8s-verbaux sur sollicitation du Parquet et participer aux audiences correctionnelles.<\/p><dl class=\"spip_document_156213 spip_documents spip_documents_center\"><dt><img decoding=\"async\" src=\"https:\/\/lefaso.net\/local\/cache-vignettes\/L600xH337\/ab2_9_-3-28c27.jpg?1694689403\" alt=\"\" width=\"600\" height=\"337\" \/><\/dt><dd class=\"spip_doc_descriptif\"><i>Contr\u00f4le de structure pr\u00e9sentant des risques de pollution de la ressource en eau<\/i><\/dd><\/dl><p><strong>Vous effectuez souvent des sorties pour contr\u00f4ler les producteurs d\u2019eaux pr\u00e9emball\u00e9es, comment cela se passe concr\u00e8tement, depuis la d\u00e9tection du lieu de production au contr\u00f4le\u00a0?<\/strong><\/p><p>Effectivement, le contr\u00f4le des unit\u00e9s de production d\u2019eaux pr\u00e9emball\u00e9es destin\u00e9es \u00e0 \u00eatre utilis\u00e9es comme eau de boisson fait partie de nos activit\u00e9s. Sans entrer dans les d\u00e9tails, nous mettons \u00e0 contribution toutes les structures intervenant en mati\u00e8re de police de l\u2019eau et nous agissons souvent suite \u00e0 des d\u00e9nonciations.<\/p><p>Par rapport aux \u00e9l\u00e9ments contr\u00f4l\u00e9s par la police de l\u2019eau dans les unit\u00e9s de production d\u2019eaux pr\u00e9emball\u00e9es, destin\u00e9es \u00e0 \u00eatre utilis\u00e9es comme eau de boisson, le contr\u00f4le se fait d\u2019une part sur les autorisations relatives \u00e0 des activit\u00e9s qui montrent le niveau d\u2019exigence atteint par le promoteur et aussi l\u2019hygi\u00e8ne dans l\u2019unit\u00e9 de production d\u2019eau.<\/p><p>Ainsi, il est exig\u00e9 comme documents\u00a0: l\u2019autorisation d\u2019implantation du forage fournie par le minist\u00e8re de l\u2019Environnement, de l\u2019\u00e9nergie, de l\u2019eau et de l\u2019assainissement\u00a0; l\u2019arr\u00eat\u00e9 portant avis de conformit\u00e9 environnemental fourni par l\u2019Agence nationale des \u00e9valuations environnementales\u00a0; l\u2019autorisation d\u2019implantation de l\u2019unit\u00e9 de production d\u2019eau pr\u00e9emball\u00e9e fournie par le MDICAPME (minist\u00e8re du D\u00e9veloppement industriel, du commerce, de l\u2019artisanat et des petites et moyennes entreprises).<\/p><dl class=\"spip_document_156214 spip_documents spip_documents_center\"><dt><img loading=\"lazy\" decoding=\"async\" src=\"https:\/\/lefaso.net\/local\/cache-vignettes\/L600xH450\/ab3_8_-2-d0235.jpg?1694689403\" alt=\"\" width=\"600\" height=\"450\" \/><\/dt><dd class=\"spip_doc_descriptif\"><i>Contr\u00f4le de bande de servitude des cours et retenues d\u2019eau<\/i><\/dd><\/dl><p>Comme autres documents exig\u00e9s, il y a l\u2019autorisation de production de l\u2019eau pr\u00e9emball\u00e9e fournie par le MDICAPME\u00a0; l\u2019autorisation de mise \u00e0 consommation de l\u2019eau pr\u00e9emball\u00e9e fournie par l\u2019Agence burkinab\u00e8 de normalisation, de la m\u00e9trologie et de la qualit\u00e9\u00a0; le protocole avec un laboratoire agr\u00e9\u00e9 pour le contr\u00f4le de la qualit\u00e9 de l\u2019eau fourni par l\u2019Agence nationale pour la s\u00e9curit\u00e9 sanitaire de l\u2019environnement, de l\u2019alimentation, du travail et des produits de sant\u00e9, ex Laboratoire national de sant\u00e9 publique.<\/p><p>Il est enfin exig\u00e9, l\u2019hygi\u00e8ne de l\u2019unit\u00e9, un nettoyage r\u00e9gulier\u00a0; le port de mat\u00e9riel de protection individuelle et la tenue des carnets de sant\u00e9 individuelle.<\/p><p><strong>Quelles sont les difficult\u00e9s que vous rencontrez\u00a0?<\/strong><\/p><p>Au titre de nos difficult\u00e9s, nous pouvons relever le manque de centre d\u2019enfouissement technique op\u00e9rationnel (il en existe pour les d\u00e9chets m\u00e9nagers mais non fonctionnels et rien pour les d\u00e9chets industriels) pour le traitement collectif des d\u00e9chets\u00a0; le refus des boues de vidange issues de certaines industries notamment des huileries au centre de traitement des boues de vidange car le syst\u00e8me de traitement ne permet pas de les prendre en compte. Nous rencontrons comme difficult\u00e9s aussi la non d\u00e9limitation de la bande de servitude de certaines retenues et cours d\u2019eau et l\u2019insuffisance de moyens financiers et mat\u00e9riels pour les diff\u00e9rents contr\u00f4les.<\/p><dl class=\"spip_document_156215 spip_documents spip_documents_center\"><dt><img loading=\"lazy\" decoding=\"async\" src=\"https:\/\/lefaso.net\/local\/cache-vignettes\/L600xH435\/ab4_5_-4-ab57d.jpg?1694689403\" alt=\"\" width=\"600\" height=\"435\" \/><\/dt><dd class=\"spip_doc_descriptif\"><i>Contr\u00f4le de Poste d\u2019eau autonome<\/i><\/dd><\/dl><p><strong>Quel bilan faites-vous de ces diff\u00e9rentes sorties\u00a0?<\/strong><\/p><p>A nos jours, la police de l\u2019eau des Hauts-Bassins a \u00e0 son actif entre autre environ 5 000 ha de bande de servitude lib\u00e9r\u00e9es et contr\u00f4l\u00e9es r\u00e9guli\u00e8rement sur 8 barrages et 4 cours d\u2019eau depuis 2015. Cela permet de minimiser l\u2019envasement des barrages et cours d\u2019eau et aussi \u00e9viter le ph\u00e9nom\u00e8ne d\u2019eutrophisation caus\u00e9 par l\u2019enrichissement de l\u2019eau en mati\u00e8re organique et d\u2019\u00e9l\u00e9ments nutritifs qui a pour cons\u00e9quence la prolif\u00e9ration des plantes aquatiques entra\u00eenant le risque accru de mortalit\u00e9 chez certains organismes aquatiques.<\/p><p>Deux cent deux unit\u00e9s de production d\u2019eau de boisson pr\u00e9emball\u00e9e destin\u00e9e \u00e0 \u00eatre utilis\u00e9e comme eau de boisson contr\u00f4l\u00e9es depuis 2018 dont 31 en r\u00e8gle, 108 ferm\u00e9s avec payement d\u2019amende (23 050 000 FCFA), traduction en justice (quatre) ou confiscation de mat\u00e9riels de production et 63 en arr\u00eat de production ou en cours de formalisation.<\/p><dl class=\"spip_document_156216 spip_documents spip_documents_center\"><dt><img loading=\"lazy\" decoding=\"async\" src=\"https:\/\/lefaso.net\/local\/cache-vignettes\/L600xH431\/ab5_3_-4-af7c2.jpg?1694689403\" alt=\"\" width=\"600\" height=\"431\" \/><\/dt><dd class=\"spip_doc_descriptif\"><i>Contr\u00f4le d\u2019unit\u00e9 de production d\u2019eau pr\u00e9emball\u00e9e<\/i><\/dd><\/dl><p>Cent trente-huit structures pr\u00e9sentant des risques de pollution de la ressource en eau contr\u00f4l\u00e9es (structures priv\u00e9es et publiques) depuis 2016 dont 21 amend\u00e9es\u00a0; 232 postes d\u2019eau autonomes contr\u00f4l\u00e9s depuis 2020\u00a0; mise en place du Comit\u00e9 des usagers de l\u2019eau du barrage de Dieri en 2022.<\/p><p><strong>Quelles sont les sanctions r\u00e9serv\u00e9es \u00e0 ceux qui ne respectent pas la r\u00e8glementation\u00a0?<\/strong><\/p><p>Il est pr\u00e9vu comme sanctions, la suspension temporelle ou permanente de l\u2019activit\u00e9\u00a0; le retrait de l\u2019autorisation, la confiscation du mat\u00e9riel de production, la contravention (amende inf\u00e9rieure \u00e0 50 000 FCFA), la sanction p\u00e9nale\u2026<\/p><p><strong>Pourquoi est-il si important d\u2019avoir une police de l\u2019eau dans un pays comme le Burkina\u00a0?<\/strong><\/p><p>L\u2019eau constitue un facteur incontournable pour le d\u00e9veloppement socio-\u00e9conomique du Burkina Faso\u00a0; pays agricole et sah\u00e9lien. Elle est non seulement cruciale, mais elle met aussi en jeu de nombreux acteurs dont les besoins et les int\u00e9r\u00eats sont divers, multiformes et concurrentiels, voire antagonistes au regard de ses multiples usages (domestiques, agricoles, industriels, miniers, p\u00eache, etc.\u2026) d\u2019o\u00f9 la n\u00e9cessit\u00e9 d\u2019une gestion parcimonieuse. Pour assurer cette fonction, il faut disposer d\u2019un m\u00e9canisme ou syst\u00e8me qui permet le contr\u00f4le et la protection de cette ressource, de m\u00eame que pour les activit\u00e9s la concernant. M\u00eame s\u2019il est vrai qu\u2019une l\u00e9gislation sp\u00e9cifique en mati\u00e8re d\u2019eau existe, il est aussi juste de signaler la n\u00e9cessit\u00e9 d\u2019une structure traitant uniquement de sa protection.<\/p><dl class=\"spip_document_156217 spip_documents spip_documents_center\"><dt><img loading=\"lazy\" decoding=\"async\" src=\"https:\/\/lefaso.net\/local\/cache-vignettes\/L600xH450\/ab6_1_-7-4459e.jpg?1694689403\" alt=\"\" width=\"600\" height=\"450\" \/><\/dt><dd class=\"spip_doc_descriptif\"><i>Contr\u00f4le de bande de servitude des cours et retenues d\u2019eau<\/i><\/dd><\/dl><p>En plus, malgr\u00e9 l\u2019existence de nombreux textes, on note un manque de dispositifs r\u00e9glementaires et proc\u00e9duriers \u00e0 m\u00eame d\u2019assurer concr\u00e8tement sur le terrain la r\u00e9gulation et la protection des ressources en eau, des usagers et des \u00e9cosyst\u00e8mes aquatiques. Ce qui a pour cons\u00e9quences, les pr\u00e9l\u00e8vements anarchiques d\u2019eau, les rejets anarchiques de polluants, la modification du r\u00e9gime de l\u2019eau et la r\u00e9alisation d\u2019ouvrages sans respect des normes y relatives.<\/p><p>Il faut dire aussi que les troubles que l\u2019on constate dans le secteur de l\u2019eau sont dus \u00e0 la non application des textes et au manque de coordination pour l\u2019application des dispositions l\u00e9gislatives et r\u00e9glementaires sur l\u2019eau.<\/p><p><strong>Qu\u2019est-ce la police de l\u2019eau change dans le quotidien des Burkinab\u00e8\u00a0?<\/strong><\/p><p>La police de l\u2019eau veille \u00e0 la qualit\u00e9 des eaux que nous consommons. Elle prot\u00e8ge, conserve et am\u00e9liore le cadre de vie en contr\u00f4lant les rejets polluants surtout industriels\u00a0; elle prot\u00e8ge nos cours et retenues d\u2019eau de la pollution et de l\u2019envasement\u2026<\/p><p><strong>Pouvez-vous citer une ou quelques missions de la police de l\u2019eau qui ont un fort impact dans la vie des Burkinab\u00e8 alors que ceux-ci ne s\u2019en rendent pas compte\u00a0?<\/strong><\/p><p>Nous pouvons citer le contr\u00f4le de la qualit\u00e9 des eaux de consommation. Cependant, l\u2019ensemble des missions visent \u00e0 prot\u00e9ger tout ce qui est atteinte \u00e0 l\u2019int\u00e9grit\u00e9 de la ressource en eau donc par cons\u00e9quent, ce sont des activit\u00e9s qui prot\u00e8gent la sant\u00e9 des Burkinab\u00e9s, qui assainissent leurs cadres de vie et surtout pr\u00e9servent la ressource en eau pour les g\u00e9n\u00e9rations futures.<\/p><p><strong>Quels conseils avez-vous pour les consommateurs\u00a0?<\/strong><\/p><p>Le conseil, c\u2019est de s\u2019assurer de la qualit\u00e9 de l\u2019eau qu\u2019ils payent en consultant par exemple la liste des unit\u00e9s suivies par le ANSSEAT (ex-Laboratoire national de sant\u00e9 publique) publi\u00e9 r\u00e9guli\u00e8rement ou se renseigner aupr\u00e8s des directions r\u00e9gionales en charge de l\u2019eau, mais aussi de d\u00e9noncer toute unit\u00e9 suspecte pour des fins de contr\u00f4les.<\/p><p><strong>Entretien r\u00e9alis\u00e9 par Haoua Tour\u00e9<br class=\"autobr\" \/>Lefaso.net<\/strong><\/p>\t\t\t\t\t\t\t\t<\/div>\n\t\t\t\t<\/div>\n\t\t\t\t\t<\/div>\n\t\t<\/div>\n\t\t\t\t\t<\/div>\n\t\t<\/section>\n\t\t\t\t<\/div>\n\t\t","protected":false},"excerpt":{"rendered":"<p>Burkina\/Police de l\u2019eau : \u00ab Elle veille \u00e0 la qualit\u00e9 des eaux que nous consommons, prot\u00e8ge, conserve et am\u00e9liore le cadre de vie\u2026 \u00bb, Somouaoga Florentin Garba Si tout le monde conna\u00eet le r\u00f4le r\u00e9galien de la police qui est d\u2019assurer le maintien de l\u2019ordre public et la r\u00e9pression des infractions, que savons-nous de cette [&hellip;]<\/p>\n","protected":false},"author":2,"featured_media":0,"parent":0,"menu_order":0,"comment_status":"closed","ping_status":"closed","template":"","meta":{"site-sidebar-layout":"no-sidebar","site-content-layout":"page-builder","ast-site-content-layout":"default","site-content-style":"default","site-sidebar-style":"default","ast-global-header-display":"","ast-banner-title-visibility":"","ast-main-header-display":"","ast-hfb-above-header-display":"","ast-hfb-below-header-display":"","ast-hfb-mobile-header-display":"","site-post-title":"disabled","ast-breadcrumbs-content":"","ast-featured-img":"disabled","footer-sml-layout":"","theme-transparent-header-meta":"","adv-header-id-meta":"","stick-header-meta":"","header-above-stick-meta":"","header-main-stick-meta":"","header-below-stick-meta":"","astra-migrate-meta-layouts":"default","ast-page-background-enabled":"default","ast-page-background-meta":{"desktop":{"background-color":"","background-image":"","background-repeat":"repeat","background-position":"center center","background-size":"auto","background-attachment":"scroll","background-type":"","background-media":"","overlay-type":"","overlay-color":"","overlay-opacity":"","overlay-gradient":""},"tablet":{"background-color":"","background-image":"","background-repeat":"repeat","background-position":"center center","background-size":"auto","background-attachment":"scroll","background-type":"","background-media":"","overlay-type":"","overlay-color":"","overlay-opacity":"","overlay-gradient":""},"mobile":{"background-color":"","background-image":"","background-repeat":"repeat","background-position":"center center","background-size":"auto","background-attachment":"scroll","background-type":"","background-media":"","overlay-type":"","overlay-color":"","overlay-opacity":"","overlay-gradient":""}},"ast-content-background-meta":{"desktop":{"background-color":"var(--ast-global-color-5)","background-image":"","background-repeat":"repeat","background-position":"center center","background-size":"auto","background-attachment":"scroll","background-type":"","background-media":"","overlay-type":"","overlay-color":"","overlay-opacity":"","overlay-gradient":""},"tablet":{"background-color":"var(--ast-global-color-5)","background-image":"","background-repeat":"repeat","background-position":"center center","background-size":"auto","background-attachment":"scroll","background-type":"","background-media":"","overlay-type":"","overlay-color":"","overlay-opacity":"","overlay-gradient":""},"mobile":{"background-color":"var(--ast-global-color-5)","background-image":"","background-repeat":"repeat","background-position":"center center","background-size":"auto","background-attachment":"scroll","background-type":"","background-media":"","overlay-type":"","overlay-color":"","overlay-opacity":"","overlay-gradient":""}},"footnotes":""},"class_list":["post-3677","page","type-page","status-publish","hentry"],"jetpack_sharing_enabled":true,"rttpg_featured_image_url":null,"rttpg_author":{"display_name":"Hascor Burkina","author_link":"https:\/\/blog.hascorburkina.com\/index.php\/author\/hascorblog\/"},"rttpg_comment":0,"rttpg_category":null,"rttpg_excerpt":"Burkina\/Police de l\u2019eau : \u00ab Elle veille \u00e0 la qualit\u00e9 des eaux que nous consommons, prot\u00e8ge, conserve et am\u00e9liore le cadre de vie\u2026 \u00bb, Somouaoga Florentin Garba Si tout le monde conna\u00eet le r\u00f4le r\u00e9galien de la police qui est d\u2019assurer le maintien de l\u2019ordre public et la r\u00e9pression des infractions, que savons-nous de cette\u2026","_links":{"self":[{"href":"https:\/\/blog.hascorburkina.com\/index.php\/wp-json\/wp\/v2\/pages\/3677","targetHints":{"allow":["GET"]}}],"collection":[{"href":"https:\/\/blog.hascorburkina.com\/index.php\/wp-json\/wp\/v2\/pages"}],"about":[{"href":"https:\/\/blog.hascorburkina.com\/index.php\/wp-json\/wp\/v2\/types\/page"}],"author":[{"embeddable":true,"href":"https:\/\/blog.hascorburkina.com\/index.php\/wp-json\/wp\/v2\/users\/2"}],"replies":[{"embeddable":true,"href":"https:\/\/blog.hascorburkina.com\/index.php\/wp-json\/wp\/v2\/comments?post=3677"}],"version-history":[{"count":4,"href":"https:\/\/blog.hascorburkina.com\/index.php\/wp-json\/wp\/v2\/pages\/3677\/revisions"}],"predecessor-version":[{"id":3682,"href":"https:\/\/blog.hascorburkina.com\/index.php\/wp-json\/wp\/v2\/pages\/3677\/revisions\/3682"}],"wp:attachment":[{"href":"https:\/\/blog.hascorburkina.com\/index.php\/wp-json\/wp\/v2\/media?parent=3677"}],"curies":[{"name":"wp","href":"https:\/\/api.w.org\/{rel}","templated":true}]}}