{"id":3613,"date":"2023-09-06T10:23:34","date_gmt":"2023-09-06T10:23:34","guid":{"rendered":"https:\/\/blog.hascorburkina.com\/?page_id=3613"},"modified":"2023-09-06T10:33:55","modified_gmt":"2023-09-06T10:33:55","slug":"actualite-42","status":"publish","type":"page","link":"https:\/\/blog.hascorburkina.com\/index.php\/actualite-42\/","title":{"rendered":"actualit\u00e9"},"content":{"rendered":"\t\t<div data-elementor-type=\"wp-page\" data-elementor-id=\"3613\" class=\"elementor elementor-3613\">\n\t\t\t\t\t\t<section class=\"elementor-section elementor-top-section elementor-element elementor-element-03ef4aa elementor-section-boxed elementor-section-height-default elementor-section-height-default\" data-id=\"03ef4aa\" data-element_type=\"section\" data-e-type=\"section\">\n\t\t\t\t\t\t<div class=\"elementor-container elementor-column-gap-default\">\n\t\t\t\t\t<div class=\"elementor-column elementor-col-100 elementor-top-column elementor-element elementor-element-2efb05c\" data-id=\"2efb05c\" data-element_type=\"column\" data-e-type=\"column\">\n\t\t\t<div class=\"elementor-widget-wrap elementor-element-populated\">\n\t\t\t\t\t\t<div class=\"elementor-element elementor-element-f9ceb3a elementor-widget elementor-widget-heading\" data-id=\"f9ceb3a\" data-element_type=\"widget\" data-e-type=\"widget\" data-widget_type=\"heading.default\">\n\t\t\t\t<div class=\"elementor-widget-container\">\n\t\t\t\t\t<h2 class=\"elementor-heading-title elementor-size-default\"><h1 class=\"entry-title\" style=\"margin-top: 20px;margin-bottom: 10px;font-style: normal;font-weight: 500;font-size: 36px;line-height: 1.1;, Helvetica, Arial, sans-serif;display: block;text-transform: none\">Coop\u00e9ration bilat\u00e9rale : l\u2019Italie r\u00e9it\u00e8re son appui au Burkina Faso<\/h2>\t\t\t\t<\/div>\n\t\t\t\t<\/div>\n\t\t\t\t\t<\/div>\n\t\t<\/div>\n\t\t\t\t\t<\/div>\n\t\t<\/section>\n\t\t\t\t<section class=\"elementor-section elementor-top-section elementor-element elementor-element-9860f56 elementor-section-content-middle elementor-section-boxed elementor-section-height-default elementor-section-height-default\" data-id=\"9860f56\" data-element_type=\"section\" data-e-type=\"section\" data-settings=\"{&quot;background_background&quot;:&quot;classic&quot;}\">\n\t\t\t\t\t\t\t<div class=\"elementor-background-overlay\"><\/div>\n\t\t\t\t\t\t\t<div class=\"elementor-container elementor-column-gap-no\">\n\t\t\t\t\t<div class=\"elementor-column elementor-col-50 elementor-top-column elementor-element elementor-element-797f81d\" data-id=\"797f81d\" data-element_type=\"column\" data-e-type=\"column\">\n\t\t\t<div class=\"elementor-widget-wrap elementor-element-populated\">\n\t\t\t\t\t\t<div class=\"elementor-element elementor-element-fe47b23 elementor-widget elementor-widget-image\" data-id=\"fe47b23\" data-element_type=\"widget\" data-e-type=\"widget\" data-widget_type=\"image.default\">\n\t\t\t\t<div class=\"elementor-widget-container\">\n\t\t\t\t\t\t\t\t\t\t\t\t\t\t\t<img fetchpriority=\"high\" decoding=\"async\" width=\"620\" height=\"357\" src=\"https:\/\/blog.hascorburkina.com\/wp-content\/uploads\/2023\/09\/aq.webp\" class=\"attachment-full size-full wp-image-3612\" alt=\"\" srcset=\"https:\/\/blog.hascorburkina.com\/wp-content\/uploads\/2023\/09\/aq.webp 620w, https:\/\/blog.hascorburkina.com\/wp-content\/uploads\/2023\/09\/aq-600x345.webp 600w, https:\/\/blog.hascorburkina.com\/wp-content\/uploads\/2023\/09\/aq-300x173.webp 300w\" sizes=\"(max-width: 620px) 100vw, 620px\" \/>\t\t\t\t\t\t\t\t\t\t\t\t\t\t\t<\/div>\n\t\t\t\t<\/div>\n\t\t\t\t\t<\/div>\n\t\t<\/div>\n\t\t\t\t<div class=\"elementor-column elementor-col-50 elementor-top-column elementor-element elementor-element-61a0abc\" data-id=\"61a0abc\" data-element_type=\"column\" data-e-type=\"column\">\n\t\t\t<div class=\"elementor-widget-wrap elementor-element-populated\">\n\t\t\t\t\t\t<div class=\"elementor-element elementor-element-e95be8e elementor-widget elementor-widget-text-editor\" data-id=\"e95be8e\" data-element_type=\"widget\" data-e-type=\"widget\" data-widget_type=\"text-editor.default\">\n\t\t\t\t<div class=\"elementor-widget-container\">\n\t\t\t\t\t\t\t\t\t<p><strong>Le Premier ministre, Dr Apollinaire Joachimson de Tambela, a re\u00e7u en audience, l\u2019ambassadeur d\u2019Italie au Burkina Faso, Andr\u00e9as Romussi. En fin de mission, le diplomate est all\u00e9 faire le point des liens de coop\u00e9ration entre son pays et celui des Hommes Int\u00e8gres.<\/strong><\/p><p>L\u2019ambassadeur de l\u2019Italie au Burkina Faso, Andr\u00e9as Romussi est en fin de mission. Il est all\u00e9 dire au revoir au Chef du Gouvernement burkinab\u00e8, Dr Apollinaire Joachimson de Tambela, au cours d\u2019une audience, dans la soir\u00e9e du lundi 4 septembre 2023, \u00e0 Ouagadougou.<\/p><p>A cette rencontre, les deux personnalit\u00e9s ont pass\u00e9 en revue les liens de coop\u00e9ration entre les deux pays, vielle, selon le diplomate italien, de 70 ans. \u00ab Notre relation avec le Burkina Faso a commenc\u00e9 avec les peuples et la soci\u00e9t\u00e9 civile, il y a 70 ans \u00bb, a fait savoir Andreas Romussi.<\/p>\t\t\t\t\t\t\t\t<\/div>\n\t\t\t\t<\/div>\n\t\t\t\t\t<\/div>\n\t\t<\/div>\n\t\t\t\t\t<\/div>\n\t\t<\/section>\n\t\t\t\t<section class=\"elementor-section elementor-top-section elementor-element elementor-element-cf9e9e9 elementor-section-boxed elementor-section-height-default elementor-section-height-default\" data-id=\"cf9e9e9\" data-element_type=\"section\" data-e-type=\"section\">\n\t\t\t\t\t\t<div class=\"elementor-container elementor-column-gap-default\">\n\t\t\t\t\t<div class=\"elementor-column elementor-col-100 elementor-top-column elementor-element elementor-element-b7dc573\" data-id=\"b7dc573\" data-element_type=\"column\" data-e-type=\"column\">\n\t\t\t<div class=\"elementor-widget-wrap elementor-element-populated\">\n\t\t\t\t\t\t<div class=\"elementor-element elementor-element-15a706a elementor-widget elementor-widget-text-editor\" data-id=\"15a706a\" data-element_type=\"widget\" data-e-type=\"widget\" data-widget_type=\"text-editor.default\">\n\t\t\t\t<div class=\"elementor-widget-container\">\n\t\t\t\t\t\t\t\t\t<p>L\u2019ambassade d\u2019Italie au Burkina Faso, a-t-il ajout\u00e9, a \u00e9t\u00e9 install\u00e9e depuis 2019, toute chose qui a renforc\u00e9 les liens d\u2019amiti\u00e9. Dans un contexte de d\u00e9fis \u00e9normes \u00e0 relever, l\u2019ambassadeur a exprim\u00e9 le soutien de son pays au gouvernement du Burkina Faso dans ses efforts pour venir \u00e0 bout de l\u2019hydre terroriste qui, selon lui, constitue un facteur de d\u00e9stabilisation du reste de la sous r\u00e9gion.<\/p><p>\u00ab J\u2019ai exprim\u00e9 la position de l\u2019Italie vis-\u00e0-vis de la situation du Niger. L\u2019Italie souhaite une solution n\u00e9goci\u00e9e, diplomatique. Nous nous alignons avec les acteurs qui veulent promouvoir le dialogue \u00bb, a affirm\u00e9 Andreas Romussi.<\/p><p>Sur les axes de coop\u00e9ration entre le Burkina et l\u2019Italie, il a cit\u00e9 le domaine de la sant\u00e9 avec l\u2019appui \u00e0 l\u2019h\u00f4pital Saint Camille de Ouagadougou, la promotion des Petites et moyennes et entreprises, de l\u2019emploi, de l\u2019agriculture, etc. \u00ab Le bilan est positif et c\u2019est un travail en devenir \u00bb, a-t-il conclu.<\/p>\t\t\t\t\t\t\t\t<\/div>\n\t\t\t\t<\/div>\n\t\t\t\t\t<\/div>\n\t\t<\/div>\n\t\t\t\t\t<\/div>\n\t\t<\/section>\n\t\t\t\t<\/div>\n\t\t","protected":false},"excerpt":{"rendered":"<p>Coop\u00e9ration bilat\u00e9rale : l\u2019Italie r\u00e9it\u00e8re son appui au Burkina Faso Le Premier ministre, Dr Apollinaire Joachimson de Tambela, a re\u00e7u en audience, l\u2019ambassadeur d\u2019Italie au Burkina Faso, Andr\u00e9as Romussi. En fin de mission, le diplomate est all\u00e9 faire le point des liens de coop\u00e9ration entre son pays et celui des Hommes Int\u00e8gres. L\u2019ambassadeur de l\u2019Italie [&hellip;]<\/p>\n","protected":false},"author":2,"featured_media":0,"parent":0,"menu_order":0,"comment_status":"closed","ping_status":"closed","template":"","meta":{"site-sidebar-layout":"no-sidebar","site-content-layout":"page-builder","ast-site-content-layout":"default","site-content-style":"default","site-sidebar-style":"default","ast-global-header-display":"","ast-banner-title-visibility":"","ast-main-header-display":"","ast-hfb-above-header-display":"","ast-hfb-below-header-display":"","ast-hfb-mobile-header-display":"","site-post-title":"disabled","ast-breadcrumbs-content":"","ast-featured-img":"disabled","footer-sml-layout":"","theme-transparent-header-meta":"","adv-header-id-meta":"","stick-header-meta":"","header-above-stick-meta":"","header-main-stick-meta":"","header-below-stick-meta":"","astra-migrate-meta-layouts":"default","ast-page-background-enabled":"default","ast-page-background-meta":{"desktop":{"background-color":"","background-image":"","background-repeat":"repeat","background-position":"center center","background-size":"auto","background-attachment":"scroll","background-type":"","background-media":"","overlay-type":"","overlay-color":"","overlay-opacity":"","overlay-gradient":""},"tablet":{"background-color":"","background-image":"","background-repeat":"repeat","background-position":"center center","background-size":"auto","background-attachment":"scroll","background-type":"","background-media":"","overlay-type":"","overlay-color":"","overlay-opacity":"","overlay-gradient":""},"mobile":{"background-color":"","background-image":"","background-repeat":"repeat","background-position":"center center","background-size":"auto","background-attachment":"scroll","background-type":"","background-media":"","overlay-type":"","overlay-color":"","overlay-opacity":"","overlay-gradient":""}},"ast-content-background-meta":{"desktop":{"background-color":"var(--ast-global-color-5)","background-image":"","background-repeat":"repeat","background-position":"center center","background-size":"auto","background-attachment":"scroll","background-type":"","background-media":"","overlay-type":"","overlay-color":"","overlay-opacity":"","overlay-gradient":""},"tablet":{"background-color":"var(--ast-global-color-5)","background-image":"","background-repeat":"repeat","background-position":"center center","background-size":"auto","background-attachment":"scroll","background-type":"","background-media":"","overlay-type":"","overlay-color":"","overlay-opacity":"","overlay-gradient":""},"mobile":{"background-color":"var(--ast-global-color-5)","background-image":"","background-repeat":"repeat","background-position":"center center","background-size":"auto","background-attachment":"scroll","background-type":"","background-media":"","overlay-type":"","overlay-color":"","overlay-opacity":"","overlay-gradient":""}},"footnotes":""},"class_list":["post-3613","page","type-page","status-publish","hentry"],"jetpack_sharing_enabled":true,"rttpg_featured_image_url":null,"rttpg_author":{"display_name":"Hascor Burkina","author_link":"https:\/\/blog.hascorburkina.com\/index.php\/author\/hascorblog\/"},"rttpg_comment":0,"rttpg_category":null,"rttpg_excerpt":"Coop\u00e9ration bilat\u00e9rale : l\u2019Italie r\u00e9it\u00e8re son appui au Burkina Faso Le Premier ministre, Dr Apollinaire Joachimson de Tambela, a re\u00e7u en audience, l\u2019ambassadeur d\u2019Italie au Burkina Faso, Andr\u00e9as Romussi. En fin de mission, le diplomate est all\u00e9 faire le point des liens de coop\u00e9ration entre son pays et celui des Hommes Int\u00e8gres. L\u2019ambassadeur de l\u2019Italie\u2026","_links":{"self":[{"href":"https:\/\/blog.hascorburkina.com\/index.php\/wp-json\/wp\/v2\/pages\/3613","targetHints":{"allow":["GET"]}}],"collection":[{"href":"https:\/\/blog.hascorburkina.com\/index.php\/wp-json\/wp\/v2\/pages"}],"about":[{"href":"https:\/\/blog.hascorburkina.com\/index.php\/wp-json\/wp\/v2\/types\/page"}],"author":[{"embeddable":true,"href":"https:\/\/blog.hascorburkina.com\/index.php\/wp-json\/wp\/v2\/users\/2"}],"replies":[{"embeddable":true,"href":"https:\/\/blog.hascorburkina.com\/index.php\/wp-json\/wp\/v2\/comments?post=3613"}],"version-history":[{"count":4,"href":"https:\/\/blog.hascorburkina.com\/index.php\/wp-json\/wp\/v2\/pages\/3613\/revisions"}],"predecessor-version":[{"id":3618,"href":"https:\/\/blog.hascorburkina.com\/index.php\/wp-json\/wp\/v2\/pages\/3613\/revisions\/3618"}],"wp:attachment":[{"href":"https:\/\/blog.hascorburkina.com\/index.php\/wp-json\/wp\/v2\/media?parent=3613"}],"curies":[{"name":"wp","href":"https:\/\/api.w.org\/{rel}","templated":true}]}}