{"id":3547,"date":"2023-08-28T12:22:32","date_gmt":"2023-08-28T12:22:32","guid":{"rendered":"https:\/\/blog.hascorburkina.com\/?page_id=3547"},"modified":"2023-08-28T12:26:31","modified_gmt":"2023-08-28T12:26:31","slug":"actualite-36","status":"publish","type":"page","link":"https:\/\/blog.hascorburkina.com\/index.php\/actualite-36\/","title":{"rendered":"actualit\u00e9"},"content":{"rendered":"\t\t<div data-elementor-type=\"wp-page\" data-elementor-id=\"3547\" class=\"elementor elementor-3547\">\n\t\t\t\t\t\t<section class=\"elementor-section elementor-top-section elementor-element elementor-element-6fea2be elementor-section-boxed elementor-section-height-default elementor-section-height-default\" data-id=\"6fea2be\" data-element_type=\"section\" data-e-type=\"section\">\n\t\t\t\t\t\t<div class=\"elementor-container elementor-column-gap-default\">\n\t\t\t\t\t<div class=\"elementor-column elementor-col-100 elementor-top-column elementor-element elementor-element-6118945\" data-id=\"6118945\" data-element_type=\"column\" data-e-type=\"column\">\n\t\t\t<div class=\"elementor-widget-wrap elementor-element-populated\">\n\t\t\t\t\t\t<div class=\"elementor-element elementor-element-7e4454e elementor-widget elementor-widget-heading\" data-id=\"7e4454e\" data-element_type=\"widget\" data-e-type=\"widget\" data-widget_type=\"heading.default\">\n\t\t\t\t<div class=\"elementor-widget-container\">\n\t\t\t\t\t<h2 class=\"elementor-heading-title elementor-size-default\"><h1 class=\"entry-title\" style=\"margin-top: 20px;margin-bottom: 10px;font-style: normal;font-weight: 500;font-size: 36px;line-height: 1.1;, Helvetica, Arial, sans-serif;display: block;text-transform: none\">\u00c9lections au Gabon : Couvre-feu instaur\u00e9, internet coup\u00e9..., c\u2019est la veill\u00e9e d\u2019armes !<\/h2>\t\t\t\t<\/div>\n\t\t\t\t<\/div>\n\t\t\t\t\t<\/div>\n\t\t<\/div>\n\t\t\t\t\t<\/div>\n\t\t<\/section>\n\t\t\t\t<section class=\"elementor-section elementor-top-section elementor-element elementor-element-60e3677 elementor-section-content-middle elementor-section-boxed elementor-section-height-default elementor-section-height-default\" data-id=\"60e3677\" data-element_type=\"section\" data-e-type=\"section\" data-settings=\"{&quot;background_background&quot;:&quot;classic&quot;}\">\n\t\t\t\t\t\t\t<div class=\"elementor-background-overlay\"><\/div>\n\t\t\t\t\t\t\t<div class=\"elementor-container elementor-column-gap-no\">\n\t\t\t\t\t<div class=\"elementor-column elementor-col-50 elementor-top-column elementor-element elementor-element-ebb8145\" data-id=\"ebb8145\" data-element_type=\"column\" data-e-type=\"column\">\n\t\t\t<div class=\"elementor-widget-wrap elementor-element-populated\">\n\t\t\t\t\t\t<div class=\"elementor-element elementor-element-ed9e14c elementor-widget elementor-widget-image\" data-id=\"ed9e14c\" data-element_type=\"widget\" data-e-type=\"widget\" data-widget_type=\"image.default\">\n\t\t\t\t<div class=\"elementor-widget-container\">\n\t\t\t\t\t\t\t\t\t\t\t\t\t\t\t<img fetchpriority=\"high\" decoding=\"async\" width=\"640\" height=\"360\" src=\"https:\/\/blog.hascorburkina.com\/wp-content\/uploads\/2023\/08\/arton123868.jpg\" class=\"attachment-full size-full wp-image-3546\" alt=\"\" srcset=\"https:\/\/blog.hascorburkina.com\/wp-content\/uploads\/2023\/08\/arton123868.jpg 640w, https:\/\/blog.hascorburkina.com\/wp-content\/uploads\/2023\/08\/arton123868-600x338.jpg 600w, https:\/\/blog.hascorburkina.com\/wp-content\/uploads\/2023\/08\/arton123868-300x169.jpg 300w\" sizes=\"(max-width: 640px) 100vw, 640px\" \/>\t\t\t\t\t\t\t\t\t\t\t\t\t\t\t<\/div>\n\t\t\t\t<\/div>\n\t\t\t\t\t<\/div>\n\t\t<\/div>\n\t\t\t\t<div class=\"elementor-column elementor-col-50 elementor-top-column elementor-element elementor-element-deea67b\" data-id=\"deea67b\" data-element_type=\"column\" data-e-type=\"column\">\n\t\t\t<div class=\"elementor-widget-wrap elementor-element-populated\">\n\t\t\t\t\t\t<div class=\"elementor-element elementor-element-3c82dc1 elementor-widget elementor-widget-text-editor\" data-id=\"3c82dc1\" data-element_type=\"widget\" data-e-type=\"widget\" data-widget_type=\"text-editor.default\">\n\t\t\t\t<div class=\"elementor-widget-container\">\n\t\t\t\t\t\t\t\t\t<p><strong><a href=\"https:\/\/lefaso.net\/spip.php?article123858\">La journ\u00e9e de triple scrutins au Gabon, samedi 26 ao\u00fbt 2023<\/a>\u00a0, a \u00e9t\u00e9 \u00ab\u00a0couronn\u00e9e\u00a0\u00bb par la coupure d\u2019internet et l\u2019instauration d\u2019un couvre-feu, apr\u00e8s \u00ab\u00a0les menaces prof\u00e9r\u00e9es\u00a0\u00bb par le principal candidat de l\u2019opposition radicale \u00e0 la pr\u00e9sidentielle. Un climat politique qui laisse planer le spectre d\u2019un remake de 2016 &#8230;<\/strong><\/p><div class=\"article_content\"><p>\u00ab\u00a0Le gouvernement a pris la d\u00e9cision de suspendre l\u2019acc\u00e8s \u00e0 Internet sur toute l\u2019\u00e9tendue du territoire \u00e0 compter de ce jour, et ce, jusqu\u2019\u00e0 nouvel ordre. (\u2026). Un couvre-feu sur l\u2019ensemble du territoire est d\u00e9cr\u00e9t\u00e9 et sera appliqu\u00e9 d\u00e8s ce dimanche 27 ao\u00fbt, et ce, jusqu\u2019\u00e0 nouvel ordre. Il sera en vigueur tous les jours \u00e0 partir de 19h jusqu\u2019\u00e0 6h\u00a0\u00bb, a, selon des confr\u00e8res gabonais, d\u00e9clar\u00e9 le ministre de la Communication sur la cha\u00eene de t\u00e9l\u00e9vision publique Gabon 1\u00e8re.<\/p><\/div>\t\t\t\t\t\t\t\t<\/div>\n\t\t\t\t<\/div>\n\t\t\t\t\t<\/div>\n\t\t<\/div>\n\t\t\t\t\t<\/div>\n\t\t<\/section>\n\t\t\t\t<section class=\"elementor-section elementor-top-section elementor-element elementor-element-47f0b39 elementor-section-boxed elementor-section-height-default elementor-section-height-default\" data-id=\"47f0b39\" data-element_type=\"section\" data-e-type=\"section\">\n\t\t\t\t\t\t<div class=\"elementor-container elementor-column-gap-default\">\n\t\t\t\t\t<div class=\"elementor-column elementor-col-100 elementor-top-column elementor-element elementor-element-083912e\" data-id=\"083912e\" data-element_type=\"column\" data-e-type=\"column\">\n\t\t\t<div class=\"elementor-widget-wrap elementor-element-populated\">\n\t\t\t\t\t\t<div class=\"elementor-element elementor-element-0799c84 elementor-widget elementor-widget-text-editor\" data-id=\"0799c84\" data-element_type=\"widget\" data-e-type=\"widget\" data-widget_type=\"text-editor.default\">\n\t\t\t\t<div class=\"elementor-widget-container\">\n\t\t\t\t\t\t\t\t\t<p>Le gouvernement d\u00e9plore que le candidat d\u2019Alternance 2023 (opposition radicale), Pr Albert Ondo Ossa, ait, d\u00e8s l\u2019apr\u00e8s-midi du samedi (jour du scrutin), et avant m\u00eame la fin du vote, revendiqu\u00e9 la victoire pour ensuite laisser entendre qu\u2019il pourrait y avoir des violences post-\u00e9lectorales dans le pays, s\u2019il n\u2019est pas d\u00e9clar\u00e9 vain<\/p><p>L\u2019atmosph\u00e8re m\u00eame de la tenue de ces trois scrutins semble d\u00e9j\u00e0 camper une issue de tous les doutes. En effet, contrairement aux fois pass\u00e9es, et selon des sources sur place au Gabon, le rendez-vous de ce samedi 26 ao\u00fbt 2023 n\u2019a admis aucun observateur international ni un journaliste \u00e9tranger. Le pouvoir de Ali Bongo, semble-t-il, n\u2019a pas dig\u00e9r\u00e9 la r\u00e9action des observateurs internationaux \u00e0 la pr\u00e9sidentielle pass\u00e9e, lorsqu\u2019ils ont dit que le scrutin a \u00e9t\u00e9 entach\u00e9 d\u2019irr\u00e9gularit\u00e9s. Ceci explique-t-il cela\u00a0? Visiblement\u00a0!<\/p><p>Et cette situation de scrutins tenus dans \u00ab\u00a0l\u2019opacit\u00e9\u00a0\u00bb est un ingr\u00e9dient suppl\u00e9mentaire dans la d\u00e9gradation du climat socio-politique et en faveur des tensions autour des r\u00e9sultats. Cet \u00e9l\u00e9ment n\u2019est d\u2019ailleurs pas un acte isol\u00e9, le syst\u00e8me \u00e9lectoral a \u00e9t\u00e9 cons\u00e9quemment modifi\u00e9 en faveur, faut-il l\u2019affirmer, du candidat sortant (<a href=\"https:\/\/lefaso.net\/spip.php?article120442\">mandat pr\u00e9sidentiel illimit\u00e9, scrutin \u00e0 un seul tour,)<\/a>.<\/p><p>Par cette suspension donc d\u2019acc\u00e8s \u00e0 internet et l\u2019instauration du couvre-feu, le gouvernement \u00e9voque des raisons de s\u00e9curit\u00e9, par notamment la pr\u00e9vention des d\u00e9bordements et d\u00e9rives sur les r\u00e9seaux sociaux, d\u2019o\u00f9 \u00ab\u00a0circulent les\u00a0fausses informations\u00a0et les appels \u00e0 la violence\u00a0qui peuvent avoir\u00a0des cons\u00e9quences dramatiques, voire irr\u00e9versibles pour le pays\u00a0\u00bb.<\/p><p>Depuis les jours pr\u00e9c\u00e9dents, le gouvernement d\u00e9nonce \u00ab\u00a0les machines \u00e0 fake-news (qui) commencent \u00e0 tourner \u00e0 plein r\u00e9gime\u00a0\u00bb.<\/p><p>Ce paysage actuel fait craindre un remake de la pr\u00e9sidentielle pr\u00e9c\u00e9dente, ao\u00fbt 2016, suite \u00e0 la remise en cause, par l\u2019opposition, du r\u00e9sultat du scrutin. On se souvient, pr\u00e9cis\u00e9ment, de la contestation du r\u00e9sultat par Jean Ping (48,23\u00a0% des voix), le rival du chef de l\u2019\u00c9tat Ali Bongo (49,80\u00a0% des voix) qui a entra\u00een\u00e9 des \u00e9chauffour\u00e9es et fait plusieurs morts. Cette tension qui est rest\u00e9e longtemps est, d\u2019une mani\u00e8re ou d\u2019une autre, pass\u00e9e par le coup d\u2019Etat avort\u00e9 de ce 7 janvier 2019.<\/p><p>Tout est r\u00e9uni donc pour justifier la crainte que des Gabonais et autres observateurs africains et internationaux expriment face \u00e0 ces \u00e9lections.<\/p><p>Les yeux et les oreilles sont donc riv\u00e9s et tendus vers Libreville.<\/p><p><strong>Oumar L. Ou\u00e9draogo<\/strong><\/p><p>queur.<\/p>\t\t\t\t\t\t\t\t<\/div>\n\t\t\t\t<\/div>\n\t\t\t\t\t<\/div>\n\t\t<\/div>\n\t\t\t\t\t<\/div>\n\t\t<\/section>\n\t\t\t\t<\/div>\n\t\t","protected":false},"excerpt":{"rendered":"<p>\u00c9lections au Gabon : Couvre-feu instaur\u00e9, internet coup\u00e9&#8230;, c\u2019est la veill\u00e9e d\u2019armes ! La journ\u00e9e de triple scrutins au Gabon, samedi 26 ao\u00fbt 2023\u00a0, a \u00e9t\u00e9 \u00ab\u00a0couronn\u00e9e\u00a0\u00bb par la coupure d\u2019internet et l\u2019instauration d\u2019un couvre-feu, apr\u00e8s \u00ab\u00a0les menaces prof\u00e9r\u00e9es\u00a0\u00bb par le principal candidat de l\u2019opposition radicale \u00e0 la pr\u00e9sidentielle. Un climat politique qui laisse planer [&hellip;]<\/p>\n","protected":false},"author":2,"featured_media":0,"parent":0,"menu_order":0,"comment_status":"closed","ping_status":"closed","template":"","meta":{"site-sidebar-layout":"no-sidebar","site-content-layout":"page-builder","ast-site-content-layout":"default","site-content-style":"default","site-sidebar-style":"default","ast-global-header-display":"","ast-banner-title-visibility":"","ast-main-header-display":"","ast-hfb-above-header-display":"","ast-hfb-below-header-display":"","ast-hfb-mobile-header-display":"","site-post-title":"disabled","ast-breadcrumbs-content":"","ast-featured-img":"disabled","footer-sml-layout":"","theme-transparent-header-meta":"","adv-header-id-meta":"","stick-header-meta":"","header-above-stick-meta":"","header-main-stick-meta":"","header-below-stick-meta":"","astra-migrate-meta-layouts":"default","ast-page-background-enabled":"default","ast-page-background-meta":{"desktop":{"background-color":"","background-image":"","background-repeat":"repeat","background-position":"center center","background-size":"auto","background-attachment":"scroll","background-type":"","background-media":"","overlay-type":"","overlay-color":"","overlay-opacity":"","overlay-gradient":""},"tablet":{"background-color":"","background-image":"","background-repeat":"repeat","background-position":"center center","background-size":"auto","background-attachment":"scroll","background-type":"","background-media":"","overlay-type":"","overlay-color":"","overlay-opacity":"","overlay-gradient":""},"mobile":{"background-color":"","background-image":"","background-repeat":"repeat","background-position":"center center","background-size":"auto","background-attachment":"scroll","background-type":"","background-media":"","overlay-type":"","overlay-color":"","overlay-opacity":"","overlay-gradient":""}},"ast-content-background-meta":{"desktop":{"background-color":"var(--ast-global-color-5)","background-image":"","background-repeat":"repeat","background-position":"center center","background-size":"auto","background-attachment":"scroll","background-type":"","background-media":"","overlay-type":"","overlay-color":"","overlay-opacity":"","overlay-gradient":""},"tablet":{"background-color":"var(--ast-global-color-5)","background-image":"","background-repeat":"repeat","background-position":"center center","background-size":"auto","background-attachment":"scroll","background-type":"","background-media":"","overlay-type":"","overlay-color":"","overlay-opacity":"","overlay-gradient":""},"mobile":{"background-color":"var(--ast-global-color-5)","background-image":"","background-repeat":"repeat","background-position":"center center","background-size":"auto","background-attachment":"scroll","background-type":"","background-media":"","overlay-type":"","overlay-color":"","overlay-opacity":"","overlay-gradient":""}},"footnotes":""},"class_list":["post-3547","page","type-page","status-publish","hentry"],"jetpack_sharing_enabled":true,"rttpg_featured_image_url":null,"rttpg_author":{"display_name":"Hascor Burkina","author_link":"https:\/\/blog.hascorburkina.com\/index.php\/author\/hascorblog\/"},"rttpg_comment":0,"rttpg_category":null,"rttpg_excerpt":"\u00c9lections au Gabon : Couvre-feu instaur\u00e9, internet coup\u00e9&#8230;, c\u2019est la veill\u00e9e d\u2019armes ! La journ\u00e9e de triple scrutins au Gabon, samedi 26 ao\u00fbt 2023\u00a0, a \u00e9t\u00e9 \u00ab\u00a0couronn\u00e9e\u00a0\u00bb par la coupure d\u2019internet et l\u2019instauration d\u2019un couvre-feu, apr\u00e8s \u00ab\u00a0les menaces prof\u00e9r\u00e9es\u00a0\u00bb par le principal candidat de l\u2019opposition radicale \u00e0 la pr\u00e9sidentielle. Un climat politique qui laisse planer\u2026","_links":{"self":[{"href":"https:\/\/blog.hascorburkina.com\/index.php\/wp-json\/wp\/v2\/pages\/3547","targetHints":{"allow":["GET"]}}],"collection":[{"href":"https:\/\/blog.hascorburkina.com\/index.php\/wp-json\/wp\/v2\/pages"}],"about":[{"href":"https:\/\/blog.hascorburkina.com\/index.php\/wp-json\/wp\/v2\/types\/page"}],"author":[{"embeddable":true,"href":"https:\/\/blog.hascorburkina.com\/index.php\/wp-json\/wp\/v2\/users\/2"}],"replies":[{"embeddable":true,"href":"https:\/\/blog.hascorburkina.com\/index.php\/wp-json\/wp\/v2\/comments?post=3547"}],"version-history":[{"count":4,"href":"https:\/\/blog.hascorburkina.com\/index.php\/wp-json\/wp\/v2\/pages\/3547\/revisions"}],"predecessor-version":[{"id":3553,"href":"https:\/\/blog.hascorburkina.com\/index.php\/wp-json\/wp\/v2\/pages\/3547\/revisions\/3553"}],"wp:attachment":[{"href":"https:\/\/blog.hascorburkina.com\/index.php\/wp-json\/wp\/v2\/media?parent=3547"}],"curies":[{"name":"wp","href":"https:\/\/api.w.org\/{rel}","templated":true}]}}