{"id":3399,"date":"2023-07-29T10:34:27","date_gmt":"2023-07-29T10:34:27","guid":{"rendered":"https:\/\/blog.hascorburkina.com\/?page_id=3399"},"modified":"2023-07-29T10:41:28","modified_gmt":"2023-07-29T10:41:28","slug":"actualite-28","status":"publish","type":"page","link":"https:\/\/blog.hascorburkina.com\/index.php\/actualite-28\/","title":{"rendered":"actualit\u00e9"},"content":{"rendered":"\t\t<div data-elementor-type=\"wp-page\" data-elementor-id=\"3399\" class=\"elementor elementor-3399\">\n\t\t\t\t\t\t<section class=\"elementor-section elementor-top-section elementor-element elementor-element-276fb8e elementor-section-boxed elementor-section-height-default elementor-section-height-default\" data-id=\"276fb8e\" data-element_type=\"section\" data-e-type=\"section\">\n\t\t\t\t\t\t<div class=\"elementor-container elementor-column-gap-default\">\n\t\t\t\t\t<div class=\"elementor-column elementor-col-100 elementor-top-column elementor-element elementor-element-bf83f68\" data-id=\"bf83f68\" data-element_type=\"column\" data-e-type=\"column\">\n\t\t\t<div class=\"elementor-widget-wrap elementor-element-populated\">\n\t\t\t\t\t\t<div class=\"elementor-element elementor-element-639399f elementor-widget elementor-widget-heading\" data-id=\"639399f\" data-element_type=\"widget\" data-e-type=\"widget\" data-widget_type=\"heading.default\">\n\t\t\t\t<div class=\"elementor-widget-container\">\n\t\t\t\t\t<h2 class=\"elementor-heading-title elementor-size-default\"><span style=\"text-transform: capitalize\">Discours du Capitaine Ibrahim Traor\u00e9 \u00e0 la tribune de Saint Petersbourg : L\u2019\u00e9crivain Adama Siguir\u00e9 donne son appr\u00e9ciation<\/h2>\t\t\t\t<\/div>\n\t\t\t\t<\/div>\n\t\t\t\t\t<\/div>\n\t\t<\/div>\n\t\t\t\t\t<\/div>\n\t\t<\/section>\n\t\t\t\t<section class=\"elementor-section elementor-top-section elementor-element elementor-element-a83f517 elementor-section-content-middle elementor-section-boxed elementor-section-height-default elementor-section-height-default\" data-id=\"a83f517\" data-element_type=\"section\" data-e-type=\"section\" data-settings=\"{&quot;background_background&quot;:&quot;classic&quot;}\">\n\t\t\t\t\t\t\t<div class=\"elementor-background-overlay\"><\/div>\n\t\t\t\t\t\t\t<div class=\"elementor-container elementor-column-gap-no\">\n\t\t\t\t\t<div class=\"elementor-column elementor-col-50 elementor-top-column elementor-element elementor-element-cd88742\" data-id=\"cd88742\" data-element_type=\"column\" data-e-type=\"column\">\n\t\t\t<div class=\"elementor-widget-wrap elementor-element-populated\">\n\t\t\t\t\t\t<div class=\"elementor-element elementor-element-7c84fc3 elementor-widget elementor-widget-image\" data-id=\"7c84fc3\" data-element_type=\"widget\" data-e-type=\"widget\" data-widget_type=\"image.default\">\n\t\t\t\t<div class=\"elementor-widget-container\">\n\t\t\t\t\t\t\t\t\t\t\t\t\t\t\t<img fetchpriority=\"high\" decoding=\"async\" width=\"768\" height=\"574\" src=\"https:\/\/blog.hascorburkina.com\/wp-content\/uploads\/2023\/07\/Adama-Siguire.-768x574-1.jpg\" class=\"attachment-full size-full wp-image-3398\" alt=\"\" srcset=\"https:\/\/blog.hascorburkina.com\/wp-content\/uploads\/2023\/07\/Adama-Siguire.-768x574-1.jpg 768w, https:\/\/blog.hascorburkina.com\/wp-content\/uploads\/2023\/07\/Adama-Siguire.-768x574-1-600x448.jpg 600w, https:\/\/blog.hascorburkina.com\/wp-content\/uploads\/2023\/07\/Adama-Siguire.-768x574-1-300x224.jpg 300w\" sizes=\"(max-width: 768px) 100vw, 768px\" \/>\t\t\t\t\t\t\t\t\t\t\t\t\t\t\t<\/div>\n\t\t\t\t<\/div>\n\t\t\t\t\t<\/div>\n\t\t<\/div>\n\t\t\t\t<div class=\"elementor-column elementor-col-50 elementor-top-column elementor-element elementor-element-e192f2a\" data-id=\"e192f2a\" data-element_type=\"column\" data-e-type=\"column\">\n\t\t\t<div class=\"elementor-widget-wrap elementor-element-populated\">\n\t\t\t\t\t\t<div class=\"elementor-element elementor-element-73db9fd elementor-widget elementor-widget-text-editor\" data-id=\"73db9fd\" data-element_type=\"widget\" data-e-type=\"widget\" data-widget_type=\"text-editor.default\">\n\t\t\t\t<div class=\"elementor-widget-container\">\n\t\t\t\t\t\t\t\t\t<p>\u00ab\u00a0J\u2019ai vu un discours marqu\u00e9 par deux choses, la sinc\u00e9rit\u00e9 et un discours marqu\u00e9 par la v\u00e9racit\u00e9. Diplomatiquement, on peut avoir quelque chose \u00e0 dire, mais moi je suis tr\u00e8s satisfait parce que c\u2019est un discours sinc\u00e8re et v\u00e9ridique. C\u2019est le discours d\u2019un jeune, et un jeune doit parler comme \u00e7a surtout quand il assure une grande mission comme celle de chef d\u2019Etat\u00a0\u00bb, a laiss\u00e9 entendre Adama Amadou Siguir\u00e9.<\/p><p>Ainsi, il s\u2019inscrit en droite ligne avec le pr\u00e9sident de la transition, Capitaine Ibrahim Traor\u00e9, quand il a exprim\u00e9 le besoin des pays africains en partenaires fiables.<\/p><p>\u00ab Les pays africains ont besoin de partenaires, mais pas les partenaires qui vont les prendre en charge, parce que la prise en charge, ce temps est d\u00e9pass\u00e9. On ne peut pas comprendre qu\u2019au 21<sup>e<\/sup>\u00a0si\u00e8cle on continue encore de recevoir des aides alimentaires, surtout le Burkina Faso, un pays agricole \u00e0 pr\u00e8s de 80% et nous avons des terres fertiles\u00a0\u00bb, a soutenu l\u2019\u00e9crivain.<\/p>\t\t\t\t\t\t\t\t<\/div>\n\t\t\t\t<\/div>\n\t\t\t\t\t<\/div>\n\t\t<\/div>\n\t\t\t\t\t<\/div>\n\t\t<\/section>\n\t\t\t\t<section class=\"elementor-section elementor-top-section elementor-element elementor-element-df4df98 elementor-section-boxed elementor-section-height-default elementor-section-height-default\" data-id=\"df4df98\" data-element_type=\"section\" data-e-type=\"section\">\n\t\t\t\t\t\t<div class=\"elementor-container elementor-column-gap-default\">\n\t\t\t\t\t<div class=\"elementor-column elementor-col-100 elementor-top-column elementor-element elementor-element-8745411\" data-id=\"8745411\" data-element_type=\"column\" data-e-type=\"column\">\n\t\t\t<div class=\"elementor-widget-wrap elementor-element-populated\">\n\t\t\t\t\t\t<div class=\"elementor-element elementor-element-5743add elementor-widget elementor-widget-text-editor\" data-id=\"5743add\" data-element_type=\"widget\" data-e-type=\"widget\" data-widget_type=\"text-editor.default\">\n\t\t\t\t<div class=\"elementor-widget-container\">\n\t\t\t\t\t\t\t\t\t<p>Pour terminer, il a salu\u00e9 l\u2019engagement du chef de l\u2019Etat fond\u00e9 sur le peuple pour une victoire contre le terrorisme. \u00ab\u00a0Il montre sa d\u00e9termination et son engagement \u00e0 mener cette guerre en comptant sur tout le peuple burkinab\u00e8\u00a0\u00bb, a conclu Adama Amadou Siguir\u00e9.<\/p><p><strong>Source : JT du 20h de la RTB, vendredi 28 juillet 2023\u00a0<\/strong><\/p>\t\t\t\t\t\t\t\t<\/div>\n\t\t\t\t<\/div>\n\t\t\t\t\t<\/div>\n\t\t<\/div>\n\t\t\t\t\t<\/div>\n\t\t<\/section>\n\t\t\t\t<\/div>\n\t\t","protected":false},"excerpt":{"rendered":"<p>Discours du Capitaine Ibrahim Traor\u00e9 \u00e0 la tribune de Saint Petersbourg : L\u2019\u00e9crivain Adama Siguir\u00e9 donne son appr\u00e9ciation \u00ab\u00a0J\u2019ai vu un discours marqu\u00e9 par deux choses, la sinc\u00e9rit\u00e9 et un discours marqu\u00e9 par la v\u00e9racit\u00e9. Diplomatiquement, on peut avoir quelque chose \u00e0 dire, mais moi je suis tr\u00e8s satisfait parce que c\u2019est un discours sinc\u00e8re [&hellip;]<\/p>\n","protected":false},"author":2,"featured_media":0,"parent":0,"menu_order":0,"comment_status":"closed","ping_status":"closed","template":"","meta":{"site-sidebar-layout":"no-sidebar","site-content-layout":"page-builder","ast-site-content-layout":"default","site-content-style":"default","site-sidebar-style":"default","ast-global-header-display":"","ast-banner-title-visibility":"","ast-main-header-display":"","ast-hfb-above-header-display":"","ast-hfb-below-header-display":"","ast-hfb-mobile-header-display":"","site-post-title":"disabled","ast-breadcrumbs-content":"","ast-featured-img":"disabled","footer-sml-layout":"","theme-transparent-header-meta":"","adv-header-id-meta":"","stick-header-meta":"","header-above-stick-meta":"","header-main-stick-meta":"","header-below-stick-meta":"","astra-migrate-meta-layouts":"default","ast-page-background-enabled":"default","ast-page-background-meta":{"desktop":{"background-color":"","background-image":"","background-repeat":"repeat","background-position":"center center","background-size":"auto","background-attachment":"scroll","background-type":"","background-media":"","overlay-type":"","overlay-color":"","overlay-opacity":"","overlay-gradient":""},"tablet":{"background-color":"","background-image":"","background-repeat":"repeat","background-position":"center center","background-size":"auto","background-attachment":"scroll","background-type":"","background-media":"","overlay-type":"","overlay-color":"","overlay-opacity":"","overlay-gradient":""},"mobile":{"background-color":"","background-image":"","background-repeat":"repeat","background-position":"center center","background-size":"auto","background-attachment":"scroll","background-type":"","background-media":"","overlay-type":"","overlay-color":"","overlay-opacity":"","overlay-gradient":""}},"ast-content-background-meta":{"desktop":{"background-color":"var(--ast-global-color-5)","background-image":"","background-repeat":"repeat","background-position":"center center","background-size":"auto","background-attachment":"scroll","background-type":"","background-media":"","overlay-type":"","overlay-color":"","overlay-opacity":"","overlay-gradient":""},"tablet":{"background-color":"var(--ast-global-color-5)","background-image":"","background-repeat":"repeat","background-position":"center center","background-size":"auto","background-attachment":"scroll","background-type":"","background-media":"","overlay-type":"","overlay-color":"","overlay-opacity":"","overlay-gradient":""},"mobile":{"background-color":"var(--ast-global-color-5)","background-image":"","background-repeat":"repeat","background-position":"center center","background-size":"auto","background-attachment":"scroll","background-type":"","background-media":"","overlay-type":"","overlay-color":"","overlay-opacity":"","overlay-gradient":""}},"footnotes":""},"class_list":["post-3399","page","type-page","status-publish","hentry"],"jetpack_sharing_enabled":true,"rttpg_featured_image_url":null,"rttpg_author":{"display_name":"Hascor Burkina","author_link":"https:\/\/blog.hascorburkina.com\/index.php\/author\/hascorblog\/"},"rttpg_comment":0,"rttpg_category":null,"rttpg_excerpt":"Discours du Capitaine Ibrahim Traor\u00e9 \u00e0 la tribune de Saint Petersbourg : L\u2019\u00e9crivain Adama Siguir\u00e9 donne son appr\u00e9ciation \u00ab\u00a0J\u2019ai vu un discours marqu\u00e9 par deux choses, la sinc\u00e9rit\u00e9 et un discours marqu\u00e9 par la v\u00e9racit\u00e9. Diplomatiquement, on peut avoir quelque chose \u00e0 dire, mais moi je suis tr\u00e8s satisfait parce que c\u2019est un discours sinc\u00e8re\u2026","_links":{"self":[{"href":"https:\/\/blog.hascorburkina.com\/index.php\/wp-json\/wp\/v2\/pages\/3399","targetHints":{"allow":["GET"]}}],"collection":[{"href":"https:\/\/blog.hascorburkina.com\/index.php\/wp-json\/wp\/v2\/pages"}],"about":[{"href":"https:\/\/blog.hascorburkina.com\/index.php\/wp-json\/wp\/v2\/types\/page"}],"author":[{"embeddable":true,"href":"https:\/\/blog.hascorburkina.com\/index.php\/wp-json\/wp\/v2\/users\/2"}],"replies":[{"embeddable":true,"href":"https:\/\/blog.hascorburkina.com\/index.php\/wp-json\/wp\/v2\/comments?post=3399"}],"version-history":[{"count":4,"href":"https:\/\/blog.hascorburkina.com\/index.php\/wp-json\/wp\/v2\/pages\/3399\/revisions"}],"predecessor-version":[{"id":3404,"href":"https:\/\/blog.hascorburkina.com\/index.php\/wp-json\/wp\/v2\/pages\/3399\/revisions\/3404"}],"wp:attachment":[{"href":"https:\/\/blog.hascorburkina.com\/index.php\/wp-json\/wp\/v2\/media?parent=3399"}],"curies":[{"name":"wp","href":"https:\/\/api.w.org\/{rel}","templated":true}]}}