{"id":3357,"date":"2023-07-27T15:46:45","date_gmt":"2023-07-27T15:46:45","guid":{"rendered":"https:\/\/blog.hascorburkina.com\/?page_id=3357"},"modified":"2023-07-27T15:50:10","modified_gmt":"2023-07-27T15:50:10","slug":"actualite-27","status":"publish","type":"page","link":"https:\/\/blog.hascorburkina.com\/index.php\/actualite-27\/","title":{"rendered":"actualit\u00e9"},"content":{"rendered":"\t\t<div data-elementor-type=\"wp-page\" data-elementor-id=\"3357\" class=\"elementor elementor-3357\">\n\t\t\t\t\t\t<section class=\"elementor-section elementor-top-section elementor-element elementor-element-069a2ff elementor-section-boxed elementor-section-height-default elementor-section-height-default\" data-id=\"069a2ff\" data-element_type=\"section\" data-e-type=\"section\">\n\t\t\t\t\t\t<div class=\"elementor-container elementor-column-gap-default\">\n\t\t\t\t\t<div class=\"elementor-column elementor-col-100 elementor-top-column elementor-element elementor-element-34e78d7\" data-id=\"34e78d7\" data-element_type=\"column\" data-e-type=\"column\">\n\t\t\t<div class=\"elementor-widget-wrap elementor-element-populated\">\n\t\t\t\t\t\t<div class=\"elementor-element elementor-element-caa6aff elementor-widget elementor-widget-heading\" data-id=\"caa6aff\" data-element_type=\"widget\" data-e-type=\"widget\" data-widget_type=\"heading.default\">\n\t\t\t\t<div class=\"elementor-widget-container\">\n\t\t\t\t\t<h2 class=\"elementor-heading-title elementor-size-default\"><span style=\"text-transform: capitalize\">Cahier de dol\u00e9ances du 1er mai 2023 : Le gouvernement r\u00e9pond aux syndicats, les r\u00e9ponses non d\u00e9voil\u00e9es<\/h2>\t\t\t\t<\/div>\n\t\t\t\t<\/div>\n\t\t\t\t\t<\/div>\n\t\t<\/div>\n\t\t\t\t\t<\/div>\n\t\t<\/section>\n\t\t\t\t<section class=\"elementor-section elementor-top-section elementor-element elementor-element-b97300d elementor-section-content-middle elementor-section-boxed elementor-section-height-default elementor-section-height-default\" data-id=\"b97300d\" data-element_type=\"section\" data-e-type=\"section\" data-settings=\"{&quot;background_background&quot;:&quot;classic&quot;}\">\n\t\t\t\t\t\t\t<div class=\"elementor-background-overlay\"><\/div>\n\t\t\t\t\t\t\t<div class=\"elementor-container elementor-column-gap-no\">\n\t\t\t\t\t<div class=\"elementor-column elementor-col-50 elementor-top-column elementor-element elementor-element-3641d2c\" data-id=\"3641d2c\" data-element_type=\"column\" data-e-type=\"column\">\n\t\t\t<div class=\"elementor-widget-wrap elementor-element-populated\">\n\t\t\t\t\t\t<div class=\"elementor-element elementor-element-7f1457e elementor-widget elementor-widget-image\" data-id=\"7f1457e\" data-element_type=\"widget\" data-e-type=\"widget\" data-widget_type=\"image.default\">\n\t\t\t\t<div class=\"elementor-widget-container\">\n\t\t\t\t\t\t\t\t\t\t\t\t\t\t\t<img fetchpriority=\"high\" decoding=\"async\" width=\"640\" height=\"395\" src=\"https:\/\/blog.hascorburkina.com\/wp-content\/uploads\/2023\/06\/arton122249.jpg\" class=\"attachment-full size-full wp-image-3296\" alt=\"\" srcset=\"https:\/\/blog.hascorburkina.com\/wp-content\/uploads\/2023\/06\/arton122249.jpg 640w, https:\/\/blog.hascorburkina.com\/wp-content\/uploads\/2023\/06\/arton122249-600x370.jpg 600w, https:\/\/blog.hascorburkina.com\/wp-content\/uploads\/2023\/06\/arton122249-300x185.jpg 300w\" sizes=\"(max-width: 640px) 100vw, 640px\" \/>\t\t\t\t\t\t\t\t\t\t\t\t\t\t\t<\/div>\n\t\t\t\t<\/div>\n\t\t\t\t\t<\/div>\n\t\t<\/div>\n\t\t\t\t<div class=\"elementor-column elementor-col-50 elementor-top-column elementor-element elementor-element-d216713\" data-id=\"d216713\" data-element_type=\"column\" data-e-type=\"column\">\n\t\t\t<div class=\"elementor-widget-wrap elementor-element-populated\">\n\t\t\t\t\t\t<div class=\"elementor-element elementor-element-804df45 elementor-widget elementor-widget-text-editor\" data-id=\"804df45\" data-element_type=\"widget\" data-e-type=\"widget\" data-widget_type=\"text-editor.default\">\n\t\t\t\t<div class=\"elementor-widget-container\">\n\t\t\t\t\t\t\t\t\t<p><strong>Le Premier ministre Apollinaire Joachim Kyelem de Tambela, a proc\u00e9d\u00e9, ce jeudi 27 juillet 2023, \u00e0 la remise de la r\u00e9ponse du gouvernement au cahier de dol\u00e9ances des organisations syndicales des travailleurs, en pr\u00e9sence du ministre d\u2019Etat, ministre de la fonction publique, Bassolma Bazi\u00e9. Ces derniers auront une p\u00e9riode d\u2019un mois pour analyser le document et apporter des appr\u00e9ciations.<\/strong><\/p><div class=\"article_content\"><p>A l\u2019occasion de la c\u00e9l\u00e9bration du 1er mai 2023, Journ\u00e9e internationale du travail, les organisations syndicales des travailleurs remettaient leur cahier de dol\u00e9ances au Premier ministre, Apollinaire Joachim Kyelem de Tambela. Cette plateforme comporte 31 points. Apr\u00e8s avoir examin\u00e9 les dol\u00e9ances de l\u2019ann\u00e9e 2022 et dans le souci de maintenir la flamme du dialogue, le gouvernement se devait de donner des r\u00e9ponses en vue de l\u2019ouverture prochaine des n\u00e9gociations avec le monde syndical.<\/p><\/div>\t\t\t\t\t\t\t\t<\/div>\n\t\t\t\t<\/div>\n\t\t\t\t\t<\/div>\n\t\t<\/div>\n\t\t\t\t\t<\/div>\n\t\t<\/section>\n\t\t\t\t<section class=\"elementor-section elementor-top-section elementor-element elementor-element-5714ed0 elementor-section-boxed elementor-section-height-default elementor-section-height-default\" data-id=\"5714ed0\" data-element_type=\"section\" data-e-type=\"section\">\n\t\t\t\t\t\t<div class=\"elementor-container elementor-column-gap-default\">\n\t\t\t\t\t<div class=\"elementor-column elementor-col-100 elementor-top-column elementor-element elementor-element-6d809cd\" data-id=\"6d809cd\" data-element_type=\"column\" data-e-type=\"column\">\n\t\t\t<div class=\"elementor-widget-wrap elementor-element-populated\">\n\t\t\t\t\t\t<div class=\"elementor-element elementor-element-7e05de8 elementor-widget elementor-widget-text-editor\" data-id=\"7e05de8\" data-element_type=\"widget\" data-e-type=\"widget\" data-widget_type=\"text-editor.default\">\n\t\t\t\t<div class=\"elementor-widget-container\">\n\t\t\t\t\t\t\t\t\t<p style=\"margin-bottom: 10px; font-style: normal; font-variant-numeric: inherit; font-variant-east-asian: inherit; font-variant-alternates: inherit; font-weight: 400; font-stretch: inherit; font-size: 22px; line-height: inherit; font-family: Times; font-optical-sizing: inherit; font-kerning: inherit; font-feature-settings: inherit; font-variation-settings: inherit; color: rgb(51, 51, 51); letter-spacing: 1px; background-color: rgb(255, 255, 255);\">Ce jeudi 27 juillet 2023, le rapport consignant la r\u00e9ponse des autorit\u00e9s burkinab\u00e8 a \u00e9t\u00e9 remis au pr\u00e9sident du mois des centrales syndicales, Ernest Abdoulaye Ou\u00e9draogo, lors d\u2019une c\u00e9r\u00e9monie qui a connu la participation d\u2019une forte d\u00e9l\u00e9gation des repr\u00e9sentants des organisations syndicales. Au sortir de cette rencontre, la satisfaction se lisait sur le visage de M.&nbsp;Ou\u00e9draogo.<\/p><dl class=\"spip_document_154305 spip_documents spip_documents_center\" style=\"margin-right: auto; margin-bottom: 1.5em; margin-left: auto; font-style: normal; font-variant-numeric: inherit; font-variant-east-asian: inherit; font-variant-alternates: inherit; font-weight: 400; font-stretch: inherit; font-size: 22px; line-height: inherit; font-family: Times; font-optical-sizing: inherit; font-kerning: inherit; font-feature-settings: inherit; font-variation-settings: inherit; background: none rgb(255, 255, 255); text-align: center; clear: both; width: 919.6px; color: rgb(51, 51, 51); letter-spacing: 1px;\"><dt style=\"font-variant: inherit; font-stretch: inherit; font-size: inherit; line-height: 1.42857; font-family: inherit; font-optical-sizing: inherit; font-kerning: inherit; font-feature-settings: inherit; font-variation-settings: inherit;\"><img decoding=\"async\" src=\"https:\/\/lefaso.net\/local\/cache-vignettes\/L600xH370\/whatsapp_image_2023-07-27_at_12.31.13-1f607.jpg?1690469023\" width=\"600\" height=\"370\" alt=\"\" style=\"margin: 0px; padding: 0px; border-width: 0px; border-style: initial; font: inherit;\"><\/dt><dd class=\"spip_doc_descriptif\" style=\"margin-right: auto; margin-left: auto; font-variant: inherit; font-stretch: inherit; font-size: inherit; line-height: 1.42857; font-family: inherit; font-optical-sizing: inherit; font-kerning: inherit; font-feature-settings: inherit; font-variation-settings: inherit; clear: both; width: 350px;\"><i style=\"margin: 0px; padding: 0px; border: 0px; font-variant: inherit; font-weight: inherit; font-stretch: inherit; font-size: inherit; line-height: inherit; font-family: inherit; font-optical-sizing: inherit; font-kerning: inherit; font-feature-settings: inherit; font-variation-settings: inherit; vertical-align: baseline;\">Photo de famille<\/i><\/dd><\/dl><p style=\"margin-bottom: 10px; font-style: normal; font-variant-numeric: inherit; font-variant-east-asian: inherit; font-variant-alternates: inherit; font-weight: 400; font-stretch: inherit; font-size: 22px; line-height: inherit; font-family: Times; font-optical-sizing: inherit; font-kerning: inherit; font-feature-settings: inherit; font-variation-settings: inherit; color: rgb(51, 51, 51); letter-spacing: 1px; background-color: rgb(255, 255, 255);\">\u00ab&nbsp;Nous sommes tr\u00e8s press\u00e9s parce que le ministre a dit qu\u2019ils ont port\u00e9 des r\u00e9ponses favorables. Nous allons regarder imm\u00e9diatement les r\u00e9ponses apport\u00e9es parce que dedans, il y a tout un ensemble de revendications qui vont dans l\u2019int\u00e9r\u00eat du travailleur et dans l\u2019int\u00e9r\u00eat sup\u00e9rieur du Burkina Faso. Nous avons tenu compte de l\u2019actualit\u00e9 du Burkina dans notre cahier de dol\u00e9ances. Il y a par exemple la question de la s\u00e9curit\u00e9, de la libert\u00e9, de l\u2019am\u00e9lioration des conditions de vie des travailleurs&nbsp;\u00bb, a-t-il indiqu\u00e9.<\/p><dl class=\"spip_document_154306 spip_documents spip_documents_center\" style=\"margin-right: auto; margin-bottom: 1.5em; margin-left: auto; font-style: normal; font-variant-numeric: inherit; font-variant-east-asian: inherit; font-variant-alternates: inherit; font-weight: 400; font-stretch: inherit; font-size: 22px; line-height: inherit; font-family: Times; font-optical-sizing: inherit; font-kerning: inherit; font-feature-settings: inherit; font-variation-settings: inherit; background: none rgb(255, 255, 255); text-align: center; clear: both; width: 919.6px; color: rgb(51, 51, 51); letter-spacing: 1px;\"><dt style=\"font-variant: inherit; font-stretch: inherit; font-size: inherit; line-height: 1.42857; font-family: inherit; font-optical-sizing: inherit; font-kerning: inherit; font-feature-settings: inherit; font-variation-settings: inherit;\"><img decoding=\"async\" src=\"https:\/\/lefaso.net\/local\/cache-vignettes\/L600xH400\/whatsapp_image_2023-07-27_at_12.31.14_3_-bd9fd.jpg?1690469023\" width=\"600\" height=\"400\" alt=\"\" style=\"margin: 0px; padding: 0px; border-width: 0px; border-style: initial; font: inherit;\"><\/dt><dd class=\"spip_doc_descriptif\" style=\"margin-right: auto; margin-left: auto; font-variant: inherit; font-stretch: inherit; font-size: inherit; line-height: 1.42857; font-family: inherit; font-optical-sizing: inherit; font-kerning: inherit; font-feature-settings: inherit; font-variation-settings: inherit; clear: both; width: 350px;\"><i style=\"margin: 0px; padding: 0px; border: 0px; font-variant: inherit; font-weight: inherit; font-stretch: inherit; font-size: inherit; line-height: inherit; font-family: inherit; font-optical-sizing: inherit; font-kerning: inherit; font-feature-settings: inherit; font-variation-settings: inherit; vertical-align: baseline;\">Le pr\u00e9sident du mois des centrales syndicales, Ernest Abdoulaye Ou\u00e9draogo a remerci\u00e9 le gouvernement pour sa r\u00e9ponse<\/i><\/dd><\/dl><p style=\"margin-bottom: 10px; font-style: normal; font-variant-numeric: inherit; font-variant-east-asian: inherit; font-variant-alternates: inherit; font-weight: 400; font-stretch: inherit; font-size: 22px; line-height: inherit; font-family: Times; font-optical-sizing: inherit; font-kerning: inherit; font-feature-settings: inherit; font-variation-settings: inherit; color: rgb(51, 51, 51); letter-spacing: 1px; background-color: rgb(255, 255, 255);\">Les journalistes ont voulu avoir plus de pr\u00e9cisions sur les r\u00e9ponses du gouvernement. A cette pr\u00e9occupation, le pr\u00e9sident du mois des organisations syndicales dira tout simplement&nbsp;: \u00ab&nbsp;accordez-nous le temps de pouvoir les examiner tr\u00e8s rapidement. Comme le Premier ministre pr\u00e9voit une rencontre de discussions, s\u2019il y a des points de non satisfaction, nous allons encore revenir sur ces points&nbsp;\u00bb.<\/p><p style=\"margin-bottom: 10px; font-style: normal; font-variant-numeric: inherit; font-variant-east-asian: inherit; font-variant-alternates: inherit; font-weight: 400; font-stretch: inherit; font-size: 22px; line-height: inherit; font-family: Times; font-optical-sizing: inherit; font-kerning: inherit; font-feature-settings: inherit; font-variation-settings: inherit; color: rgb(51, 51, 51); letter-spacing: 1px; background-color: rgb(255, 255, 255);\">Dans son intervention, le chef du gouvernement a invit\u00e9 les organisations syndicales \u00e0 promouvoir le dialogue. \u00ab&nbsp;Tout peut trouver une solution dans la concertation. \u00c9vitons la violence. (&#8230;) Nous sommes tous des Burkinab\u00e8. Nous avons un m\u00eame pays \u00e0 construire. Tout le monde doit avoir en t\u00eate l\u2019int\u00e9r\u00eat du pays. Si l\u2019int\u00e9r\u00eat g\u00e9n\u00e9ral n\u2019est pas satisfait, nous allons payer le prix fort&nbsp;\u00bb, pr\u00e9vient-il.<\/p><dl class=\"spip_document_154307 spip_documents spip_documents_center\" style=\"margin-right: auto; margin-bottom: 1.5em; margin-left: auto; font-style: normal; font-variant-numeric: inherit; font-variant-east-asian: inherit; font-variant-alternates: inherit; font-weight: 400; font-stretch: inherit; font-size: 22px; line-height: inherit; font-family: Times; font-optical-sizing: inherit; font-kerning: inherit; font-feature-settings: inherit; font-variation-settings: inherit; background: none rgb(255, 255, 255); text-align: center; clear: both; width: 919.6px; color: rgb(51, 51, 51); letter-spacing: 1px;\"><dt style=\"font-variant: inherit; font-stretch: inherit; font-size: inherit; line-height: 1.42857; font-family: inherit; font-optical-sizing: inherit; font-kerning: inherit; font-feature-settings: inherit; font-variation-settings: inherit;\"><img loading=\"lazy\" decoding=\"async\" src=\"https:\/\/lefaso.net\/local\/cache-vignettes\/L600xH400\/whatsapp_image_2023-07-27_at_12.31.14_2_-fe1a1.jpg?1690469023\" width=\"600\" height=\"400\" alt=\"\" style=\"margin: 0px; padding: 0px; border-width: 0px; border-style: initial; font: inherit;\"><\/dt><dd class=\"spip_doc_descriptif\" style=\"margin-right: auto; margin-left: auto; font-variant: inherit; font-stretch: inherit; font-size: inherit; line-height: 1.42857; font-family: inherit; font-optical-sizing: inherit; font-kerning: inherit; font-feature-settings: inherit; font-variation-settings: inherit; clear: both; width: 350px;\"><i style=\"margin: 0px; padding: 0px; border: 0px; font-variant: inherit; font-weight: inherit; font-stretch: inherit; font-size: inherit; line-height: inherit; font-family: inherit; font-optical-sizing: inherit; font-kerning: inherit; font-feature-settings: inherit; font-variation-settings: inherit; vertical-align: baseline;\">Pour le Premier ministre, Apollinaire Joachim Kyelem de Tambela, il n\u2019y a pas que des int\u00e9r\u00eats pour les salari\u00e9s mais des int\u00e9r\u00eats de toute la soci\u00e9t\u00e9<\/i><\/dd><\/dl><p style=\"margin-bottom: 10px; font-style: normal; font-variant-numeric: inherit; font-variant-east-asian: inherit; font-variant-alternates: inherit; font-weight: 400; font-stretch: inherit; font-size: 22px; line-height: inherit; font-family: Times; font-optical-sizing: inherit; font-kerning: inherit; font-feature-settings: inherit; font-variation-settings: inherit; color: rgb(51, 51, 51); letter-spacing: 1px; background-color: rgb(255, 255, 255);\">En somme, Apollinaire Joachim Kyelem de Tambela invite les syndicats \u00e0 un sursaut patriotique et \u00e0 un engagement de la soci\u00e9t\u00e9 vers un avenir meilleur. S\u2019exprimant auparavant, il a eu une pens\u00e9e pour les \u00e9l\u00e9ments des forces de d\u00e9fense et de s\u00e9curit\u00e9 tomb\u00e9s du fait des attaques terroristes et pour le peuple du Niger qui conna\u00eet une p\u00e9riode trouble.<\/p><p style=\"margin-bottom: 10px; font-style: normal; font-variant-numeric: inherit; font-variant-east-asian: inherit; font-variant-alternates: inherit; font-weight: 400; font-stretch: inherit; font-size: 22px; line-height: inherit; font-family: Times; font-optical-sizing: inherit; font-kerning: inherit; font-feature-settings: inherit; font-variation-settings: inherit; color: rgb(51, 51, 51); letter-spacing: 1px; background-color: rgb(255, 255, 255);\"><span style=\"margin: 0px; padding: 0px; border: 0px; font-style: inherit; font-variant: inherit; font-weight: 700; font-stretch: inherit; font-size: inherit; line-height: inherit; font-family: inherit; font-optical-sizing: inherit; font-kerning: inherit; font-feature-settings: inherit; font-variation-settings: inherit; vertical-align: baseline;\">A\u00efssata Laure G. Sidib\u00e9<br class=\"autobr\"><\/span><\/p><div class=\"google-auto-placed ap_container\">\n<p><\/p><\/div>\t\t\t\t\t\t\t\t<\/div>\n\t\t\t\t<\/div>\n\t\t\t\t\t<\/div>\n\t\t<\/div>\n\t\t\t\t\t<\/div>\n\t\t<\/section>\n\t\t\t\t<\/div>\n\t\t","protected":false},"excerpt":{"rendered":"<p>Cahier de dol\u00e9ances du 1er mai 2023 : Le gouvernement r\u00e9pond aux syndicats, les r\u00e9ponses non d\u00e9voil\u00e9es Le Premier ministre Apollinaire Joachim Kyelem de Tambela, a proc\u00e9d\u00e9, ce jeudi 27 juillet 2023, \u00e0 la remise de la r\u00e9ponse du gouvernement au cahier de dol\u00e9ances des organisations syndicales des travailleurs, en pr\u00e9sence du ministre d\u2019Etat, ministre [&hellip;]<\/p>\n","protected":false},"author":2,"featured_media":0,"parent":0,"menu_order":0,"comment_status":"closed","ping_status":"closed","template":"","meta":{"site-sidebar-layout":"no-sidebar","site-content-layout":"page-builder","ast-site-content-layout":"default","site-content-style":"default","site-sidebar-style":"default","ast-global-header-display":"","ast-banner-title-visibility":"","ast-main-header-display":"","ast-hfb-above-header-display":"","ast-hfb-below-header-display":"","ast-hfb-mobile-header-display":"","site-post-title":"disabled","ast-breadcrumbs-content":"","ast-featured-img":"disabled","footer-sml-layout":"","theme-transparent-header-meta":"","adv-header-id-meta":"","stick-header-meta":"","header-above-stick-meta":"","header-main-stick-meta":"","header-below-stick-meta":"","astra-migrate-meta-layouts":"default","ast-page-background-enabled":"default","ast-page-background-meta":{"desktop":{"background-color":"","background-image":"","background-repeat":"repeat","background-position":"center center","background-size":"auto","background-attachment":"scroll","background-type":"","background-media":"","overlay-type":"","overlay-color":"","overlay-opacity":"","overlay-gradient":""},"tablet":{"background-color":"","background-image":"","background-repeat":"repeat","background-position":"center center","background-size":"auto","background-attachment":"scroll","background-type":"","background-media":"","overlay-type":"","overlay-color":"","overlay-opacity":"","overlay-gradient":""},"mobile":{"background-color":"","background-image":"","background-repeat":"repeat","background-position":"center center","background-size":"auto","background-attachment":"scroll","background-type":"","background-media":"","overlay-type":"","overlay-color":"","overlay-opacity":"","overlay-gradient":""}},"ast-content-background-meta":{"desktop":{"background-color":"var(--ast-global-color-5)","background-image":"","background-repeat":"repeat","background-position":"center center","background-size":"auto","background-attachment":"scroll","background-type":"","background-media":"","overlay-type":"","overlay-color":"","overlay-opacity":"","overlay-gradient":""},"tablet":{"background-color":"var(--ast-global-color-5)","background-image":"","background-repeat":"repeat","background-position":"center center","background-size":"auto","background-attachment":"scroll","background-type":"","background-media":"","overlay-type":"","overlay-color":"","overlay-opacity":"","overlay-gradient":""},"mobile":{"background-color":"var(--ast-global-color-5)","background-image":"","background-repeat":"repeat","background-position":"center center","background-size":"auto","background-attachment":"scroll","background-type":"","background-media":"","overlay-type":"","overlay-color":"","overlay-opacity":"","overlay-gradient":""}},"footnotes":""},"class_list":["post-3357","page","type-page","status-publish","hentry"],"jetpack_sharing_enabled":true,"rttpg_featured_image_url":null,"rttpg_author":{"display_name":"Hascor Burkina","author_link":"https:\/\/blog.hascorburkina.com\/index.php\/author\/hascorblog\/"},"rttpg_comment":0,"rttpg_category":null,"rttpg_excerpt":"Cahier de dol\u00e9ances du 1er mai 2023 : Le gouvernement r\u00e9pond aux syndicats, les r\u00e9ponses non d\u00e9voil\u00e9es Le Premier ministre Apollinaire Joachim Kyelem de Tambela, a proc\u00e9d\u00e9, ce jeudi 27 juillet 2023, \u00e0 la remise de la r\u00e9ponse du gouvernement au cahier de dol\u00e9ances des organisations syndicales des travailleurs, en pr\u00e9sence du ministre d\u2019Etat, ministre\u2026","_links":{"self":[{"href":"https:\/\/blog.hascorburkina.com\/index.php\/wp-json\/wp\/v2\/pages\/3357","targetHints":{"allow":["GET"]}}],"collection":[{"href":"https:\/\/blog.hascorburkina.com\/index.php\/wp-json\/wp\/v2\/pages"}],"about":[{"href":"https:\/\/blog.hascorburkina.com\/index.php\/wp-json\/wp\/v2\/types\/page"}],"author":[{"embeddable":true,"href":"https:\/\/blog.hascorburkina.com\/index.php\/wp-json\/wp\/v2\/users\/2"}],"replies":[{"embeddable":true,"href":"https:\/\/blog.hascorburkina.com\/index.php\/wp-json\/wp\/v2\/comments?post=3357"}],"version-history":[{"count":4,"href":"https:\/\/blog.hascorburkina.com\/index.php\/wp-json\/wp\/v2\/pages\/3357\/revisions"}],"predecessor-version":[{"id":3362,"href":"https:\/\/blog.hascorburkina.com\/index.php\/wp-json\/wp\/v2\/pages\/3357\/revisions\/3362"}],"wp:attachment":[{"href":"https:\/\/blog.hascorburkina.com\/index.php\/wp-json\/wp\/v2\/media?parent=3357"}],"curies":[{"name":"wp","href":"https:\/\/api.w.org\/{rel}","templated":true}]}}