{"id":3304,"date":"2023-06-17T12:00:30","date_gmt":"2023-06-17T12:00:30","guid":{"rendered":"https:\/\/blog.hascorburkina.com\/?page_id=3304"},"modified":"2023-06-17T12:06:41","modified_gmt":"2023-06-17T12:06:41","slug":"actualite-23","status":"publish","type":"page","link":"https:\/\/blog.hascorburkina.com\/index.php\/actualite-23\/","title":{"rendered":"actualite"},"content":{"rendered":"\t\t<div data-elementor-type=\"wp-page\" data-elementor-id=\"3304\" class=\"elementor elementor-3304\">\n\t\t\t\t\t\t<section class=\"elementor-section elementor-top-section elementor-element elementor-element-e81c961 elementor-section-boxed elementor-section-height-default elementor-section-height-default\" data-id=\"e81c961\" data-element_type=\"section\" data-e-type=\"section\">\n\t\t\t\t\t\t<div class=\"elementor-container elementor-column-gap-default\">\n\t\t\t\t\t<div class=\"elementor-column elementor-col-100 elementor-top-column elementor-element elementor-element-3415025\" data-id=\"3415025\" data-element_type=\"column\" data-e-type=\"column\">\n\t\t\t<div class=\"elementor-widget-wrap elementor-element-populated\">\n\t\t\t\t\t\t<div class=\"elementor-element elementor-element-1a19a18 elementor-widget elementor-widget-heading\" data-id=\"1a19a18\" data-element_type=\"widget\" data-e-type=\"widget\" data-widget_type=\"heading.default\">\n\t\t\t\t<div class=\"elementor-widget-container\">\n\t\t\t\t\t<h2 class=\"elementor-heading-title elementor-size-default\"><span style=\"text-transform: capitalize\">Burkina\/Sant\u00e9<\/span> : Donner son sang, c\u2019est contribuer \u00e0 l\u2019effort de paix, foi de la directrice g\u00e9n\u00e9rale du<span style=\"text-transform: capitalize\"> CNTS<\/span>,<span style=\"text-transform: capitalize\"> Dr Alice Kiba\/Koumar\u00e9<\/h2>\t\t\t\t<\/div>\n\t\t\t\t<\/div>\n\t\t\t\t\t<\/div>\n\t\t<\/div>\n\t\t\t\t\t<\/div>\n\t\t<\/section>\n\t\t\t\t<section class=\"elementor-section elementor-top-section elementor-element elementor-element-d891579 elementor-section-content-middle elementor-section-boxed elementor-section-height-default elementor-section-height-default\" data-id=\"d891579\" data-element_type=\"section\" data-e-type=\"section\" data-settings=\"{&quot;background_background&quot;:&quot;classic&quot;}\">\n\t\t\t\t\t\t\t<div class=\"elementor-background-overlay\"><\/div>\n\t\t\t\t\t\t\t<div class=\"elementor-container elementor-column-gap-no\">\n\t\t\t\t\t<div class=\"elementor-column elementor-col-50 elementor-top-column elementor-element elementor-element-346c77c\" data-id=\"346c77c\" data-element_type=\"column\" data-e-type=\"column\">\n\t\t\t<div class=\"elementor-widget-wrap elementor-element-populated\">\n\t\t\t\t\t\t<div class=\"elementor-element elementor-element-f6bce43 elementor-widget elementor-widget-image\" data-id=\"f6bce43\" data-element_type=\"widget\" data-e-type=\"widget\" data-widget_type=\"image.default\">\n\t\t\t\t<div class=\"elementor-widget-container\">\n\t\t\t\t\t\t\t\t\t\t\t\t\t\t\t<img fetchpriority=\"high\" decoding=\"async\" width=\"640\" height=\"388\" src=\"https:\/\/blog.hascorburkina.com\/wp-content\/uploads\/2023\/06\/arton122245.jpg\" class=\"attachment-full size-full wp-image-3303\" alt=\"\" srcset=\"https:\/\/blog.hascorburkina.com\/wp-content\/uploads\/2023\/06\/arton122245.jpg 640w, https:\/\/blog.hascorburkina.com\/wp-content\/uploads\/2023\/06\/arton122245-600x364.jpg 600w, https:\/\/blog.hascorburkina.com\/wp-content\/uploads\/2023\/06\/arton122245-300x182.jpg 300w\" sizes=\"(max-width: 640px) 100vw, 640px\" \/>\t\t\t\t\t\t\t\t\t\t\t\t\t\t\t<\/div>\n\t\t\t\t<\/div>\n\t\t\t\t\t<\/div>\n\t\t<\/div>\n\t\t\t\t<div class=\"elementor-column elementor-col-50 elementor-top-column elementor-element elementor-element-faf4e67\" data-id=\"faf4e67\" data-element_type=\"column\" data-e-type=\"column\">\n\t\t\t<div class=\"elementor-widget-wrap elementor-element-populated\">\n\t\t\t\t\t\t<div class=\"elementor-element elementor-element-eba7e9c elementor-widget elementor-widget-text-editor\" data-id=\"eba7e9c\" data-element_type=\"widget\" data-e-type=\"widget\" data-widget_type=\"text-editor.default\">\n\t\t\t\t<div class=\"elementor-widget-container\">\n\t\t\t\t\t\t\t\t\t<p><strong>Le 14 juin de chaque ann\u00e9e, est comm\u00e9mor\u00e9e la Journ\u00e9e mondiale du donneur de sang. Cette ann\u00e9e 2023, la c\u00e9l\u00e9bration est plac\u00e9e sous le th\u00e8me \u00ab\u00a0Sang, plasma\u00a0: partageons la vie, donnons souvent\u00a0!\u00a0\u00bb En pr\u00e9lude \u00e0 la comm\u00e9moration, la directrice g\u00e9n\u00e9rale du Centre national de transfusion sanguine, Dr Alice Kiba\/Koumar\u00e9, a accord\u00e9 une interview \u00e0 Lefaso.net. Pourquoi donner son sang, surtout dans ce contexte marqu\u00e9 par une situation s\u00e9curitaire difficile\u00a0? Quelle est la contribution du CNTS \u00e0 l\u2019effort de paix\u00a0? Quels sont les besoins en sang du Burkina\u00a0? Quelles sont les perspectives du CNTS\u00a0? Autant de questions auxquelles a bien voulu r\u00e9pondre la directrice g\u00e9n\u00e9rale. Lisez plut\u00f4t\u00a0!<\/strong><\/p><div class=\"article_content\"><p><strong>Lefaso.net\u00a0: Ce 14 juin, le monde entier comm\u00e9more la journ\u00e9e mondiale du donneur de sang. Au Burkina c\u2019est Kaya qui abritera les activit\u00e9s le 17 juin 2023. L\u2019actualit\u00e9 du pays c\u2019est surtout la lutte contre le terrorisme et l\u2019appel des autorit\u00e9s \u00e0 l\u2019effort de paix. Comment le CNTS contribue-t-il \u00e0 l\u2019effort de paix\u00a0?<\/strong><\/p><\/div>\t\t\t\t\t\t\t\t<\/div>\n\t\t\t\t<\/div>\n\t\t\t\t\t<\/div>\n\t\t<\/div>\n\t\t\t\t\t<\/div>\n\t\t<\/section>\n\t\t\t\t<section class=\"elementor-section elementor-top-section elementor-element elementor-element-5bd692e elementor-section-boxed elementor-section-height-default elementor-section-height-default\" data-id=\"5bd692e\" data-element_type=\"section\" data-e-type=\"section\">\n\t\t\t\t\t\t<div class=\"elementor-container elementor-column-gap-default\">\n\t\t\t\t\t<div class=\"elementor-column elementor-col-100 elementor-top-column elementor-element elementor-element-a1d0908\" data-id=\"a1d0908\" data-element_type=\"column\" data-e-type=\"column\">\n\t\t\t<div class=\"elementor-widget-wrap elementor-element-populated\">\n\t\t\t\t\t\t<div class=\"elementor-element elementor-element-d98cc2c elementor-widget elementor-widget-text-editor\" data-id=\"d98cc2c\" data-element_type=\"widget\" data-e-type=\"widget\" data-widget_type=\"text-editor.default\">\n\t\t\t\t<div class=\"elementor-widget-container\">\n\t\t\t\t\t\t\t\t\t<p><strong>DG CNTS\u00a0:<\/strong>\u00a0Le CNTS, \u00e0 travers les vaillants et valeureux donneurs de sang, que je salue au passage, contribue \u00e0 l\u2019effort de paix en ce sens que ceux-ci permettent, en donnant r\u00e9guli\u00e8rement leur sang de rendre disponible de fa\u00e7on permanente des produits sanguins labiles pour la prise en charge transfusionnelle des bless\u00e9s par balle.<\/p><p>Il y a aussi le personnel qui \u00e0 travers l\u2019appel \u00e0 la mobilisation pour l\u2019effort de paix s\u2019est organis\u00e9 pour apporter sa contribution financi\u00e8re.<\/p><p><strong>Y a-t-il une relation entre les attaques terroristes et la production des produits sanguins\u00a0?<\/strong><\/p><p>Il y a en effet un lien entre les besoins en sang et les attaques terroristes parce que le CNTS doit s\u2019organiser en permanence pour r\u00e9pondre aux besoins en produits sanguins labiles en cas d\u2019attaques terroristes. Malheureusement, les possibilit\u00e9s de collecte mobiles sont r\u00e9duites dans les zones \u00e0 forts d\u00e9fis s\u00e9curitaires. Par cons\u00e9quent, cela est \u00e0 l\u2019origine d\u2019une r\u00e9duction du nombre de poches collect\u00e9es dans ces zones.<\/p><p>C\u2019est donc le lieu pour moi d\u2019inviter les populations de ces zones \u00e0 se d\u00e9placer r\u00e9guli\u00e8rement dans nos sites fixes pour faire leurs dons. En rappel, nous avons un site fixe de collecte dans 10 des 13 r\u00e9gions de notre pays avec deux sites fixes pour le Centre r\u00e9gional de transfusion sanguine de Ouaga, \u00e0 Paspanga et Tengandogo.<\/p><p><strong>Quelles difficult\u00e9s rencontrez-vous dans la collecte dans ces localit\u00e9s\u00a0?<\/strong><\/p><p>La principale difficult\u00e9 est la r\u00e9duction des capacit\u00e9s de collecte car il y a moins de possibilit\u00e9s d\u2019organiser des collectes en strat\u00e9gies avanc\u00e9es, c\u2019est-\u00e0-dire en \u00e9quipes mobiles. Les \u00e9quipes se concentrent plus sur les grandes villes. Ensuite il y a la r\u00e9duction du rendement des collectes dans ces zones car la population est pr\u00e9occup\u00e9e par d\u2019autres soucis que le don de sang. Je profite de l\u2019occasion pour inviter les populations de ces grandes villes (jeunes, associations, services, etc\u2026) \u00e0 donner r\u00e9guli\u00e8rement leur sang<\/p><p><span class=\"spip_document_152422 spip_documents spip_documents_center\"><img decoding=\"async\" src=\"https:\/\/lefaso.net\/local\/cache-vignettes\/L600xH367\/whatsapp_image_2023-06-16_at_12.32.11_1_-d37cf.jpg?1686931696\" alt=\"\" width=\"600\" height=\"367\" \/><\/span><\/p><p><strong>Comment g\u00e9rez-vous ces difficult\u00e9s\u00a0?<\/strong><\/p><p>Pour g\u00e9rer ces difficult\u00e9s, nous communiquons massivement. Nous avons la page Facebook, le site web du CNTS et gr\u00e2ce \u00e0 l\u2019accompagnement de la presse, nous arrivons \u00e0 communiquer. Nous appelons aussi les donneurs qui sont arriv\u00e9s \u00e0 leur \u00e9ch\u00e9ance pour donner le sang. Nous r\u00e9organisons notre stock. Pour ces zones, quand il y a une attaque, nous r\u00e9organisons les stocks et l\u00e0 o\u00f9 il y a suffisamment de produits sanguins, nous rappelons les stocks pour les mettre \u00e0 la disposition de l\u00e0 o\u00f9 il y a eu l\u2019attaque pour la prise en charge des bless\u00e9s.<\/p><p><strong>Nous sommes en p\u00e9riode d\u2019hivernage, une p\u00e9riode o\u00f9 le CNTS a du mal \u00e0 avoir assez de sang, comment expliquez-vous les difficult\u00e9s pendant cette p\u00e9riode\u00a0?<\/strong><\/p><p>Ces difficult\u00e9s s\u2019expliquent par deux ph\u00e9nom\u00e8nes. Pendant la p\u00e9riode d\u2019hivernage, il y a la baisse des collectes parce que les meilleurs donneurs de sang que sont les \u00e9l\u00e8ves et les \u00e9tudiants sont en vacances. Et aussi il y a les travaux champ\u00eatres dans les zones recul\u00e9es. Les gens sont occup\u00e9s \u00e0 cultiver la terre.<\/p><p>Le deuxi\u00e8me aspect qui justifie qu\u2019en cette p\u00e9riode nous avons des difficult\u00e9s \u00e0 rendre disponibles les produits sanguins, c\u2019est l\u2019augmentation de la demande. Pendant cette p\u00e9riode, il y a le paludisme qui augmente la demande en produits sanguins dans nos h\u00f4pitaux. Il y a aussi les autres pathologies qui n\u00e9cessitent l\u2019utilisation des produits sanguins. Je cite par exemple, les h\u00e9morragies de la d\u00e9livrance, il y a la prise en charge des patients atteints d\u2019insuffisance r\u00e9nale chronique \u00e0 travers la dialyse, la prise en charge des cancers. Tout cela contribue \u00e0 rendre cette p\u00e9riode difficile.<\/p><p>Selon nos chiffres, lorsque nous allons vers les \u00e9tudiants, une seule collecte peut nous permettre d\u2019avoir 100 poches de sang. Alors que pendant la p\u00e9riode o\u00f9 les \u00e9l\u00e8ves et les \u00e9tudiants ne sont pas l\u00e0, nous peinons m\u00eame \u00e0 avoir 50 poches par sortie.<\/p><p><strong>Quels sont vos besoins sur cette p\u00e9riode\u00a0?<\/strong><\/p><p>Les besoins de collecte en p\u00e9riode ordinaire sont de 600 poches par jour pour tout le pays. Pendant cette p\u00e9riode, les besoins sont quasiment doubl\u00e9s avec un besoin de 500 poches par jour pour la seule zone de Ouagadougou.<\/p><p><strong>Quel est le besoin annuel du pays en produits sanguins et combien collectez-vous r\u00e9ellement\u00a0?<\/strong><\/p><p>Selon les recommandations de l\u2019OMS, si dans une population, 1 \u00e0 3% de celle-ci donne son sang, c\u2019est suffisant pour couvrir les besoins transfusionnels. Sur cette base et au regard de la population actuelle au Burkina Faso, les besoins th\u00e9oriques sont estim\u00e9s \u00e0 environ 229 000 poches de sang \u00e0 pr\u00e9lever par an. Nos pr\u00e9visions de collectes sont tributaires des ressources mises \u00e0 la disposition du CNTS. A titre d\u2019exemple en 2022, 124 401 poches ont \u00e9t\u00e9 collect\u00e9es sur une pr\u00e9vision de 125 000 poches.<\/p><div class=\"google-auto-placed ap_container\"><p><strong>Certains citoyens ont la volont\u00e9 de donner de leur sang mais les sites de collectes ne sont pas l\u00e9gions, quelles solutions proposez-vous\u00a0?<\/strong><\/p><p>Nous avons r\u00e9guli\u00e8rement ces plaintes. C\u2019est la raison pour laquelle nous nous sommes battus pour mettre des sites avanc\u00e9s de collecte. On essaie de quadriller toute la ville de Ouagadougou pour mettre en place des sites fixes. Le plaidoyer a \u00e9t\u00e9 fait aupr\u00e8s d\u2019un certain nombre de partenaires qui ont accept\u00e9 de nous accompagner. Nous sommes en train d\u2019identifier et de finaliser les sites fixes essentiellement les CMA de la ville de Ouagadougou.<\/p><p><span class=\"spip_document_152421 spip_documents spip_documents_center\"><img decoding=\"async\" src=\"https:\/\/lefaso.net\/local\/cache-vignettes\/L600xH375\/whatsapp_image_2023-06-16_at_12.32.10-84823.jpg?1686931696\" alt=\"\" width=\"600\" height=\"375\" \/><\/span><\/p><p><strong>La c\u00e9r\u00e9monie officielle se d\u00e9roule \u00e0 Kaya sous le th\u00e8me\u00a0: \u00ab\u00a0Sang, plasma\u00a0: partageons la vie, donnons souvent\u00a0!\u00a0\u00bb pourquoi un tel th\u00e8me\u00a0?<\/strong><\/p><p>Le th\u00e8me met en exergue la n\u00e9cessit\u00e9 de donner le sang et le plasma. Souvent les gens ont l\u2019impression que c\u2019est seulement les globules rouges alors que le plasma aussi en cas d\u2019h\u00e9morragie, en cas de d\u00e9ficit en facteur de coagulation, est souvent utilis\u00e9.<\/p><p>Le th\u00e8me met aussi en exergue le fait de donner r\u00e9guli\u00e8rement. Le sang a une dur\u00e9e de vie. Quels que soient les efforts que vous faites aujourd\u2019hui pour avoir des produits sanguins, au bout de 42 jours au maximum, ces produits sont p\u00e9rim\u00e9s. Vous voyez que si vous collectez suffisamment aujourd\u2019hui, il faut que dans 42 jours, vous ayez un stock qui soit renouvel\u00e9 pour permettre de sauver des vies dans les h\u00f4pitaux.<\/p><p><strong>Qu\u2019est-ce qui est pr\u00e9vu pour ces manifestations\u00a0?<\/strong><\/p><p>Ce qui est au programme de la comm\u00e9moration de la Journ\u00e9e mondiale des donneurs de sang, c\u2019est qu\u2019il y aura la diffusion d\u2019un message du ministre de la sant\u00e9 \u00e0 l\u2019endroit des valeureux donneurs de sang le 14 juin 2023 pour marquer l\u2019\u00e9v\u00e9nement. Au Burkina Faso, les autorit\u00e9s ont d\u00e9cid\u00e9 de comm\u00e9morer officiellement la journ\u00e9e le 17 juin et ce sera \u00e0 Kaya. Pour cette journ\u00e9e, la veille, c\u2019est-\u00e0-dire, le 16, il y aura un cross populaire dans l\u2019apr\u00e8s-midi suivi d\u2019a\u00e9robic, ceci pour inviter les donneurs \u00e0 faire du sport, parce que tous ceux qui font du sport sont en bonne sant\u00e9 et quand on est donneur de sang, il faut maintenir sa sant\u00e9. Le jour-j, le samedi, la journ\u00e9e commence \u00e0 10h sous le haut patronage de son excellence M.\u00a0le Premier ministre, la pr\u00e9sidence de M.\u00a0le ministre de la sant\u00e9 et de l\u2019hygi\u00e8ne publique et le parrainage de Mme\u00a0le ministre de l\u2019action humanitaire. Cette journ\u00e9e sera marqu\u00e9e par les discours officiels. Il y aura aussi la d\u00e9coration de huit donneurs r\u00e9guliers de sang. L\u2019ann\u00e9e pass\u00e9e, nous avions promis de voir comment accompagner les donneurs \u00e0 pr\u00e9server leur sang afin de pouvoir nous accompagner toujours. Cette ann\u00e9e, la c\u00e9r\u00e9monie sera l\u2019occasion de faire le lancement de la vaccination des donneurs r\u00e9guliers de sang contre l\u2019h\u00e9patite B qui est tr\u00e8s pr\u00e9valente dans notre pays.<\/p><p><strong>Vous aviez effectivement promis l\u2019ann\u00e9e derni\u00e8re une campagne de vaccination contre l\u2019h\u00e9patite aux donneurs o\u00f9 en \u00eates-vous\u00a0?<\/strong><\/p><p>Le processus est en cours avec la vaccination de 7 350 donneurs b\u00e9n\u00e9voles de sang cette ann\u00e9e et si les ressources le permettent, 15 000 donneurs seront vaccin\u00e9s au bout de trois ans et le processus suivra son cours gr\u00e2ce aux efforts conjugu\u00e9s du minist\u00e8re de la Sant\u00e9 et des partenaires.<\/p><p><strong>Parlant de question de sant\u00e9, vous arrive-t-il de rejeter beaucoup de poches pour des questions de maladies\u00a0?<\/strong><\/p><p>Les rejets de poches sont essentiellement li\u00e9s aux h\u00e9patites, notamment B et C parce que la pr\u00e9valence est hyper \u00e9lev\u00e9e dans notre pays. Selon nos statistiques, les taux de rejet li\u00e9s \u00e0 ces maladies sont de 12%. \u00c7a veut dire que si on pr\u00e9l\u00e8ve 100 poches, nous allons rejeter douze \u00e0 cause des personnes infect\u00e9es par l\u2019h\u00e9patite B et C. En dehors des h\u00e9patites, il y a le VIH et la syphilis, mais ces marqueurs, c\u2019est dans l\u2019ordre de 0,5% \u00e0 1%. Nous saluons donc l\u2019initiative du minist\u00e8re de la Sant\u00e9 de rendre gratuit le traitement contre l\u2019h\u00e9patite C. Nous, nous venons avec la vaccination contre l\u2019h\u00e9patite B pour esp\u00e9rer garder pendant longtemps nos donneurs contre l\u2019h\u00e9patite B.<\/p><p>L\u2019autre aspect qu\u2019il faut saluer aussi c\u2019est que le minist\u00e8re de la Sant\u00e9 a int\u00e9gr\u00e9 la vaccination contre l\u2019h\u00e9patite B dans le programme \u00e9largi de vaccination. Donc les enfants qui naissent et font leur vaccination, le sont contre l\u2019h\u00e9patite B.<br class=\"autobr\" \/>On a l\u2019habitude de dire que le sang est gratuit, est-ce toujours le cas\u00a0?<br class=\"autobr\" \/>Le sang est totalement gratuit. On ne cessera de le dire. Que ce soit dans les formations sanitaires publiques ou priv\u00e9es.<\/p><p><span class=\"spip_document_152423 spip_documents spip_documents_center\"><img loading=\"lazy\" decoding=\"async\" src=\"https:\/\/lefaso.net\/local\/cache-vignettes\/L600xH364\/whatsapp_image_2023-06-16_at_12.32.11-4febb.jpg?1686931696\" alt=\"\" width=\"600\" height=\"364\" \/><\/span><\/p><p><strong>Quelles sont les perspectives pour l\u2019ann\u00e9e prochaine\u00a0?<\/strong><\/p><p>Les perspectives, c\u2019est essentiellement de maintenir les acquis que nous avons en mati\u00e8re de don de sang en accroissant le nombre de poches que nous collectons pour mettre \u00e0 la disposition des malades dans les h\u00f4pitaux. Une autre perspective, c\u2019est de faire l\u2019interconnexion de l\u2019ensemble de nos sites. Nos sites ne sont pas interconnect\u00e9s, donc \u00e7a pose un probl\u00e8me, parce que lorsqu\u2019un donneur donne son sang dans une autre localit\u00e9 autre que celle o\u00f9 il a l\u2019habitude de donner, on a du mal \u00e0 comptabiliser l\u2019ensemble de ses dons, parce que n\u2019\u00e9tant pas faits sur le m\u00eame site. Nous poursuivrons aussi le plaidoyer pour accro\u00eetre le nombre de vaccins que nous mettrons \u00e0 la disposition de nos donneurs r\u00e9guliers pour les aider \u00e0 se pr\u00e9munir.<\/p><p><strong>Nous sommes \u00e0 la fin de cet entretien. Un appel \u00e0 lancer\u00a0?<\/strong><\/p><p>Comme nous sommes dans le contexte de la c\u00e9l\u00e9bration de la Journ\u00e9e mondiale du donneur de sang, je voudrai tout d\u2019abord dire un grand merci \u00e0 l\u2019ensemble de nos donneurs parce que gr\u00e2ce \u00e0 leur action, ils participent \u00e0 l\u2019effort de paix en permettant de rendre disponibles les produits sanguins \u00e0 travers leurs dons r\u00e9guliers de sang. Ils permettent au Centre national de transfusion sanguine de rendre disponibles en temps r\u00e9el les produits sanguins pour la prise en charge des bless\u00e9s par balles.<\/p><p>Ensuite, \u00e0 l\u2019endroit de la population, pendant la p\u00e9riode de juin \u00e0 octobre, cette p\u00e9riode est consid\u00e9r\u00e9e comme \u00e9tant difficile pour la disponibilit\u00e9 des produits sanguins. Donc l\u2019appel que j\u2019ai \u00e0 lancer, c\u2019est d\u2019inviter l\u2019ensemble des jeunes de toutes les grandes villes \u00e0 se rendre massivement dans les sites fixes de pr\u00e9l\u00e8vement, deux sites \u00e0 Ouaga, un site fixe \u00e0 Bobo, Koudougou, Fada, Gaoua, Ouahigouya, Dori, Kaya, D\u00e9dougou et Tenkodogo.<\/p><p><iframe title=\"YouTube video player\" src=\"https:\/\/www.youtube.com\/embed\/vv1tl2OsGj4?controls=0\" width=\"760\" height=\"515\" frameborder=\"0\" allowfullscreen=\"allowfullscreen\" data-mce-fragment=\"1\"><\/iframe><\/p><p>Donc, rendez-vous massivement dans les centres r\u00e9gionaux de transfusion sanguine pour faire un don de sang et surtout n\u2019oubliez pas de r\u00e9p\u00e9ter le don de sang chaque trois ou quatre mois parce que le sang est une denr\u00e9e p\u00e9rissable. Quand on se mobilise, dans 40 jours, il faut encore qu\u2019on puisse avoir un stock suffisant si on veut disponibiliser les produits sanguins pour la prise en charge des malades.<\/p><p><strong>Propos recueillis par Justine Bonkoungou<br class=\"autobr\" \/>Vid\u00e9o\u00a0: Auguste Par\u00e9<\/strong><\/p><\/div>\t\t\t\t\t\t\t\t<\/div>\n\t\t\t\t<\/div>\n\t\t\t\t\t<\/div>\n\t\t<\/div>\n\t\t\t\t\t<\/div>\n\t\t<\/section>\n\t\t\t\t<\/div>\n\t\t","protected":false},"excerpt":{"rendered":"<p>Burkina\/Sant\u00e9 : Donner son sang, c\u2019est contribuer \u00e0 l\u2019effort de paix, foi de la directrice g\u00e9n\u00e9rale du CNTS, Dr Alice Kiba\/Koumar\u00e9 Le 14 juin de chaque ann\u00e9e, est comm\u00e9mor\u00e9e la Journ\u00e9e mondiale du donneur de sang. Cette ann\u00e9e 2023, la c\u00e9l\u00e9bration est plac\u00e9e sous le th\u00e8me \u00ab\u00a0Sang, plasma\u00a0: partageons la vie, donnons souvent\u00a0!\u00a0\u00bb En pr\u00e9lude [&hellip;]<\/p>\n","protected":false},"author":2,"featured_media":0,"parent":0,"menu_order":0,"comment_status":"closed","ping_status":"closed","template":"","meta":{"site-sidebar-layout":"no-sidebar","site-content-layout":"page-builder","ast-site-content-layout":"default","site-content-style":"default","site-sidebar-style":"default","ast-global-header-display":"","ast-banner-title-visibility":"","ast-main-header-display":"","ast-hfb-above-header-display":"","ast-hfb-below-header-display":"","ast-hfb-mobile-header-display":"","site-post-title":"disabled","ast-breadcrumbs-content":"","ast-featured-img":"disabled","footer-sml-layout":"","theme-transparent-header-meta":"","adv-header-id-meta":"","stick-header-meta":"","header-above-stick-meta":"","header-main-stick-meta":"","header-below-stick-meta":"","astra-migrate-meta-layouts":"default","ast-page-background-enabled":"default","ast-page-background-meta":{"desktop":{"background-color":"","background-image":"","background-repeat":"repeat","background-position":"center center","background-size":"auto","background-attachment":"scroll","background-type":"","background-media":"","overlay-type":"","overlay-color":"","overlay-opacity":"","overlay-gradient":""},"tablet":{"background-color":"","background-image":"","background-repeat":"repeat","background-position":"center center","background-size":"auto","background-attachment":"scroll","background-type":"","background-media":"","overlay-type":"","overlay-color":"","overlay-opacity":"","overlay-gradient":""},"mobile":{"background-color":"","background-image":"","background-repeat":"repeat","background-position":"center center","background-size":"auto","background-attachment":"scroll","background-type":"","background-media":"","overlay-type":"","overlay-color":"","overlay-opacity":"","overlay-gradient":""}},"ast-content-background-meta":{"desktop":{"background-color":"var(--ast-global-color-5)","background-image":"","background-repeat":"repeat","background-position":"center center","background-size":"auto","background-attachment":"scroll","background-type":"","background-media":"","overlay-type":"","overlay-color":"","overlay-opacity":"","overlay-gradient":""},"tablet":{"background-color":"var(--ast-global-color-5)","background-image":"","background-repeat":"repeat","background-position":"center center","background-size":"auto","background-attachment":"scroll","background-type":"","background-media":"","overlay-type":"","overlay-color":"","overlay-opacity":"","overlay-gradient":""},"mobile":{"background-color":"var(--ast-global-color-5)","background-image":"","background-repeat":"repeat","background-position":"center center","background-size":"auto","background-attachment":"scroll","background-type":"","background-media":"","overlay-type":"","overlay-color":"","overlay-opacity":"","overlay-gradient":""}},"footnotes":""},"class_list":["post-3304","page","type-page","status-publish","hentry"],"jetpack_sharing_enabled":true,"rttpg_featured_image_url":null,"rttpg_author":{"display_name":"Hascor Burkina","author_link":"https:\/\/blog.hascorburkina.com\/index.php\/author\/hascorblog\/"},"rttpg_comment":0,"rttpg_category":null,"rttpg_excerpt":"Burkina\/Sant\u00e9 : Donner son sang, c\u2019est contribuer \u00e0 l\u2019effort de paix, foi de la directrice g\u00e9n\u00e9rale du CNTS, Dr Alice Kiba\/Koumar\u00e9 Le 14 juin de chaque ann\u00e9e, est comm\u00e9mor\u00e9e la Journ\u00e9e mondiale du donneur de sang. Cette ann\u00e9e 2023, la c\u00e9l\u00e9bration est plac\u00e9e sous le th\u00e8me \u00ab\u00a0Sang, plasma\u00a0: partageons la vie, donnons souvent\u00a0!\u00a0\u00bb En pr\u00e9lude\u2026","_links":{"self":[{"href":"https:\/\/blog.hascorburkina.com\/index.php\/wp-json\/wp\/v2\/pages\/3304","targetHints":{"allow":["GET"]}}],"collection":[{"href":"https:\/\/blog.hascorburkina.com\/index.php\/wp-json\/wp\/v2\/pages"}],"about":[{"href":"https:\/\/blog.hascorburkina.com\/index.php\/wp-json\/wp\/v2\/types\/page"}],"author":[{"embeddable":true,"href":"https:\/\/blog.hascorburkina.com\/index.php\/wp-json\/wp\/v2\/users\/2"}],"replies":[{"embeddable":true,"href":"https:\/\/blog.hascorburkina.com\/index.php\/wp-json\/wp\/v2\/comments?post=3304"}],"version-history":[{"count":4,"href":"https:\/\/blog.hascorburkina.com\/index.php\/wp-json\/wp\/v2\/pages\/3304\/revisions"}],"predecessor-version":[{"id":3309,"href":"https:\/\/blog.hascorburkina.com\/index.php\/wp-json\/wp\/v2\/pages\/3304\/revisions\/3309"}],"wp:attachment":[{"href":"https:\/\/blog.hascorburkina.com\/index.php\/wp-json\/wp\/v2\/media?parent=3304"}],"curies":[{"name":"wp","href":"https:\/\/api.w.org\/{rel}","templated":true}]}}