{"id":3257,"date":"2023-05-29T11:21:53","date_gmt":"2023-05-29T11:21:53","guid":{"rendered":"https:\/\/blog.hascorburkina.com\/?page_id=3257"},"modified":"2023-05-29T11:26:16","modified_gmt":"2023-05-29T11:26:16","slug":"actualite-19","status":"publish","type":"page","link":"https:\/\/blog.hascorburkina.com\/index.php\/actualite-19\/","title":{"rendered":"ACTUALIT\u00e9"},"content":{"rendered":"\t\t<div data-elementor-type=\"wp-page\" data-elementor-id=\"3257\" class=\"elementor elementor-3257\">\n\t\t\t\t\t\t<section class=\"elementor-section elementor-top-section elementor-element elementor-element-f20d11c elementor-section-boxed elementor-section-height-default elementor-section-height-default\" data-id=\"f20d11c\" data-element_type=\"section\" data-e-type=\"section\">\n\t\t\t\t\t\t<div class=\"elementor-container elementor-column-gap-default\">\n\t\t\t\t\t<div class=\"elementor-column elementor-col-100 elementor-top-column elementor-element elementor-element-dd6688a\" data-id=\"dd6688a\" data-element_type=\"column\" data-e-type=\"column\">\n\t\t\t<div class=\"elementor-widget-wrap elementor-element-populated\">\n\t\t\t\t\t\t<div class=\"elementor-element elementor-element-8c480b4 elementor-widget elementor-widget-heading\" data-id=\"8c480b4\" data-element_type=\"widget\" data-e-type=\"widget\" data-widget_type=\"heading.default\">\n\t\t\t\t<div class=\"elementor-widget-container\">\n\t\t\t\t\t<h2 class=\"elementor-heading-title elementor-size-default\"><span style=\"text-transform: capitalize\">Lutte<\/span> antiterroriste : Le <span style=\"text-transform: capitalize\">Burkina<\/span> interpelle le pr\u00e9sident<span style=\"text-transform: capitalize\"> Mohamed Bazoum<\/span> sur la sous-traitance de la s\u00e9curit\u00e9 du Niger.<\/h2>\t\t\t\t<\/div>\n\t\t\t\t<\/div>\n\t\t\t\t\t<\/div>\n\t\t<\/div>\n\t\t\t\t\t<\/div>\n\t\t<\/section>\n\t\t\t\t<section class=\"elementor-section elementor-top-section elementor-element elementor-element-a6bd272 elementor-section-content-middle elementor-section-boxed elementor-section-height-default elementor-section-height-default\" data-id=\"a6bd272\" data-element_type=\"section\" data-e-type=\"section\" data-settings=\"{&quot;background_background&quot;:&quot;classic&quot;}\">\n\t\t\t\t\t\t\t<div class=\"elementor-background-overlay\"><\/div>\n\t\t\t\t\t\t\t<div class=\"elementor-container elementor-column-gap-no\">\n\t\t\t\t\t<div class=\"elementor-column elementor-col-50 elementor-top-column elementor-element elementor-element-70c889d\" data-id=\"70c889d\" data-element_type=\"column\" data-e-type=\"column\">\n\t\t\t<div class=\"elementor-widget-wrap elementor-element-populated\">\n\t\t\t\t\t\t<div class=\"elementor-element elementor-element-bcc1c0d elementor-widget elementor-widget-image\" data-id=\"bcc1c0d\" data-element_type=\"widget\" data-e-type=\"widget\" data-widget_type=\"image.default\">\n\t\t\t\t<div class=\"elementor-widget-container\">\n\t\t\t\t\t\t\t\t\t\t\t\t\t\t\t<img fetchpriority=\"high\" decoding=\"async\" width=\"640\" height=\"392\" src=\"https:\/\/blog.hascorburkina.com\/wp-content\/uploads\/2023\/05\/arton121809.jpg\" class=\"attachment-full size-full wp-image-3256\" alt=\"\" srcset=\"https:\/\/blog.hascorburkina.com\/wp-content\/uploads\/2023\/05\/arton121809.jpg 640w, https:\/\/blog.hascorburkina.com\/wp-content\/uploads\/2023\/05\/arton121809-600x368.jpg 600w, https:\/\/blog.hascorburkina.com\/wp-content\/uploads\/2023\/05\/arton121809-300x184.jpg 300w\" sizes=\"(max-width: 640px) 100vw, 640px\" \/>\t\t\t\t\t\t\t\t\t\t\t\t\t\t\t<\/div>\n\t\t\t\t<\/div>\n\t\t\t\t\t<\/div>\n\t\t<\/div>\n\t\t\t\t<div class=\"elementor-column elementor-col-50 elementor-top-column elementor-element elementor-element-44e3051\" data-id=\"44e3051\" data-element_type=\"column\" data-e-type=\"column\">\n\t\t\t<div class=\"elementor-widget-wrap elementor-element-populated\">\n\t\t\t\t\t\t<div class=\"elementor-element elementor-element-4888076 elementor-widget elementor-widget-text-editor\" data-id=\"4888076\" data-element_type=\"widget\" data-e-type=\"widget\" data-widget_type=\"text-editor.default\">\n\t\t\t\t<div class=\"elementor-widget-container\">\n\t\t\t\t\t\t\t\t\t<p><strong>En r\u00e9action aux critiques de Mohamed Bazoum sur sa strat\u00e9gie anti-terroriste, le Burkina Faso a estim\u00e9 ce samedi 27 mai 2023 que le pr\u00e9sident nig\u00e9rien manque de vision, en pensant que des soldats venus de l\u2019Occident vont se sacrifier gratuitement pour sauver son pays. Des informations rapport\u00e9es par l\u2019Agence d\u2019Information du Burkina (AI B).<br class=\"autobr\" \/><\/strong><\/p><div class=\"article_content\"><p>\u00ab\u00a0Confier cette guerre \u00e0 des arm\u00e9es venues des contr\u00e9es lointaines, c\u2019est avoir une courte vue en pensant que des soldats vont quitter l\u2019Occident et venir se sacrifier de fa\u00e7on d\u00e9sint\u00e9ress\u00e9e pour le destin de nos pays. Mais visiblement, le pr\u00e9sident nig\u00e9rien a fait l\u2019option de confier son pays et le destin de son combat engag\u00e9 \u00e0 des pays \u00e9trangers\u00a0\u00bb, a d\u00e9clar\u00e9 donc le porte-parole du gouvernement burkinab\u00e8, Rimtalba Jean Emmanuel Ou\u00e9draogo.<\/p><\/div>\t\t\t\t\t\t\t\t<\/div>\n\t\t\t\t<\/div>\n\t\t\t\t\t<\/div>\n\t\t<\/div>\n\t\t\t\t\t<\/div>\n\t\t<\/section>\n\t\t\t\t<section class=\"elementor-section elementor-top-section elementor-element elementor-element-2cbb705 elementor-section-boxed elementor-section-height-default elementor-section-height-default\" data-id=\"2cbb705\" data-element_type=\"section\" data-e-type=\"section\">\n\t\t\t\t\t\t<div class=\"elementor-container elementor-column-gap-default\">\n\t\t\t\t\t<div class=\"elementor-column elementor-col-100 elementor-top-column elementor-element elementor-element-26d0af0\" data-id=\"26d0af0\" data-element_type=\"column\" data-e-type=\"column\">\n\t\t\t<div class=\"elementor-widget-wrap elementor-element-populated\">\n\t\t\t\t\t\t<div class=\"elementor-element elementor-element-1375809 elementor-widget elementor-widget-text-editor\" data-id=\"1375809\" data-element_type=\"widget\" data-e-type=\"widget\" data-widget_type=\"text-editor.default\">\n\t\t\t\t<div class=\"elementor-widget-container\">\n\t\t\t\t\t\t\t\t\t<p>Le ministre de la communication r\u00e9agissait aux propos du pr\u00e9sident du Niger Mohamed Bazoum qui a dit dans une interview accord\u00e9e \u00e0 \u00ab\u00a0Jeune Afrique\u00a0\u00bb, que les terroristes sont plus aguerris que les arm\u00e9es de la sous-r\u00e9gion et que c\u2019\u00e9tait une erreur tragique pour le Burkina Faso, d\u2019associer les VDP (civils) \u00e0 la lutte.<\/p><p>\u00ab\u00a0Contrairement au pr\u00e9sident nig\u00e9rien, toute la dynamique de la Transition est fond\u00e9e sur notre conviction intime et profonde que nos vaillantes Forces de d\u00e9fense et de s\u00e9curit\u00e9, que nos vaillants Volontaires pour la d\u00e9fense de la patrie (VDP), soutenus par le peuple burkinab\u00e8 dans son ensemble et sous le leadership de son Excellence, le capitaine Ibrahim Traor\u00e9, vont relever le d\u00e9fi. Nous allons reconqu\u00e9rir notre territoire. Nous allons ramener la paix par nous-m\u00eames\u00a0\u00bb, a ajout\u00e9 le ministre Rimtalba Jean Emmanuel Ou\u00e9draogo.<\/p><p>Aussi, l\u2019autorit\u00e9 burkinab\u00e8 trouve malheureuse, qu\u2019un chef d\u2019Etat estime que des hordes terroristes sont plus aguerries que \u00ab\u00a0nos arm\u00e9es\u00a0\u00bb.<\/p><p>\u00ab\u00a0Nous avons le plus profond respect pour l\u2019arm\u00e9e nig\u00e9rienne qui est une arm\u00e9e vaillante, pour le peuple nig\u00e9rien qui est un peuple vaillant. Nous avons ici la conviction que ce peuple, que cette arm\u00e9e, contrairement \u00e0 ce que le pr\u00e9sident nig\u00e9rien a dit, est capable par lui-m\u00eame de relever ce d\u00e9fi historique. Mais comme je l\u2019avais dit, tout le probl\u00e8me\u00a0: c\u2019est le leadership\u00a0\u00bb, a soutenu Rimtalba Jean Emmanuel Ou\u00e9draogo.<\/p><p>Il pense \u00e9galement que cette interview eu \u00e9gard au canal utilis\u00e9, n\u2019avait d\u2019autres objectifs que de faire plaisir aux pays d\u2019origine des contingents d\u00e9ploy\u00e9s au Niger.<\/p><p>Le 26 avril 2023, le Burkina Faso avait d\u00e9j\u00e0 recadr\u00e9 le g\u00e9n\u00e9ral nig\u00e9rien, Mahamadou Tarka dit Abou qui a d\u00e9nigr\u00e9 la strat\u00e9gie burkinab\u00e8 de lutte contre le terrorisme.<\/p><p><br class=\"autobr\" \/>Source\u00a0: Agence d\u2019Information du Burkina<\/p>\t\t\t\t\t\t\t\t<\/div>\n\t\t\t\t<\/div>\n\t\t\t\t\t<\/div>\n\t\t<\/div>\n\t\t\t\t\t<\/div>\n\t\t<\/section>\n\t\t\t\t<\/div>\n\t\t","protected":false},"excerpt":{"rendered":"<p>Lutte antiterroriste : Le Burkina interpelle le pr\u00e9sident Mohamed Bazoum sur la sous-traitance de la s\u00e9curit\u00e9 du Niger. En r\u00e9action aux critiques de Mohamed Bazoum sur sa strat\u00e9gie anti-terroriste, le Burkina Faso a estim\u00e9 ce samedi 27 mai 2023 que le pr\u00e9sident nig\u00e9rien manque de vision, en pensant que des soldats venus de l\u2019Occident vont [&hellip;]<\/p>\n","protected":false},"author":2,"featured_media":0,"parent":0,"menu_order":0,"comment_status":"closed","ping_status":"closed","template":"","meta":{"site-sidebar-layout":"no-sidebar","site-content-layout":"page-builder","ast-site-content-layout":"default","site-content-style":"default","site-sidebar-style":"default","ast-global-header-display":"","ast-banner-title-visibility":"","ast-main-header-display":"","ast-hfb-above-header-display":"","ast-hfb-below-header-display":"","ast-hfb-mobile-header-display":"","site-post-title":"disabled","ast-breadcrumbs-content":"","ast-featured-img":"disabled","footer-sml-layout":"","theme-transparent-header-meta":"","adv-header-id-meta":"","stick-header-meta":"","header-above-stick-meta":"","header-main-stick-meta":"","header-below-stick-meta":"","astra-migrate-meta-layouts":"default","ast-page-background-enabled":"default","ast-page-background-meta":{"desktop":{"background-color":"","background-image":"","background-repeat":"repeat","background-position":"center center","background-size":"auto","background-attachment":"scroll","background-type":"","background-media":"","overlay-type":"","overlay-color":"","overlay-opacity":"","overlay-gradient":""},"tablet":{"background-color":"","background-image":"","background-repeat":"repeat","background-position":"center center","background-size":"auto","background-attachment":"scroll","background-type":"","background-media":"","overlay-type":"","overlay-color":"","overlay-opacity":"","overlay-gradient":""},"mobile":{"background-color":"","background-image":"","background-repeat":"repeat","background-position":"center center","background-size":"auto","background-attachment":"scroll","background-type":"","background-media":"","overlay-type":"","overlay-color":"","overlay-opacity":"","overlay-gradient":""}},"ast-content-background-meta":{"desktop":{"background-color":"var(--ast-global-color-5)","background-image":"","background-repeat":"repeat","background-position":"center center","background-size":"auto","background-attachment":"scroll","background-type":"","background-media":"","overlay-type":"","overlay-color":"","overlay-opacity":"","overlay-gradient":""},"tablet":{"background-color":"var(--ast-global-color-5)","background-image":"","background-repeat":"repeat","background-position":"center center","background-size":"auto","background-attachment":"scroll","background-type":"","background-media":"","overlay-type":"","overlay-color":"","overlay-opacity":"","overlay-gradient":""},"mobile":{"background-color":"var(--ast-global-color-5)","background-image":"","background-repeat":"repeat","background-position":"center center","background-size":"auto","background-attachment":"scroll","background-type":"","background-media":"","overlay-type":"","overlay-color":"","overlay-opacity":"","overlay-gradient":""}},"footnotes":""},"class_list":["post-3257","page","type-page","status-publish","hentry"],"jetpack_sharing_enabled":true,"rttpg_featured_image_url":null,"rttpg_author":{"display_name":"Hascor Burkina","author_link":"https:\/\/blog.hascorburkina.com\/index.php\/author\/hascorblog\/"},"rttpg_comment":0,"rttpg_category":null,"rttpg_excerpt":"Lutte antiterroriste : Le Burkina interpelle le pr\u00e9sident Mohamed Bazoum sur la sous-traitance de la s\u00e9curit\u00e9 du Niger. En r\u00e9action aux critiques de Mohamed Bazoum sur sa strat\u00e9gie anti-terroriste, le Burkina Faso a estim\u00e9 ce samedi 27 mai 2023 que le pr\u00e9sident nig\u00e9rien manque de vision, en pensant que des soldats venus de l\u2019Occident vont\u2026","_links":{"self":[{"href":"https:\/\/blog.hascorburkina.com\/index.php\/wp-json\/wp\/v2\/pages\/3257","targetHints":{"allow":["GET"]}}],"collection":[{"href":"https:\/\/blog.hascorburkina.com\/index.php\/wp-json\/wp\/v2\/pages"}],"about":[{"href":"https:\/\/blog.hascorburkina.com\/index.php\/wp-json\/wp\/v2\/types\/page"}],"author":[{"embeddable":true,"href":"https:\/\/blog.hascorburkina.com\/index.php\/wp-json\/wp\/v2\/users\/2"}],"replies":[{"embeddable":true,"href":"https:\/\/blog.hascorburkina.com\/index.php\/wp-json\/wp\/v2\/comments?post=3257"}],"version-history":[{"count":4,"href":"https:\/\/blog.hascorburkina.com\/index.php\/wp-json\/wp\/v2\/pages\/3257\/revisions"}],"predecessor-version":[{"id":3263,"href":"https:\/\/blog.hascorburkina.com\/index.php\/wp-json\/wp\/v2\/pages\/3257\/revisions\/3263"}],"wp:attachment":[{"href":"https:\/\/blog.hascorburkina.com\/index.php\/wp-json\/wp\/v2\/media?parent=3257"}],"curies":[{"name":"wp","href":"https:\/\/api.w.org\/{rel}","templated":true}]}}