{"id":3198,"date":"2023-05-24T12:08:33","date_gmt":"2023-05-24T12:08:33","guid":{"rendered":"https:\/\/blog.hascorburkina.com\/?page_id=3198"},"modified":"2023-05-24T12:11:11","modified_gmt":"2023-05-24T12:11:11","slug":"actualite-14","status":"publish","type":"page","link":"https:\/\/blog.hascorburkina.com\/index.php\/actualite-14\/","title":{"rendered":"actualite"},"content":{"rendered":"\t\t<div data-elementor-type=\"wp-page\" data-elementor-id=\"3198\" class=\"elementor elementor-3198\">\n\t\t\t\t\t\t<section class=\"elementor-section elementor-top-section elementor-element elementor-element-726d015 elementor-section-boxed elementor-section-height-default elementor-section-height-default\" data-id=\"726d015\" data-element_type=\"section\" data-e-type=\"section\">\n\t\t\t\t\t\t<div class=\"elementor-container elementor-column-gap-default\">\n\t\t\t\t\t<div class=\"elementor-column elementor-col-100 elementor-top-column elementor-element elementor-element-4e82659\" data-id=\"4e82659\" data-element_type=\"column\" data-e-type=\"column\">\n\t\t\t<div class=\"elementor-widget-wrap elementor-element-populated\">\n\t\t\t\t\t\t<div class=\"elementor-element elementor-element-03b9787 elementor-widget elementor-widget-heading\" data-id=\"03b9787\" data-element_type=\"widget\" data-e-type=\"widget\" data-widget_type=\"heading.default\">\n\t\t\t\t<div class=\"elementor-widget-container\">\n\t\t\t\t\t<h2 class=\"elementor-heading-title elementor-size-default\"><span style=\"text-transform: capitalize\">Burkina : Le nouveau timbre fiscal de 200 FCFA pr\u00e9sent\u00e9 officiellement<\/h2>\t\t\t\t<\/div>\n\t\t\t\t<\/div>\n\t\t\t\t\t<\/div>\n\t\t<\/div>\n\t\t\t\t\t<\/div>\n\t\t<\/section>\n\t\t\t\t<section class=\"elementor-section elementor-top-section elementor-element elementor-element-0ebc37c elementor-section-content-middle elementor-section-boxed elementor-section-height-default elementor-section-height-default\" data-id=\"0ebc37c\" data-element_type=\"section\" data-e-type=\"section\" data-settings=\"{&quot;background_background&quot;:&quot;classic&quot;}\">\n\t\t\t\t\t\t\t<div class=\"elementor-background-overlay\"><\/div>\n\t\t\t\t\t\t\t<div class=\"elementor-container elementor-column-gap-no\">\n\t\t\t\t\t<div class=\"elementor-column elementor-col-50 elementor-top-column elementor-element elementor-element-6a3a711\" data-id=\"6a3a711\" data-element_type=\"column\" data-e-type=\"column\">\n\t\t\t<div class=\"elementor-widget-wrap elementor-element-populated\">\n\t\t\t\t\t\t<div class=\"elementor-element elementor-element-8aa197d elementor-widget elementor-widget-image\" data-id=\"8aa197d\" data-element_type=\"widget\" data-e-type=\"widget\" data-widget_type=\"image.default\">\n\t\t\t\t<div class=\"elementor-widget-container\">\n\t\t\t\t\t\t\t\t\t\t\t\t\t\t\t<img fetchpriority=\"high\" decoding=\"async\" width=\"640\" height=\"478\" src=\"https:\/\/blog.hascorburkina.com\/wp-content\/uploads\/2023\/05\/arton121698.jpg\" class=\"attachment-full size-full wp-image-3185\" alt=\"\" srcset=\"https:\/\/blog.hascorburkina.com\/wp-content\/uploads\/2023\/05\/arton121698.jpg 640w, https:\/\/blog.hascorburkina.com\/wp-content\/uploads\/2023\/05\/arton121698-600x448.jpg 600w, https:\/\/blog.hascorburkina.com\/wp-content\/uploads\/2023\/05\/arton121698-300x224.jpg 300w\" sizes=\"(max-width: 640px) 100vw, 640px\" \/>\t\t\t\t\t\t\t\t\t\t\t\t\t\t\t<\/div>\n\t\t\t\t<\/div>\n\t\t\t\t\t<\/div>\n\t\t<\/div>\n\t\t\t\t<div class=\"elementor-column elementor-col-50 elementor-top-column elementor-element elementor-element-455cc14\" data-id=\"455cc14\" data-element_type=\"column\" data-e-type=\"column\">\n\t\t\t<div class=\"elementor-widget-wrap elementor-element-populated\">\n\t\t\t\t\t\t<div class=\"elementor-element elementor-element-3fd4c3e elementor-widget elementor-widget-text-editor\" data-id=\"3fd4c3e\" data-element_type=\"widget\" data-e-type=\"widget\" data-widget_type=\"text-editor.default\">\n\t\t\t\t<div class=\"elementor-widget-container\">\n\t\t\t\t\t\t\t\t\t<p><strong>La Direction g\u00e9n\u00e9rale des imp\u00f4ts (DGI) a pr\u00e9sent\u00e9 officiellement le nouveau timbre physico-num\u00e9rique FIBERTAG, ce mardi 23 mai 2023 au cours d\u2019une conf\u00e9rence de presse. Il s\u2019agit du timbre fiscal de 200 FCFA.<\/strong><\/p><div class=\"article_content\"><p>A 48 heures de son entr\u00e9e en vigueur, le nouveau timbre fiscal fait son apparition officielle devant les professionnels de m\u00e9dias. Et c\u2019est le directeur g\u00e9n\u00e9ral des imp\u00f4ts, Daouda Kirakoya, et son \u00e9quipe qui ont tenu \u00e0 donner toutes les informations n\u00e9cessaires concernant ce nouveau timbre.<\/p><p>Il y a des diff\u00e9rences fondamentales d\u2019avec l\u2019ancien timbre fiscal, informe la Direction g\u00e9n\u00e9rale des imp\u00f4ts. C\u2019est un timbre \u00e0 la fois physique et num\u00e9rique d\u2019o\u00f9 son appellation \u00ab\u00a0physico-num\u00e9rique\u00a0\u00bb.<\/p><\/div>\t\t\t\t\t\t\t\t<\/div>\n\t\t\t\t<\/div>\n\t\t\t\t\t<\/div>\n\t\t<\/div>\n\t\t\t\t\t<\/div>\n\t\t<\/section>\n\t\t\t\t<section class=\"elementor-section elementor-top-section elementor-element elementor-element-74478e8 elementor-section-boxed elementor-section-height-default elementor-section-height-default\" data-id=\"74478e8\" data-element_type=\"section\" data-e-type=\"section\">\n\t\t\t\t\t\t<div class=\"elementor-container elementor-column-gap-default\">\n\t\t\t\t\t<div class=\"elementor-column elementor-col-100 elementor-top-column elementor-element elementor-element-45bd8a7\" data-id=\"45bd8a7\" data-element_type=\"column\" data-e-type=\"column\">\n\t\t\t<div class=\"elementor-widget-wrap elementor-element-populated\">\n\t\t\t\t\t\t<div class=\"elementor-element elementor-element-2bdf0f8 elementor-widget elementor-widget-text-editor\" data-id=\"2bdf0f8\" data-element_type=\"widget\" data-e-type=\"widget\" data-widget_type=\"text-editor.default\">\n\t\t\t\t<div class=\"elementor-widget-container\">\n\t\t\t\t\t\t\t\t\t<p>Quant \u00e0 FIBERTAG, Daouda Kirakoya a indiqu\u00e9 qu\u2019il s\u2019agit d\u2019une technologie qui contient des \u00e9l\u00e9ments d\u2019empreinte. \u00ab\u00a0Cela permet \u00e0 chaque timbre d\u2019\u00eatre unique\u00a0\u00bb, a affirm\u00e9 le directeur g\u00e9n\u00e9ral des imp\u00f4ts. Toutefois, il a pr\u00e9cis\u00e9 que cela va \u00eatre install\u00e9 bient\u00f4t.<\/p><dl class=\"spip_document_151360 spip_documents spip_documents_center\"><dt><img decoding=\"async\" src=\"https:\/\/lefaso.net\/local\/cache-vignettes\/L600xH449\/whatsapp_image_2023-05-23_at_12.36.13-924f9.jpg?1684926958\" alt=\"\" width=\"600\" height=\"449\" \/><\/dt><dd class=\"spip_doc_descriptif\"><i>Le nouveau timbre fiscal va \u00eatre op\u00e9rationnel d\u00e8s le 25 mai 2023<\/i><\/dd><\/dl><p><strong>Caract\u00e9ristiques du nouveau timbre fiscal<\/strong><\/p><p>Le nouveau timbre fiscal permet de suivre le niveau d\u2019\u00e9volution de la commande et de l\u2019utilisation. \u00ab\u00a0Le timbre fiscal est li\u00e9 \u00e0 une base de donn\u00e9es pour savoir s\u2019il est authentique\u00a0\u00bb, a affirm\u00e9 Daouda Kirakoya. Une nouvelle forme pour lutter contre la contrefa\u00e7on. Et c\u2019est l\u2019occasion pour le premier responsable de la DGI d\u2019inviter les citoyens \u00e0 proc\u00e9der, eux aussi, au contr\u00f4le afin de ne pas consommer de faux timbres fiscaux.<\/p><dl class=\"spip_document_151358 spip_documents spip_documents_center\"><dt><img decoding=\"async\" src=\"https:\/\/lefaso.net\/local\/cache-vignettes\/L600xH449\/whatsapp_image_2023-05-23_at_12.36.48-47da5.jpg?1684926958\" alt=\"\" width=\"600\" height=\"449\" \/><\/dt><dd class=\"spip_doc_descriptif\"><i>Le directeur g\u00e9n\u00e9ral des imp\u00f4ts, Daouda Kirakoya, promet la digitalisation de ce timbre fiscal dans les jours \u00e0 venir<\/i><\/dd><\/dl><p>Sur ce timbre fiscal, on identifie le monument des h\u00e9ros nationaux, les armoiries du Burkina Faso, un code d\u2019identification et de tra\u00e7abilit\u00e9 et une empreinte d\u2019authentification.<\/p><p>Le timbre est autocollant, contrairement \u00e0 l\u2019ancien qui n\u00e9cessitait du liquide pour \u00eatre coll\u00e9 sur un papier.<\/p><div class=\"google-auto-placed ap_container\"><p>Dans certaines localit\u00e9s, le nouveau timbre est d\u00e9j\u00e0 distribu\u00e9, ont annonc\u00e9 les conf\u00e9renciers. \u00ab\u00a0Il reste trois r\u00e9gions qui seront approvisionn\u00e9es d\u2019ici demain\u00a0\u00bb, a pr\u00e9cis\u00e9 Daouda Kirakoya.<\/p><p><strong>Un made in France en attendant le local<\/strong><\/p><p>A la question de savoir pourquoi c\u2019est uniquement le timbre de 200 FCFA qui est chang\u00e9, le directeur g\u00e9n\u00e9ral des imp\u00f4ts a point\u00e9 du doigt sa rupture. Dans ses explications, il a fait savoir que les autres timbres fiscaux sont l\u00e0 pour le moment. \u00ab\u00a0Au fur et \u00e0 mesure que les timbres vont s\u2019\u00e9puiser, nous allons les changer\u00a0\u00bb, a-t-il promis.<\/p><dl class=\"spip_document_151359 spip_documents spip_documents_center\"><dt><img loading=\"lazy\" decoding=\"async\" src=\"https:\/\/lefaso.net\/local\/cache-vignettes\/L600xH449\/whatsapp_image_2023-05-23_at_12.37.08-8ba0d.jpg?1684926958\" alt=\"\" width=\"600\" height=\"449\" \/><\/dt><dd class=\"spip_doc_descriptif\"><i>Selon le colonel L\u00e9onard Ouoba, l\u2019actuel producteur du timbre fiscal a un contrat d\u2019une ann\u00e9e<\/i><\/dd><\/dl><p>Contrairement \u00e0 certaines versions livr\u00e9es sur les r\u00e9seaux sociaux, ce nouveau timbre fiscal n\u2019est pas produit au Burkina Faso, a clarifi\u00e9 la direction g\u00e9n\u00e9rale des imp\u00f4ts. \u00ab\u00a0On se bat toujours pour que d\u2019ici l\u00e0, nous puissions avoir des timbres produits ici au Burkina\u00a0\u00bb, a d\u00e9clar\u00e9 le colonel L\u00e9onard Ouoba, directeur g\u00e9n\u00e9ral des affaires immobili\u00e8res et de l\u2019\u00e9quipement de l\u2019\u00c9tat.<\/p><p>Le nouveau timbre fiscal est produit en France, ajoute-t-il. L\u2019ancien timbre \u00e9tait imprim\u00e9 au Canada.<\/p><p><strong>Cryspin Laoundiki<\/strong><\/p><\/div>\t\t\t\t\t\t\t\t<\/div>\n\t\t\t\t<\/div>\n\t\t\t\t\t<\/div>\n\t\t<\/div>\n\t\t\t\t\t<\/div>\n\t\t<\/section>\n\t\t\t\t<\/div>\n\t\t","protected":false},"excerpt":{"rendered":"<p>Burkina : Le nouveau timbre fiscal de 200 FCFA pr\u00e9sent\u00e9 officiellement La Direction g\u00e9n\u00e9rale des imp\u00f4ts (DGI) a pr\u00e9sent\u00e9 officiellement le nouveau timbre physico-num\u00e9rique FIBERTAG, ce mardi 23 mai 2023 au cours d\u2019une conf\u00e9rence de presse. Il s\u2019agit du timbre fiscal de 200 FCFA. A 48 heures de son entr\u00e9e en vigueur, le nouveau timbre [&hellip;]<\/p>\n","protected":false},"author":2,"featured_media":0,"parent":0,"menu_order":0,"comment_status":"closed","ping_status":"closed","template":"","meta":{"site-sidebar-layout":"no-sidebar","site-content-layout":"page-builder","ast-site-content-layout":"default","site-content-style":"default","site-sidebar-style":"default","ast-global-header-display":"","ast-banner-title-visibility":"","ast-main-header-display":"","ast-hfb-above-header-display":"","ast-hfb-below-header-display":"","ast-hfb-mobile-header-display":"","site-post-title":"disabled","ast-breadcrumbs-content":"","ast-featured-img":"disabled","footer-sml-layout":"","theme-transparent-header-meta":"","adv-header-id-meta":"","stick-header-meta":"","header-above-stick-meta":"","header-main-stick-meta":"","header-below-stick-meta":"","astra-migrate-meta-layouts":"default","ast-page-background-enabled":"default","ast-page-background-meta":{"desktop":{"background-color":"","background-image":"","background-repeat":"repeat","background-position":"center center","background-size":"auto","background-attachment":"scroll","background-type":"","background-media":"","overlay-type":"","overlay-color":"","overlay-opacity":"","overlay-gradient":""},"tablet":{"background-color":"","background-image":"","background-repeat":"repeat","background-position":"center center","background-size":"auto","background-attachment":"scroll","background-type":"","background-media":"","overlay-type":"","overlay-color":"","overlay-opacity":"","overlay-gradient":""},"mobile":{"background-color":"","background-image":"","background-repeat":"repeat","background-position":"center center","background-size":"auto","background-attachment":"scroll","background-type":"","background-media":"","overlay-type":"","overlay-color":"","overlay-opacity":"","overlay-gradient":""}},"ast-content-background-meta":{"desktop":{"background-color":"var(--ast-global-color-5)","background-image":"","background-repeat":"repeat","background-position":"center center","background-size":"auto","background-attachment":"scroll","background-type":"","background-media":"","overlay-type":"","overlay-color":"","overlay-opacity":"","overlay-gradient":""},"tablet":{"background-color":"var(--ast-global-color-5)","background-image":"","background-repeat":"repeat","background-position":"center center","background-size":"auto","background-attachment":"scroll","background-type":"","background-media":"","overlay-type":"","overlay-color":"","overlay-opacity":"","overlay-gradient":""},"mobile":{"background-color":"var(--ast-global-color-5)","background-image":"","background-repeat":"repeat","background-position":"center center","background-size":"auto","background-attachment":"scroll","background-type":"","background-media":"","overlay-type":"","overlay-color":"","overlay-opacity":"","overlay-gradient":""}},"footnotes":""},"class_list":["post-3198","page","type-page","status-publish","hentry"],"jetpack_sharing_enabled":true,"rttpg_featured_image_url":null,"rttpg_author":{"display_name":"Hascor Burkina","author_link":"https:\/\/blog.hascorburkina.com\/index.php\/author\/hascorblog\/"},"rttpg_comment":0,"rttpg_category":null,"rttpg_excerpt":"Burkina : Le nouveau timbre fiscal de 200 FCFA pr\u00e9sent\u00e9 officiellement La Direction g\u00e9n\u00e9rale des imp\u00f4ts (DGI) a pr\u00e9sent\u00e9 officiellement le nouveau timbre physico-num\u00e9rique FIBERTAG, ce mardi 23 mai 2023 au cours d\u2019une conf\u00e9rence de presse. Il s\u2019agit du timbre fiscal de 200 FCFA. A 48 heures de son entr\u00e9e en vigueur, le nouveau timbre\u2026","_links":{"self":[{"href":"https:\/\/blog.hascorburkina.com\/index.php\/wp-json\/wp\/v2\/pages\/3198","targetHints":{"allow":["GET"]}}],"collection":[{"href":"https:\/\/blog.hascorburkina.com\/index.php\/wp-json\/wp\/v2\/pages"}],"about":[{"href":"https:\/\/blog.hascorburkina.com\/index.php\/wp-json\/wp\/v2\/types\/page"}],"author":[{"embeddable":true,"href":"https:\/\/blog.hascorburkina.com\/index.php\/wp-json\/wp\/v2\/users\/2"}],"replies":[{"embeddable":true,"href":"https:\/\/blog.hascorburkina.com\/index.php\/wp-json\/wp\/v2\/comments?post=3198"}],"version-history":[{"count":4,"href":"https:\/\/blog.hascorburkina.com\/index.php\/wp-json\/wp\/v2\/pages\/3198\/revisions"}],"predecessor-version":[{"id":3204,"href":"https:\/\/blog.hascorburkina.com\/index.php\/wp-json\/wp\/v2\/pages\/3198\/revisions\/3204"}],"wp:attachment":[{"href":"https:\/\/blog.hascorburkina.com\/index.php\/wp-json\/wp\/v2\/media?parent=3198"}],"curies":[{"name":"wp","href":"https:\/\/api.w.org\/{rel}","templated":true}]}}