{"id":3090,"date":"2023-04-26T09:38:09","date_gmt":"2023-04-26T09:38:09","guid":{"rendered":"https:\/\/blog.hascorburkina.com\/?page_id=3090"},"modified":"2023-04-26T09:47:11","modified_gmt":"2023-04-26T09:47:11","slug":"actualite-6","status":"publish","type":"page","link":"https:\/\/blog.hascorburkina.com\/index.php\/actualite-6\/","title":{"rendered":"actualit\u00e9"},"content":{"rendered":"\t\t<div data-elementor-type=\"wp-page\" data-elementor-id=\"3090\" class=\"elementor elementor-3090\">\n\t\t\t\t\t\t<section class=\"elementor-section elementor-top-section elementor-element elementor-element-fb1224a elementor-section-boxed elementor-section-height-default elementor-section-height-default\" data-id=\"fb1224a\" data-element_type=\"section\" data-e-type=\"section\">\n\t\t\t\t\t\t<div class=\"elementor-container elementor-column-gap-default\">\n\t\t\t\t\t<div class=\"elementor-column elementor-col-100 elementor-top-column elementor-element elementor-element-1032248\" data-id=\"1032248\" data-element_type=\"column\" data-e-type=\"column\">\n\t\t\t<div class=\"elementor-widget-wrap elementor-element-populated\">\n\t\t\t\t\t\t<div class=\"elementor-element elementor-element-6696051 elementor-widget elementor-widget-heading\" data-id=\"6696051\" data-element_type=\"widget\" data-e-type=\"widget\" data-widget_type=\"heading.default\">\n\t\t\t\t<div class=\"elementor-widget-container\">\n\t\t\t\t\t<h2 class=\"elementor-heading-title elementor-size-default\"><span style=\"text-transform: capitalize\">Exploitation<\/span> mini\u00e8re au<span style=\"text-transform: capitalize\"> Burkina : L\u2019Etat <\/span>c\u00e8de les mines de Tambao et d\u2019Inata \u00e0 Afro Turk pour 30 milliards de francs CFA<\/h2>\t\t\t\t<\/div>\n\t\t\t\t<\/div>\n\t\t\t\t\t<\/div>\n\t\t<\/div>\n\t\t\t\t\t<\/div>\n\t\t<\/section>\n\t\t\t\t<section class=\"elementor-section elementor-top-section elementor-element elementor-element-3be0ee1 elementor-section-content-middle elementor-section-boxed elementor-section-height-default elementor-section-height-default\" data-id=\"3be0ee1\" data-element_type=\"section\" data-e-type=\"section\" data-settings=\"{&quot;background_background&quot;:&quot;classic&quot;}\">\n\t\t\t\t\t\t\t<div class=\"elementor-background-overlay\"><\/div>\n\t\t\t\t\t\t\t<div class=\"elementor-container elementor-column-gap-no\">\n\t\t\t\t\t<div class=\"elementor-column elementor-col-50 elementor-top-column elementor-element elementor-element-650d5fc\" data-id=\"650d5fc\" data-element_type=\"column\" data-e-type=\"column\">\n\t\t\t<div class=\"elementor-widget-wrap elementor-element-populated\">\n\t\t\t\t\t\t<div class=\"elementor-element elementor-element-cac8cf2 elementor-widget elementor-widget-image\" data-id=\"cac8cf2\" data-element_type=\"widget\" data-e-type=\"widget\" data-widget_type=\"image.default\">\n\t\t\t\t<div class=\"elementor-widget-container\">\n\t\t\t\t\t\t\t\t\t\t\t\t\t\t\t<img fetchpriority=\"high\" decoding=\"async\" width=\"1600\" height=\"1066\" src=\"https:\/\/blog.hascorburkina.com\/wp-content\/uploads\/2023\/04\/arton121066.jpg\" class=\"attachment-full size-full wp-image-3089\" alt=\"\" srcset=\"https:\/\/blog.hascorburkina.com\/wp-content\/uploads\/2023\/04\/arton121066.jpg 1600w, https:\/\/blog.hascorburkina.com\/wp-content\/uploads\/2023\/04\/arton121066-600x400.jpg 600w, https:\/\/blog.hascorburkina.com\/wp-content\/uploads\/2023\/04\/arton121066-300x200.jpg 300w, https:\/\/blog.hascorburkina.com\/wp-content\/uploads\/2023\/04\/arton121066-1024x682.jpg 1024w, https:\/\/blog.hascorburkina.com\/wp-content\/uploads\/2023\/04\/arton121066-768x512.jpg 768w, https:\/\/blog.hascorburkina.com\/wp-content\/uploads\/2023\/04\/arton121066-1536x1023.jpg 1536w\" sizes=\"(max-width: 1600px) 100vw, 1600px\" \/>\t\t\t\t\t\t\t\t\t\t\t\t\t\t\t<\/div>\n\t\t\t\t<\/div>\n\t\t\t\t\t<\/div>\n\t\t<\/div>\n\t\t\t\t<div class=\"elementor-column elementor-col-50 elementor-top-column elementor-element elementor-element-17f8f77\" data-id=\"17f8f77\" data-element_type=\"column\" data-e-type=\"column\">\n\t\t\t<div class=\"elementor-widget-wrap elementor-element-populated\">\n\t\t\t\t\t\t<div class=\"elementor-element elementor-element-9835d88 elementor-widget elementor-widget-text-editor\" data-id=\"9835d88\" data-element_type=\"widget\" data-e-type=\"widget\" data-widget_type=\"text-editor.default\">\n\t\t\t\t<div class=\"elementor-widget-container\">\n\t\t\t\t\t\t\t\t\t<p><strong>En conseil des ministres du 1er mars 2023, le gouvernement burkinab\u00e8 avait d\u00e9cid\u00e9 d\u2019autoriser la cession des actifs miniers pour l\u2019exploitation industrielle du mangan\u00e8se de Tambao et de la grande mine d\u2019or d\u2019Inata \u00e0 la soci\u00e9t\u00e9 Afro Turk par une proc\u00e9dure d\u2019entente directe. Plus d\u2019un mois apr\u00e8s, le minist\u00e8re en charge de l\u2019\u00e9nergie et des carri\u00e8res, celui des mines et celui de l\u2019\u00e9conomie ont sign\u00e9 le contrat de cession. C\u2019\u00e9tait ce mardi 25 avril 2023 \u00e0 Ouagadougou, en pr\u00e9sence des responsables de la soci\u00e9t\u00e9 extractive.<\/strong><\/p><div class=\"article_content\"><p>Apr\u00e8s l\u2019\u00e9tape de la cession en conseil des ministres, cette signature de contrat marque une autre \u00e9tape franchie par l\u2019Etat burkinab\u00e8 et la soci\u00e9t\u00e9 extractive turque. Selon les explications du ministre en charge des mines, Simon-Pierre Boussim, l\u2019Etat burkinab\u00e8 a c\u00e9d\u00e9 \u00e0 Afro Turk le mangan\u00e8se de Tambao pour un montant de 28 milliards de francs CFA et la mine d\u2019or d\u2019Inata pour un montant de 2 milliards de francs, soit un total de 30 milliards de francs CFA. Toutefois, souligne le ministre, la signature du contrat ne donne pas imm\u00e9diatement un droit d\u2019exploitation \u00e0 Afro Turk Tambao et Afro Turk Inata qui devront encore d\u00e9poser une demande de permis d\u2019exploitation, conform\u00e9ment \u00e0 la r\u00e9glementation du code minier.<\/p><\/div>\t\t\t\t\t\t\t\t<\/div>\n\t\t\t\t<\/div>\n\t\t\t\t\t<\/div>\n\t\t<\/div>\n\t\t\t\t\t<\/div>\n\t\t<\/section>\n\t\t\t\t<section class=\"elementor-section elementor-top-section elementor-element elementor-element-81d14c2 elementor-section-boxed elementor-section-height-default elementor-section-height-default\" data-id=\"81d14c2\" data-element_type=\"section\" data-e-type=\"section\">\n\t\t\t\t\t\t<div class=\"elementor-container elementor-column-gap-default\">\n\t\t\t\t\t<div class=\"elementor-column elementor-col-100 elementor-top-column elementor-element elementor-element-127c69c\" data-id=\"127c69c\" data-element_type=\"column\" data-e-type=\"column\">\n\t\t\t<div class=\"elementor-widget-wrap elementor-element-populated\">\n\t\t\t\t\t\t<div class=\"elementor-element elementor-element-3369e25 elementor-widget elementor-widget-text-editor\" data-id=\"3369e25\" data-element_type=\"widget\" data-e-type=\"widget\" data-widget_type=\"text-editor.default\">\n\t\t\t\t<div class=\"elementor-widget-container\">\n\t\t\t\t\t\t\t\t\t<p>C\u2019est \u00e0 l\u2019issue de cette proc\u00e9dure que le gouvernement donnera l\u2019autorisation d\u2019exploitation. \u00ab\u00a0Cette signature va permettre \u00e0 ces soci\u00e9t\u00e9s d\u2019\u00eatre propri\u00e9taires de ces actifs miniers. A l\u2019\u00e9tape actuelle, avec cette signature, les soci\u00e9t\u00e9s ne sont pas d\u2019abord autoris\u00e9es \u00e0 l\u2019exploitation. Elles vont donc actualiser les \u00e9tudes technico-\u00e9conomiques et d\u00e9poser une demande pour qu\u2019on puisse leur autoriser l\u2019exploitation\u00a0\u00bb a-t-il expliqu\u00e9.<\/p><p>Dans son allocution, il a aussi exhort\u00e9 les soci\u00e9t\u00e9s au respect des termes du contrat, tout en rappelant leur contribution \u00e0 la lutte contre l\u2019ins\u00e9curit\u00e9 au Burkina Faso. Dans ces zones cibl\u00e9es, c\u2019est une question de s\u00e9curisation et cela fait partie des clauses du contrat, a-t-il rappel\u00e9 aux, soci\u00e9t\u00e9s avant d\u2019indiquer que l\u2019Etat burkinab\u00e8 demande \u00e0 ces soci\u00e9t\u00e9s de construire des bases pour les Forces de d\u00e9fense et de s\u00e9curit\u00e9 (FDS) dans le cadre de la lutte contre le terrorisme. En plus de la construction des bases pour les FDS, il aussi \u00e9voqu\u00e9 les questions de cr\u00e9ation d\u2019emplois pour les jeunes et le d\u00e9veloppement des communaut\u00e9s locales.<\/p><dl class=\"spip_document_149905 spip_documents spip_documents_center\"><dt><img decoding=\"async\" src=\"https:\/\/lefaso.net\/local\/cache-vignettes\/L600xH400\/ta3-6bcba.jpg?1682437999\" alt=\"\" width=\"600\" height=\"400\" \/><\/dt><dd class=\"spip_doc_descriptif\"><i>Le repr\u00e9sentant de la soci\u00e9t\u00e9 Afro Turk, Savas Balcik, s\u2019est engag\u00e9 \u00e0 respecter les clauses du contrat<\/i><\/dd><\/dl><p>Le repr\u00e9sentant de ces soci\u00e9t\u00e9s, Savas Balcik, dit prendre note des clauses du contrat \u00e9voqu\u00e9 par le premier responsable du d\u00e9partement des mines au Burkina. Ces soci\u00e9t\u00e9s, a-t-il dit, ont une grande exp\u00e9rience dans le domaine d\u2019exploitation des mines dans le monde. \u00ab\u00a0Nous sommes dans le domaine depuis 1938\u00a0\u00bb, a-t-il confi\u00e9.<br class=\"autobr\" \/>Faut-il le rappeler, cette d\u00e9cision de cession avait fait des gorges chaudes au sein de l\u2019opinion nationale parce que certains se sont montr\u00e9s tr\u00e8s inquiets de cette mani\u00e8re de proc\u00e9der par l\u2019Etat en octroyant des gisements importants par la proc\u00e9dure d\u2019entente directe.<\/p><p><strong>S.I.K<\/strong><\/p>\t\t\t\t\t\t\t\t<\/div>\n\t\t\t\t<\/div>\n\t\t\t\t\t<\/div>\n\t\t<\/div>\n\t\t\t\t\t<\/div>\n\t\t<\/section>\n\t\t\t\t<\/div>\n\t\t","protected":false},"excerpt":{"rendered":"<p>Exploitation mini\u00e8re au Burkina : L\u2019Etat c\u00e8de les mines de Tambao et d\u2019Inata \u00e0 Afro Turk pour 30 milliards de francs CFA En conseil des ministres du 1er mars 2023, le gouvernement burkinab\u00e8 avait d\u00e9cid\u00e9 d\u2019autoriser la cession des actifs miniers pour l\u2019exploitation industrielle du mangan\u00e8se de Tambao et de la grande mine d\u2019or d\u2019Inata [&hellip;]<\/p>\n","protected":false},"author":2,"featured_media":0,"parent":0,"menu_order":0,"comment_status":"closed","ping_status":"closed","template":"","meta":{"site-sidebar-layout":"no-sidebar","site-content-layout":"page-builder","ast-site-content-layout":"default","site-content-style":"default","site-sidebar-style":"default","ast-global-header-display":"","ast-banner-title-visibility":"","ast-main-header-display":"","ast-hfb-above-header-display":"","ast-hfb-below-header-display":"","ast-hfb-mobile-header-display":"","site-post-title":"disabled","ast-breadcrumbs-content":"","ast-featured-img":"disabled","footer-sml-layout":"","theme-transparent-header-meta":"","adv-header-id-meta":"","stick-header-meta":"","header-above-stick-meta":"","header-main-stick-meta":"","header-below-stick-meta":"","astra-migrate-meta-layouts":"default","ast-page-background-enabled":"default","ast-page-background-meta":{"desktop":{"background-color":"","background-image":"","background-repeat":"repeat","background-position":"center center","background-size":"auto","background-attachment":"scroll","background-type":"","background-media":"","overlay-type":"","overlay-color":"","overlay-opacity":"","overlay-gradient":""},"tablet":{"background-color":"","background-image":"","background-repeat":"repeat","background-position":"center center","background-size":"auto","background-attachment":"scroll","background-type":"","background-media":"","overlay-type":"","overlay-color":"","overlay-opacity":"","overlay-gradient":""},"mobile":{"background-color":"","background-image":"","background-repeat":"repeat","background-position":"center center","background-size":"auto","background-attachment":"scroll","background-type":"","background-media":"","overlay-type":"","overlay-color":"","overlay-opacity":"","overlay-gradient":""}},"ast-content-background-meta":{"desktop":{"background-color":"var(--ast-global-color-5)","background-image":"","background-repeat":"repeat","background-position":"center center","background-size":"auto","background-attachment":"scroll","background-type":"","background-media":"","overlay-type":"","overlay-color":"","overlay-opacity":"","overlay-gradient":""},"tablet":{"background-color":"var(--ast-global-color-5)","background-image":"","background-repeat":"repeat","background-position":"center center","background-size":"auto","background-attachment":"scroll","background-type":"","background-media":"","overlay-type":"","overlay-color":"","overlay-opacity":"","overlay-gradient":""},"mobile":{"background-color":"var(--ast-global-color-5)","background-image":"","background-repeat":"repeat","background-position":"center center","background-size":"auto","background-attachment":"scroll","background-type":"","background-media":"","overlay-type":"","overlay-color":"","overlay-opacity":"","overlay-gradient":""}},"footnotes":""},"class_list":["post-3090","page","type-page","status-publish","hentry"],"jetpack_sharing_enabled":true,"rttpg_featured_image_url":null,"rttpg_author":{"display_name":"Hascor Burkina","author_link":"https:\/\/blog.hascorburkina.com\/index.php\/author\/hascorblog\/"},"rttpg_comment":0,"rttpg_category":null,"rttpg_excerpt":"Exploitation mini\u00e8re au Burkina : L\u2019Etat c\u00e8de les mines de Tambao et d\u2019Inata \u00e0 Afro Turk pour 30 milliards de francs CFA En conseil des ministres du 1er mars 2023, le gouvernement burkinab\u00e8 avait d\u00e9cid\u00e9 d\u2019autoriser la cession des actifs miniers pour l\u2019exploitation industrielle du mangan\u00e8se de Tambao et de la grande mine d\u2019or d\u2019Inata\u2026","_links":{"self":[{"href":"https:\/\/blog.hascorburkina.com\/index.php\/wp-json\/wp\/v2\/pages\/3090","targetHints":{"allow":["GET"]}}],"collection":[{"href":"https:\/\/blog.hascorburkina.com\/index.php\/wp-json\/wp\/v2\/pages"}],"about":[{"href":"https:\/\/blog.hascorburkina.com\/index.php\/wp-json\/wp\/v2\/types\/page"}],"author":[{"embeddable":true,"href":"https:\/\/blog.hascorburkina.com\/index.php\/wp-json\/wp\/v2\/users\/2"}],"replies":[{"embeddable":true,"href":"https:\/\/blog.hascorburkina.com\/index.php\/wp-json\/wp\/v2\/comments?post=3090"}],"version-history":[{"count":4,"href":"https:\/\/blog.hascorburkina.com\/index.php\/wp-json\/wp\/v2\/pages\/3090\/revisions"}],"predecessor-version":[{"id":3095,"href":"https:\/\/blog.hascorburkina.com\/index.php\/wp-json\/wp\/v2\/pages\/3090\/revisions\/3095"}],"wp:attachment":[{"href":"https:\/\/blog.hascorburkina.com\/index.php\/wp-json\/wp\/v2\/media?parent=3090"}],"curies":[{"name":"wp","href":"https:\/\/api.w.org\/{rel}","templated":true}]}}