{"id":2960,"date":"2023-04-13T09:13:14","date_gmt":"2023-04-13T09:13:14","guid":{"rendered":"https:\/\/blog.hascorburkina.com\/?page_id=2960"},"modified":"2023-04-13T09:24:33","modified_gmt":"2023-04-13T09:24:33","slug":"actualiteb","status":"publish","type":"page","link":"https:\/\/blog.hascorburkina.com\/index.php\/actualiteb\/","title":{"rendered":"actualiteb"},"content":{"rendered":"\t\t<div data-elementor-type=\"wp-page\" data-elementor-id=\"2960\" class=\"elementor elementor-2960\">\n\t\t\t\t\t\t<section class=\"elementor-section elementor-top-section elementor-element elementor-element-a41d509 elementor-section-boxed elementor-section-height-default elementor-section-height-default\" data-id=\"a41d509\" data-element_type=\"section\" data-e-type=\"section\">\n\t\t\t\t\t\t<div class=\"elementor-container elementor-column-gap-default\">\n\t\t\t\t\t<div class=\"elementor-column elementor-col-100 elementor-top-column elementor-element elementor-element-26178bf\" data-id=\"26178bf\" data-element_type=\"column\" data-e-type=\"column\">\n\t\t\t<div class=\"elementor-widget-wrap elementor-element-populated\">\n\t\t\t\t\t\t<div class=\"elementor-element elementor-element-2d81a97 elementor-widget elementor-widget-heading\" data-id=\"2d81a97\" data-element_type=\"widget\" data-e-type=\"widget\" data-widget_type=\"heading.default\">\n\t\t\t\t<div class=\"elementor-widget-container\">\n\t\t\t\t\t<h2 class=\"elementor-heading-title elementor-size-default\"><span style=\"text-transform: capitalize\">Tarification <\/span>des communications \u00e9lectroniques au Burkina : L\u2019 <span style=\"text-transform: capitalize\">ARCEP<\/span> s\u2019explique et rassure les consommateurs<\/h2>\t\t\t\t<\/div>\n\t\t\t\t<\/div>\n\t\t\t\t\t<\/div>\n\t\t<\/div>\n\t\t\t\t\t<\/div>\n\t\t<\/section>\n\t\t\t\t<section class=\"elementor-section elementor-top-section elementor-element elementor-element-0bd39a3 elementor-section-content-middle elementor-section-boxed elementor-section-height-default elementor-section-height-default\" data-id=\"0bd39a3\" data-element_type=\"section\" data-e-type=\"section\" data-settings=\"{&quot;background_background&quot;:&quot;classic&quot;}\">\n\t\t\t\t\t\t\t<div class=\"elementor-background-overlay\"><\/div>\n\t\t\t\t\t\t\t<div class=\"elementor-container elementor-column-gap-no\">\n\t\t\t\t\t<div class=\"elementor-column elementor-col-50 elementor-top-column elementor-element elementor-element-fa7c2e8\" data-id=\"fa7c2e8\" data-element_type=\"column\" data-e-type=\"column\">\n\t\t\t<div class=\"elementor-widget-wrap elementor-element-populated\">\n\t\t\t\t\t\t<div class=\"elementor-element elementor-element-b00d6a8 elementor-widget elementor-widget-image\" data-id=\"b00d6a8\" data-element_type=\"widget\" data-e-type=\"widget\" data-widget_type=\"image.default\">\n\t\t\t\t<div class=\"elementor-widget-container\">\n\t\t\t\t\t\t\t\t\t\t\t\t\t\t\t<img fetchpriority=\"high\" decoding=\"async\" width=\"960\" height=\"513\" src=\"https:\/\/blog.hascorburkina.com\/wp-content\/uploads\/2023\/04\/arton120776.jpg\" class=\"attachment-full size-full wp-image-2959\" alt=\"\" srcset=\"https:\/\/blog.hascorburkina.com\/wp-content\/uploads\/2023\/04\/arton120776.jpg 960w, https:\/\/blog.hascorburkina.com\/wp-content\/uploads\/2023\/04\/arton120776-600x321.jpg 600w, https:\/\/blog.hascorburkina.com\/wp-content\/uploads\/2023\/04\/arton120776-300x160.jpg 300w, https:\/\/blog.hascorburkina.com\/wp-content\/uploads\/2023\/04\/arton120776-768x410.jpg 768w\" sizes=\"(max-width: 960px) 100vw, 960px\" \/>\t\t\t\t\t\t\t\t\t\t\t\t\t\t\t<\/div>\n\t\t\t\t<\/div>\n\t\t\t\t\t<\/div>\n\t\t<\/div>\n\t\t\t\t<div class=\"elementor-column elementor-col-50 elementor-top-column elementor-element elementor-element-300810f\" data-id=\"300810f\" data-element_type=\"column\" data-e-type=\"column\">\n\t\t\t<div class=\"elementor-widget-wrap elementor-element-populated\">\n\t\t\t\t\t\t<div class=\"elementor-element elementor-element-0cec311 elementor-widget elementor-widget-text-editor\" data-id=\"0cec311\" data-element_type=\"widget\" data-e-type=\"widget\" data-widget_type=\"text-editor.default\">\n\t\t\t\t<div class=\"elementor-widget-container\">\n\t\t\t\t\t\t\t\t\t<p><strong>Invit\u00e9e au journal t\u00e9l\u00e9vis\u00e9 de 20 h de la RTB de ce mercredi 12 avril 2023, la directrice de la r\u00e9gulation des march\u00e9s fixes et mobiles de l\u2019Autorit\u00e9 de r\u00e9gulation des communications \u00e9lectroniques et des postes (ARCEP-Burkina), Salamata Rouamba, a expliqu\u00e9 le r\u00f4le de son institution dans la r\u00e9gulation des prix des communications t\u00e9l\u00e9phoniques.<\/strong><\/p><div class=\"article_content\"><p>Elle a ainsi fait savoir que la question de la tarification des communications \u00e9lectroniques est libre au Burkina, conform\u00e9ment \u00e0 la lib\u00e9ralisation des prix, et qu\u2019il y a deux types de tarifs.<\/p><p>Il s\u2019agit notamment du tarif de gros appliqu\u00e9 entre deux op\u00e9rateurs, et celui de d\u00e9tails qui est appliqu\u00e9 au consommateur final.<\/p><\/div>\t\t\t\t\t\t\t\t<\/div>\n\t\t\t\t<\/div>\n\t\t\t\t\t<\/div>\n\t\t<\/div>\n\t\t\t\t\t<\/div>\n\t\t<\/section>\n\t\t\t\t<section class=\"elementor-section elementor-top-section elementor-element elementor-element-0c06eb2 elementor-section-boxed elementor-section-height-default elementor-section-height-default\" data-id=\"0c06eb2\" data-element_type=\"section\" data-e-type=\"section\">\n\t\t\t\t\t\t<div class=\"elementor-container elementor-column-gap-default\">\n\t\t\t\t\t<div class=\"elementor-column elementor-col-100 elementor-top-column elementor-element elementor-element-8a7f0e8\" data-id=\"8a7f0e8\" data-element_type=\"column\" data-e-type=\"column\">\n\t\t\t<div class=\"elementor-widget-wrap elementor-element-populated\">\n\t\t\t\t\t\t<div class=\"elementor-element elementor-element-4c5ffff elementor-widget elementor-widget-text-editor\" data-id=\"4c5ffff\" data-element_type=\"widget\" data-e-type=\"widget\" data-widget_type=\"text-editor.default\">\n\t\t\t\t<div class=\"elementor-widget-container\">\n\t\t\t\t\t\t\t\t\t<p>Mais ces tarifications sont encadr\u00e9es par la loi et des d\u00e9crets d\u2019application, selon ses explications. Ainsi, si l\u2019ARCEP intervient dans le contr\u00f4le du prix du gros (entre op\u00e9rateurs), celui du d\u00e9tail (appliqu\u00e9 aux consommateurs) par contre est laiss\u00e9 \u00e0 la libre d\u00e9cision des op\u00e9rateurs.<\/p><p>A l\u2019entendre la question de la baisse des tarifs n\u2019est pas \u00e0 l\u2019ordre du jour pour le moment, m\u00eame si Salamata Rouamba rassure qu\u2019un travail est en train d\u2019\u00eatre fait pour son am\u00e9lioration. Et en la mati\u00e8re, une relecture est pr\u00e9vue pour que ces tarifs soient revus \u00e0 la baisse.<\/p><p>L\u2019autre question sur laquelle la directrice a \u00e9t\u00e9 \u00e9galement interpell\u00e9e, c\u2019est la question de la transparence de la fixation de ces tarifs. Et elle a reconnu qu\u2019elle n\u2019est pas totale, mais l\u2019autorit\u00e9 travaille \u00e0 ce qu\u2019elle le soit.<\/p><p>En rappel, cette sortie publique de l\u2019Autorit\u00e9 de r\u00e9gulation des communications \u00e9lectroniques fait suite \u00e0 l\u2019actualit\u00e9 brulante de ces jours qui a \u00e9t\u00e9 marqu\u00e9e par la manifestation de m\u00e9contentement de consommateurs d\u00fb \u00e0 la chert\u00e9 du co\u00fbt de la connexion Internet au Burkina.<\/p>\t\t\t\t\t\t\t\t<\/div>\n\t\t\t\t<\/div>\n\t\t\t\t\t<\/div>\n\t\t<\/div>\n\t\t\t\t\t<\/div>\n\t\t<\/section>\n\t\t\t\t<\/div>\n\t\t","protected":false},"excerpt":{"rendered":"<p>Tarification des communications \u00e9lectroniques au Burkina : L\u2019 ARCEP s\u2019explique et rassure les consommateurs Invit\u00e9e au journal t\u00e9l\u00e9vis\u00e9 de 20 h de la RTB de ce mercredi 12 avril 2023, la directrice de la r\u00e9gulation des march\u00e9s fixes et mobiles de l\u2019Autorit\u00e9 de r\u00e9gulation des communications \u00e9lectroniques et des postes (ARCEP-Burkina), Salamata Rouamba, a expliqu\u00e9 [&hellip;]<\/p>\n","protected":false},"author":2,"featured_media":0,"parent":0,"menu_order":0,"comment_status":"closed","ping_status":"closed","template":"","meta":{"site-sidebar-layout":"no-sidebar","site-content-layout":"page-builder","ast-site-content-layout":"default","site-content-style":"default","site-sidebar-style":"default","ast-global-header-display":"","ast-banner-title-visibility":"","ast-main-header-display":"","ast-hfb-above-header-display":"","ast-hfb-below-header-display":"","ast-hfb-mobile-header-display":"","site-post-title":"disabled","ast-breadcrumbs-content":"","ast-featured-img":"disabled","footer-sml-layout":"","theme-transparent-header-meta":"","adv-header-id-meta":"","stick-header-meta":"","header-above-stick-meta":"","header-main-stick-meta":"","header-below-stick-meta":"","astra-migrate-meta-layouts":"default","ast-page-background-enabled":"default","ast-page-background-meta":{"desktop":{"background-color":"","background-image":"","background-repeat":"repeat","background-position":"center center","background-size":"auto","background-attachment":"scroll","background-type":"","background-media":"","overlay-type":"","overlay-color":"","overlay-opacity":"","overlay-gradient":""},"tablet":{"background-color":"","background-image":"","background-repeat":"repeat","background-position":"center center","background-size":"auto","background-attachment":"scroll","background-type":"","background-media":"","overlay-type":"","overlay-color":"","overlay-opacity":"","overlay-gradient":""},"mobile":{"background-color":"","background-image":"","background-repeat":"repeat","background-position":"center center","background-size":"auto","background-attachment":"scroll","background-type":"","background-media":"","overlay-type":"","overlay-color":"","overlay-opacity":"","overlay-gradient":""}},"ast-content-background-meta":{"desktop":{"background-color":"var(--ast-global-color-5)","background-image":"","background-repeat":"repeat","background-position":"center center","background-size":"auto","background-attachment":"scroll","background-type":"","background-media":"","overlay-type":"","overlay-color":"","overlay-opacity":"","overlay-gradient":""},"tablet":{"background-color":"var(--ast-global-color-5)","background-image":"","background-repeat":"repeat","background-position":"center center","background-size":"auto","background-attachment":"scroll","background-type":"","background-media":"","overlay-type":"","overlay-color":"","overlay-opacity":"","overlay-gradient":""},"mobile":{"background-color":"var(--ast-global-color-5)","background-image":"","background-repeat":"repeat","background-position":"center center","background-size":"auto","background-attachment":"scroll","background-type":"","background-media":"","overlay-type":"","overlay-color":"","overlay-opacity":"","overlay-gradient":""}},"footnotes":""},"class_list":["post-2960","page","type-page","status-publish","hentry"],"jetpack_sharing_enabled":true,"rttpg_featured_image_url":null,"rttpg_author":{"display_name":"Hascor Burkina","author_link":"https:\/\/blog.hascorburkina.com\/index.php\/author\/hascorblog\/"},"rttpg_comment":0,"rttpg_category":null,"rttpg_excerpt":"Tarification des communications \u00e9lectroniques au Burkina : L\u2019 ARCEP s\u2019explique et rassure les consommateurs Invit\u00e9e au journal t\u00e9l\u00e9vis\u00e9 de 20 h de la RTB de ce mercredi 12 avril 2023, la directrice de la r\u00e9gulation des march\u00e9s fixes et mobiles de l\u2019Autorit\u00e9 de r\u00e9gulation des communications \u00e9lectroniques et des postes (ARCEP-Burkina), Salamata Rouamba, a expliqu\u00e9\u2026","_links":{"self":[{"href":"https:\/\/blog.hascorburkina.com\/index.php\/wp-json\/wp\/v2\/pages\/2960","targetHints":{"allow":["GET"]}}],"collection":[{"href":"https:\/\/blog.hascorburkina.com\/index.php\/wp-json\/wp\/v2\/pages"}],"about":[{"href":"https:\/\/blog.hascorburkina.com\/index.php\/wp-json\/wp\/v2\/types\/page"}],"author":[{"embeddable":true,"href":"https:\/\/blog.hascorburkina.com\/index.php\/wp-json\/wp\/v2\/users\/2"}],"replies":[{"embeddable":true,"href":"https:\/\/blog.hascorburkina.com\/index.php\/wp-json\/wp\/v2\/comments?post=2960"}],"version-history":[{"count":4,"href":"https:\/\/blog.hascorburkina.com\/index.php\/wp-json\/wp\/v2\/pages\/2960\/revisions"}],"predecessor-version":[{"id":2968,"href":"https:\/\/blog.hascorburkina.com\/index.php\/wp-json\/wp\/v2\/pages\/2960\/revisions\/2968"}],"wp:attachment":[{"href":"https:\/\/blog.hascorburkina.com\/index.php\/wp-json\/wp\/v2\/media?parent=2960"}],"curies":[{"name":"wp","href":"https:\/\/api.w.org\/{rel}","templated":true}]}}