{"id":2937,"date":"2023-04-11T08:45:47","date_gmt":"2023-04-11T08:45:47","guid":{"rendered":"https:\/\/blog.hascorburkina.com\/?page_id=2937"},"modified":"2023-04-11T08:47:08","modified_gmt":"2023-04-11T08:47:08","slug":"article22","status":"publish","type":"page","link":"https:\/\/blog.hascorburkina.com\/index.php\/article22\/","title":{"rendered":"article22"},"content":{"rendered":"\t\t<div data-elementor-type=\"wp-page\" data-elementor-id=\"2937\" class=\"elementor elementor-2937\">\n\t\t\t\t\t\t<section class=\"elementor-section elementor-top-section elementor-element elementor-element-b8039e9 elementor-section-boxed elementor-section-height-default elementor-section-height-default\" data-id=\"b8039e9\" data-element_type=\"section\" data-e-type=\"section\">\n\t\t\t\t\t\t<div class=\"elementor-container elementor-column-gap-default\">\n\t\t\t\t\t<div class=\"elementor-column elementor-col-100 elementor-top-column elementor-element elementor-element-4e14891\" data-id=\"4e14891\" data-element_type=\"column\" data-e-type=\"column\">\n\t\t\t<div class=\"elementor-widget-wrap elementor-element-populated\">\n\t\t\t\t\t\t<div class=\"elementor-element elementor-element-f67f2c0 elementor-widget elementor-widget-heading\" data-id=\"f67f2c0\" data-element_type=\"widget\" data-e-type=\"widget\" data-widget_type=\"heading.default\">\n\t\t\t\t<div class=\"elementor-widget-container\">\n\t\t\t\t\t<h2 class=\"elementor-heading-title elementor-size-default\"><span style=\"text-transform: capitalize\">Situation<\/span> nationale : Le pr\u00e9sident du PPS,<span style=\"text-transform: capitalize\"> Abdoulaye Moss\u00e9, <\/span>invite au renforcement de l\u2019union et du patriotisme<\/h2>\t\t\t\t<\/div>\n\t\t\t\t<\/div>\n\t\t\t\t\t<\/div>\n\t\t<\/div>\n\t\t\t\t\t<\/div>\n\t\t<\/section>\n\t\t\t\t<section class=\"elementor-section elementor-top-section elementor-element elementor-element-dbb55f8 elementor-section-content-middle elementor-section-boxed elementor-section-height-default elementor-section-height-default\" data-id=\"dbb55f8\" data-element_type=\"section\" data-e-type=\"section\" data-settings=\"{&quot;background_background&quot;:&quot;classic&quot;}\">\n\t\t\t\t\t\t\t<div class=\"elementor-background-overlay\"><\/div>\n\t\t\t\t\t\t\t<div class=\"elementor-container elementor-column-gap-no\">\n\t\t\t\t\t<div class=\"elementor-column elementor-col-50 elementor-top-column elementor-element elementor-element-a777bf2\" data-id=\"a777bf2\" data-element_type=\"column\" data-e-type=\"column\">\n\t\t\t<div class=\"elementor-widget-wrap elementor-element-populated\">\n\t\t\t\t\t\t<div class=\"elementor-element elementor-element-481e566 elementor-widget elementor-widget-image\" data-id=\"481e566\" data-element_type=\"widget\" data-e-type=\"widget\" data-widget_type=\"image.default\">\n\t\t\t\t<div class=\"elementor-widget-container\">\n\t\t\t\t\t\t\t\t\t\t\t\t\t\t\t<img fetchpriority=\"high\" decoding=\"async\" width=\"715\" height=\"466\" src=\"https:\/\/blog.hascorburkina.com\/wp-content\/uploads\/2023\/04\/arton120716.jpg\" class=\"attachment-full size-full wp-image-2935\" alt=\"\" srcset=\"https:\/\/blog.hascorburkina.com\/wp-content\/uploads\/2023\/04\/arton120716.jpg 715w, https:\/\/blog.hascorburkina.com\/wp-content\/uploads\/2023\/04\/arton120716-600x391.jpg 600w, https:\/\/blog.hascorburkina.com\/wp-content\/uploads\/2023\/04\/arton120716-300x196.jpg 300w\" sizes=\"(max-width: 715px) 100vw, 715px\" \/>\t\t\t\t\t\t\t\t\t\t\t\t\t\t\t<\/div>\n\t\t\t\t<\/div>\n\t\t\t\t\t<\/div>\n\t\t<\/div>\n\t\t\t\t<div class=\"elementor-column elementor-col-50 elementor-top-column elementor-element elementor-element-92c15ef\" data-id=\"92c15ef\" data-element_type=\"column\" data-e-type=\"column\">\n\t\t\t<div class=\"elementor-widget-wrap elementor-element-populated\">\n\t\t\t\t\t\t<div class=\"elementor-element elementor-element-aca7f0e elementor-widget elementor-widget-text-editor\" data-id=\"aca7f0e\" data-element_type=\"widget\" data-e-type=\"widget\" data-widget_type=\"text-editor.default\">\n\t\t\t\t<div class=\"elementor-widget-container\">\n\t\t\t\t\t\t\t\t\t<p><strong>Une d\u00e9l\u00e9gation du Parti panafricain pour le Salut (PPS), conduite par son pr\u00e9sident, Abdoulaye Moss\u00e9, a effectu\u00e9, ce lundi 10 avril 2023, une \u00ab\u00a0visite de solidarit\u00e9\u00a0\u00bb au Cercle d\u2019\u00e9tudes, de recherches et de formation islamiques (CERFI) et \u00e0 l\u2019Association des \u00e9l\u00e8ves et \u00e9tudiants musulmans au Burkina (A.E.E.M.B). Une visite au cours de laquelle, le parti a remis plusieurs cartons de sucre \u00ab\u00a0pour accompagner\u00a0\u00bb le je\u00fbne.<\/strong><\/p><div class=\"article_content\"><p>\u00ab\u00a0Il faudra faire en sorte que cette p\u00e9riode tr\u00e8s difficile pour le Burkina Faso, pour tout le monde&#8230; raffermisse la coh\u00e9sion sociale. C\u2019est dans l\u2019union et la coh\u00e9sion que le pays peut se construire\u00a0\u00bb, a lanc\u00e9 le pr\u00e9sident du PPS, Abdoulaye Moss\u00e9.<br class=\"autobr\" \/>Selon l\u2019ancien vice-Pr\u00e9sident de l\u2019Assembl\u00e9e nationale, cette d\u00e9marche de son parti est une expression de solidarit\u00e9 vis-\u00e0-vis de ces associations qui contribuent \u00e0 \u0153uvrer pour la promotion de la paix, la coh\u00e9sion sociale et du vivre-ensemble.<\/p><\/div>\t\t\t\t\t\t\t\t<\/div>\n\t\t\t\t<\/div>\n\t\t\t\t\t<\/div>\n\t\t<\/div>\n\t\t\t\t\t<\/div>\n\t\t<\/section>\n\t\t\t\t<section class=\"elementor-section elementor-top-section elementor-element elementor-element-99355de elementor-section-boxed elementor-section-height-default elementor-section-height-default\" data-id=\"99355de\" data-element_type=\"section\" data-e-type=\"section\">\n\t\t\t\t\t\t<div class=\"elementor-container elementor-column-gap-default\">\n\t\t\t\t\t<div class=\"elementor-column elementor-col-100 elementor-top-column elementor-element elementor-element-17ec0fb\" data-id=\"17ec0fb\" data-element_type=\"column\" data-e-type=\"column\">\n\t\t\t<div class=\"elementor-widget-wrap elementor-element-populated\">\n\t\t\t\t\t\t<div class=\"elementor-element elementor-element-ed2f5d2 elementor-widget elementor-widget-text-editor\" data-id=\"ed2f5d2\" data-element_type=\"widget\" data-e-type=\"widget\" data-widget_type=\"text-editor.default\">\n\t\t\t\t<div class=\"elementor-widget-container\">\n\t\t\t\t\t\t\t\t\t<dl class=\"spip_document_149360 spip_documents spip_documents_center\"><dt><img decoding=\"async\" src=\"https:\/\/lefaso.net\/local\/cache-vignettes\/L600xH400\/whatsapp_image_2023-04-10_at_20.32.50-ba190.jpg?1681161454\" alt=\"\" width=\"600\" height=\"400\" \/><\/dt><dd class=\"spip_doc_descriptif\">Poign\u00e9e de mains entre Abdoulaye Moss\u00e9 et le pr\u00e9sident de l\u2019A.E.E.M.B (\u00e0 gauche).<\/dd><\/dl><p>Le pr\u00e9sident du CERFI, Hamidou Yam\u00e9ogo, appr\u00e9cie cette \u00ab\u00a0d\u00e9marche citoyenne et solidaire\u00a0\u00bb qui, dit-il, permettra \u00e0 l\u2019organisation d\u2019\u00e9largir la cha\u00eene de solidarit\u00e9 et de faire en sorte que de nombreux Burkinab\u00e8 \u00ab\u00a0puissent rompre le je\u00fbne dignement\u00a0\u00bb.<\/p><p>\u00ab\u00a0Depuis quelques ann\u00e9es, le Burkina Faso fait face \u00e0 des d\u00e9fis s\u00e9curitaire et humanitaire\u00a0; ce geste de solidarit\u00e9 nous aide \u00e0 \u00eatre efficaces sur le terrain de l\u2019humanitaire et de la solidarit\u00e9 nationale\u00a0\u00bb, accueille le porte-parole du CERFI, Hamidou Yam\u00e9ogo.<\/p><dl class=\"spip_document_149361 spip_documents spip_documents_center\"><dt><img decoding=\"async\" src=\"https:\/\/lefaso.net\/local\/cache-vignettes\/L600xH401\/whatsapp_image_2023-04-10_at_20.39.32-1f8df.jpg?1681161454\" alt=\"\" width=\"600\" height=\"401\" \/><\/dt><dd class=\"spip_doc_descriptif\">Quelques membres de la d\u00e9l\u00e9gation du PPS<\/dd><\/dl><p>Le pr\u00e9sident A.E.E.M.B, Sada Kabor\u00e9, ajoute que ce don va accompagner les ruptures collectives, notamment dans des \u00e9coles et universit\u00e9s.<\/p><p><strong>O.L.<\/strong><\/p>\t\t\t\t\t\t\t\t<\/div>\n\t\t\t\t<\/div>\n\t\t\t\t\t<\/div>\n\t\t<\/div>\n\t\t\t\t\t<\/div>\n\t\t<\/section>\n\t\t\t\t<\/div>\n\t\t","protected":false},"excerpt":{"rendered":"<p>Situation nationale : Le pr\u00e9sident du PPS, Abdoulaye Moss\u00e9, invite au renforcement de l\u2019union et du patriotisme Une d\u00e9l\u00e9gation du Parti panafricain pour le Salut (PPS), conduite par son pr\u00e9sident, Abdoulaye Moss\u00e9, a effectu\u00e9, ce lundi 10 avril 2023, une \u00ab\u00a0visite de solidarit\u00e9\u00a0\u00bb au Cercle d\u2019\u00e9tudes, de recherches et de formation islamiques (CERFI) et \u00e0 [&hellip;]<\/p>\n","protected":false},"author":2,"featured_media":0,"parent":0,"menu_order":0,"comment_status":"closed","ping_status":"closed","template":"","meta":{"site-sidebar-layout":"no-sidebar","site-content-layout":"page-builder","ast-site-content-layout":"default","site-content-style":"default","site-sidebar-style":"default","ast-global-header-display":"","ast-banner-title-visibility":"","ast-main-header-display":"","ast-hfb-above-header-display":"","ast-hfb-below-header-display":"","ast-hfb-mobile-header-display":"","site-post-title":"disabled","ast-breadcrumbs-content":"","ast-featured-img":"disabled","footer-sml-layout":"","theme-transparent-header-meta":"","adv-header-id-meta":"","stick-header-meta":"","header-above-stick-meta":"","header-main-stick-meta":"","header-below-stick-meta":"","astra-migrate-meta-layouts":"default","ast-page-background-enabled":"default","ast-page-background-meta":{"desktop":{"background-color":"","background-image":"","background-repeat":"repeat","background-position":"center center","background-size":"auto","background-attachment":"scroll","background-type":"","background-media":"","overlay-type":"","overlay-color":"","overlay-opacity":"","overlay-gradient":""},"tablet":{"background-color":"","background-image":"","background-repeat":"repeat","background-position":"center center","background-size":"auto","background-attachment":"scroll","background-type":"","background-media":"","overlay-type":"","overlay-color":"","overlay-opacity":"","overlay-gradient":""},"mobile":{"background-color":"","background-image":"","background-repeat":"repeat","background-position":"center center","background-size":"auto","background-attachment":"scroll","background-type":"","background-media":"","overlay-type":"","overlay-color":"","overlay-opacity":"","overlay-gradient":""}},"ast-content-background-meta":{"desktop":{"background-color":"var(--ast-global-color-5)","background-image":"","background-repeat":"repeat","background-position":"center center","background-size":"auto","background-attachment":"scroll","background-type":"","background-media":"","overlay-type":"","overlay-color":"","overlay-opacity":"","overlay-gradient":""},"tablet":{"background-color":"var(--ast-global-color-5)","background-image":"","background-repeat":"repeat","background-position":"center center","background-size":"auto","background-attachment":"scroll","background-type":"","background-media":"","overlay-type":"","overlay-color":"","overlay-opacity":"","overlay-gradient":""},"mobile":{"background-color":"var(--ast-global-color-5)","background-image":"","background-repeat":"repeat","background-position":"center center","background-size":"auto","background-attachment":"scroll","background-type":"","background-media":"","overlay-type":"","overlay-color":"","overlay-opacity":"","overlay-gradient":""}},"footnotes":""},"class_list":["post-2937","page","type-page","status-publish","hentry"],"jetpack_sharing_enabled":true,"rttpg_featured_image_url":null,"rttpg_author":{"display_name":"Hascor Burkina","author_link":"https:\/\/blog.hascorburkina.com\/index.php\/author\/hascorblog\/"},"rttpg_comment":0,"rttpg_category":null,"rttpg_excerpt":"Situation nationale : Le pr\u00e9sident du PPS, Abdoulaye Moss\u00e9, invite au renforcement de l\u2019union et du patriotisme Une d\u00e9l\u00e9gation du Parti panafricain pour le Salut (PPS), conduite par son pr\u00e9sident, Abdoulaye Moss\u00e9, a effectu\u00e9, ce lundi 10 avril 2023, une \u00ab\u00a0visite de solidarit\u00e9\u00a0\u00bb au Cercle d\u2019\u00e9tudes, de recherches et de formation islamiques (CERFI) et \u00e0\u2026","_links":{"self":[{"href":"https:\/\/blog.hascorburkina.com\/index.php\/wp-json\/wp\/v2\/pages\/2937","targetHints":{"allow":["GET"]}}],"collection":[{"href":"https:\/\/blog.hascorburkina.com\/index.php\/wp-json\/wp\/v2\/pages"}],"about":[{"href":"https:\/\/blog.hascorburkina.com\/index.php\/wp-json\/wp\/v2\/types\/page"}],"author":[{"embeddable":true,"href":"https:\/\/blog.hascorburkina.com\/index.php\/wp-json\/wp\/v2\/users\/2"}],"replies":[{"embeddable":true,"href":"https:\/\/blog.hascorburkina.com\/index.php\/wp-json\/wp\/v2\/comments?post=2937"}],"version-history":[{"count":4,"href":"https:\/\/blog.hascorburkina.com\/index.php\/wp-json\/wp\/v2\/pages\/2937\/revisions"}],"predecessor-version":[{"id":2942,"href":"https:\/\/blog.hascorburkina.com\/index.php\/wp-json\/wp\/v2\/pages\/2937\/revisions\/2942"}],"wp:attachment":[{"href":"https:\/\/blog.hascorburkina.com\/index.php\/wp-json\/wp\/v2\/media?parent=2937"}],"curies":[{"name":"wp","href":"https:\/\/api.w.org\/{rel}","templated":true}]}}