{"id":2777,"date":"2023-03-25T10:50:34","date_gmt":"2023-03-25T10:50:34","guid":{"rendered":"https:\/\/blog.hascorburkina.com\/?page_id=2777"},"modified":"2023-04-04T09:47:50","modified_gmt":"2023-04-04T09:47:50","slug":"arti","status":"publish","type":"page","link":"https:\/\/blog.hascorburkina.com\/index.php\/arti\/","title":{"rendered":"arti"},"content":{"rendered":"\t\t<div data-elementor-type=\"wp-page\" data-elementor-id=\"2777\" class=\"elementor elementor-2777\">\n\t\t\t\t\t\t<section class=\"elementor-section elementor-top-section elementor-element elementor-element-2277621 elementor-section-boxed elementor-section-height-default elementor-section-height-default\" data-id=\"2277621\" data-element_type=\"section\" data-e-type=\"section\">\n\t\t\t\t\t\t<div class=\"elementor-container elementor-column-gap-default\">\n\t\t\t\t\t<div class=\"elementor-column elementor-col-100 elementor-top-column elementor-element elementor-element-983fc61\" data-id=\"983fc61\" data-element_type=\"column\" data-e-type=\"column\">\n\t\t\t<div class=\"elementor-widget-wrap elementor-element-populated\">\n\t\t\t\t\t\t<div class=\"elementor-element elementor-element-c5e00ef elementor-widget elementor-widget-heading\" data-id=\"c5e00ef\" data-element_type=\"widget\" data-e-type=\"widget\" data-widget_type=\"heading.default\">\n\t\t\t\t<div class=\"elementor-widget-container\">\n\t\t\t\t\t<h2 class=\"elementor-heading-title elementor-size-default\">Witti Finances Burkina Faso : Lancement des activit\u00e9s \u00e0 Ouagadougou<\/h2>\t\t\t\t<\/div>\n\t\t\t\t<\/div>\n\t\t\t\t\t<\/div>\n\t\t<\/div>\n\t\t\t\t\t<\/div>\n\t\t<\/section>\n\t\t\t\t<section class=\"elementor-section elementor-top-section elementor-element elementor-element-6e08ef1 elementor-section-content-middle elementor-section-boxed elementor-section-height-default elementor-section-height-default\" data-id=\"6e08ef1\" data-element_type=\"section\" data-e-type=\"section\" data-settings=\"{&quot;background_background&quot;:&quot;classic&quot;}\">\n\t\t\t\t\t\t\t<div class=\"elementor-background-overlay\"><\/div>\n\t\t\t\t\t\t\t<div class=\"elementor-container elementor-column-gap-no\">\n\t\t\t\t\t<div class=\"elementor-column elementor-col-50 elementor-top-column elementor-element elementor-element-fcd4116\" data-id=\"fcd4116\" data-element_type=\"column\" data-e-type=\"column\">\n\t\t\t<div class=\"elementor-widget-wrap elementor-element-populated\">\n\t\t\t\t\t\t<div class=\"elementor-element elementor-element-4f31b7b elementor-widget elementor-widget-image\" data-id=\"4f31b7b\" data-element_type=\"widget\" data-e-type=\"widget\" data-widget_type=\"image.default\">\n\t\t\t\t<div class=\"elementor-widget-container\">\n\t\t\t\t\t\t\t\t\t\t\t\t\t\t\t<img fetchpriority=\"high\" decoding=\"async\" width=\"1024\" height=\"768\" src=\"https:\/\/blog.hascorburkina.com\/wp-content\/uploads\/2023\/03\/arton120326.jpg\" class=\"attachment-full size-full wp-image-2776\" alt=\"\" srcset=\"https:\/\/blog.hascorburkina.com\/wp-content\/uploads\/2023\/03\/arton120326.jpg 1024w, https:\/\/blog.hascorburkina.com\/wp-content\/uploads\/2023\/03\/arton120326-600x450.jpg 600w, https:\/\/blog.hascorburkina.com\/wp-content\/uploads\/2023\/03\/arton120326-300x225.jpg 300w, https:\/\/blog.hascorburkina.com\/wp-content\/uploads\/2023\/03\/arton120326-768x576.jpg 768w\" sizes=\"(max-width: 1024px) 100vw, 1024px\" \/>\t\t\t\t\t\t\t\t\t\t\t\t\t\t\t<\/div>\n\t\t\t\t<\/div>\n\t\t\t\t\t<\/div>\n\t\t<\/div>\n\t\t\t\t<div class=\"elementor-column elementor-col-50 elementor-top-column elementor-element elementor-element-3a8e5f1\" data-id=\"3a8e5f1\" data-element_type=\"column\" data-e-type=\"column\">\n\t\t\t<div class=\"elementor-widget-wrap elementor-element-populated\">\n\t\t\t\t\t\t<div class=\"elementor-element elementor-element-ee8c273 elementor-widget elementor-widget-text-editor\" data-id=\"ee8c273\" data-element_type=\"widget\" data-e-type=\"widget\" data-widget_type=\"text-editor.default\">\n\t\t\t\t<div class=\"elementor-widget-container\">\n\t\t\t\t\t\t\t\t\t<p><strong>La Charg\u00e9e de missions du minist\u00e8re de l\u2019\u00e9conomie, Madiara Sagnon\/Tou, a proc\u00e9d\u00e9 au lancement officiel des activit\u00e9s de Witti Finances au Burkina Faso, ce 21 mars 2023. La c\u00e9r\u00e9monie s\u2019est d\u00e9roul\u00e9e au si\u00e8ge de ladite structure sis \u00e0 l\u2019avenue Kwam\u00e9 Nkrumah. En seulement deux mois d\u2019exploitation commerciale, l\u2019institution a d\u00e9j\u00e0 inject\u00e9 plus de 2 milliards de francs CFA de volume de cr\u00e9dit dans l\u2019\u00e9conomie burkinab\u00e8. A ce jour, elle dispose d\u2019un portefeuille client\u00e8le de plus de 1000 comptes. En termes de perspective pour 2023, c\u2019est environ 20 milliards de francs CFA que Witti Finances compte injecter dans l\u2019\u00e9conomie burkinab\u00e8.<\/strong><\/p><p>Witti Finances est un Groupe de syst\u00e8mes financi\u00e8rs d\u00e9centralis\u00e9s \u00e0 vocation panafricaine dont l\u2019objectif principal est d\u2019offrir des produits et services financiers \u00e0 des personnes qui n\u2019ont pas acc\u00e8s aux offres propos\u00e9es par les \u00e9tablissements financiers classiques.<\/p>\t\t\t\t\t\t\t\t<\/div>\n\t\t\t\t<\/div>\n\t\t\t\t\t<\/div>\n\t\t<\/div>\n\t\t\t\t\t<\/div>\n\t\t<\/section>\n\t\t\t\t<section class=\"elementor-section elementor-top-section elementor-element elementor-element-0a68970 elementor-section-boxed elementor-section-height-default elementor-section-height-default\" data-id=\"0a68970\" data-element_type=\"section\" data-e-type=\"section\">\n\t\t\t\t\t\t<div class=\"elementor-container elementor-column-gap-default\">\n\t\t\t\t\t<div class=\"elementor-column elementor-col-100 elementor-top-column elementor-element elementor-element-5577c54\" data-id=\"5577c54\" data-element_type=\"column\" data-e-type=\"column\">\n\t\t\t<div class=\"elementor-widget-wrap elementor-element-populated\">\n\t\t\t\t\t\t<div class=\"elementor-element elementor-element-07a64eb elementor-widget elementor-widget-text-editor\" data-id=\"07a64eb\" data-element_type=\"widget\" data-e-type=\"widget\" data-widget_type=\"text-editor.default\">\n\t\t\t\t<div class=\"elementor-widget-container\">\n\t\t\t\t\t\t\t\t\t<p>Apr\u00e8s avoir d\u00e9marr\u00e9 ses activit\u00e9s en C\u00f4te d\u2019Ivoire avec l\u2019ouverture de sa premi\u00e8re filiale qui figure parmi les plus importants sur le march\u00e9 ivoirien, l\u2019institution ambitionne d\u2019\u00e9tendre son r\u00e9seau dans la sous-r\u00e9gion et dans le reste du monde.<\/p><p>Dans cette dynamique, en d\u00e9cembre 2022, elle s\u2019implante au Burkina Faso, dans une dynamique fortement orient\u00e9e vers le financement des Petites et moyennes entreprises (PME) qui repr\u00e9sentent 90% du tissu \u00e9conomique du pays, mais dans laquelle les besoins des particuliers sont \u00e9galement adress\u00e9s. Le r\u00e9seau de Witti Finances Burkina Faso compte \u00e0 ce jour, une agence d\u00e9nomm\u00e9e \u00ab Agence Kwam\u00e9.<\/p><p>A travers le lancement officiel de ses activit\u00e9s intervenues ce 21 mars 2023, Witti Finances figure d\u00e9sormais dans le syst\u00e8me bancaire burkinab\u00e8. Ce qui renforcera son positionnement et son emprunt qui veut \u00e0 coup s\u00fbr apporter une nouvelle dynamique aux efforts de croissance qu\u2019\u00e9mane le secteur priv\u00e9 au Burkina Faso.<\/p><p>\u00ab\u00a0Oui, \u00e0 Witti Finances, nous accompagnons nos clients avec finesse et agilit\u00e9 \u00e0 grandir et \u00e0 se positionner avec assurance et leadership dans la cha\u00eene \u00e9conomique\u00a0\u00bb, a d\u00e9clar\u00e9 le directeur g\u00e9n\u00e9ral (DG), Jo\u00ebl Ky, un jeune financier empreint de leadership, apr\u00e8s avoir r\u00e9it\u00e9r\u00e9 ses remerciements aux premiers clients qui ont plac\u00e9s leur confiance en eux d\u00e8s les premi\u00e8res heures. Conscient des besoins sp\u00e9cifiques de la client\u00e8le cible, Witti Finances Burkina Faso se distingue des standards du financement classique en proposant un accompagnement personnalis\u00e9 et sur mesure.<\/p>\t\t\t\t\t\t\t\t<\/div>\n\t\t\t\t<\/div>\n\t\t\t\t\t<\/div>\n\t\t<\/div>\n\t\t\t\t\t<\/div>\n\t\t<\/section>\n\t\t\t\t<section class=\"elementor-section elementor-top-section elementor-element elementor-element-f7972aa elementor-section-boxed elementor-section-height-default elementor-section-height-default\" data-id=\"f7972aa\" data-element_type=\"section\" data-e-type=\"section\">\n\t\t\t\t\t\t<div class=\"elementor-container elementor-column-gap-default\">\n\t\t\t\t\t<div class=\"elementor-column elementor-col-100 elementor-top-column elementor-element elementor-element-f79e828\" data-id=\"f79e828\" data-element_type=\"column\" data-e-type=\"column\">\n\t\t\t<div class=\"elementor-widget-wrap elementor-element-populated\">\n\t\t\t\t\t\t<div class=\"elementor-element elementor-element-daa8732 elementor-widget elementor-widget-video\" data-id=\"daa8732\" data-element_type=\"widget\" data-e-type=\"widget\" data-settings=\"{&quot;youtube_url&quot;:&quot;https:\\\/\\\/www.youtube.com\\\/watch?v=ngCLTjrzMog&amp;t=59s&quot;,&quot;video_type&quot;:&quot;youtube&quot;,&quot;controls&quot;:&quot;yes&quot;}\" data-widget_type=\"video.default\">\n\t\t\t\t<div class=\"elementor-widget-container\">\n\t\t\t\t\t\t\t<div class=\"elementor-wrapper elementor-open-inline\">\n\t\t\t<div class=\"elementor-video\"><\/div>\t\t<\/div>\n\t\t\t\t\t\t<\/div>\n\t\t\t\t<\/div>\n\t\t\t\t\t<\/div>\n\t\t<\/div>\n\t\t\t\t\t<\/div>\n\t\t<\/section>\n\t\t\t\t<\/div>\n\t\t","protected":false},"excerpt":{"rendered":"<p>Witti Finances Burkina Faso : Lancement des activit\u00e9s \u00e0 Ouagadougou La Charg\u00e9e de missions du minist\u00e8re de l\u2019\u00e9conomie, Madiara Sagnon\/Tou, a proc\u00e9d\u00e9 au lancement officiel des activit\u00e9s de Witti Finances au Burkina Faso, ce 21 mars 2023. La c\u00e9r\u00e9monie s\u2019est d\u00e9roul\u00e9e au si\u00e8ge de ladite structure sis \u00e0 l\u2019avenue Kwam\u00e9 Nkrumah. En seulement deux mois [&hellip;]<\/p>\n","protected":false},"author":2,"featured_media":0,"parent":0,"menu_order":0,"comment_status":"closed","ping_status":"closed","template":"","meta":{"site-sidebar-layout":"no-sidebar","site-content-layout":"page-builder","ast-site-content-layout":"default","site-content-style":"default","site-sidebar-style":"default","ast-global-header-display":"","ast-banner-title-visibility":"","ast-main-header-display":"","ast-hfb-above-header-display":"","ast-hfb-below-header-display":"","ast-hfb-mobile-header-display":"","site-post-title":"disabled","ast-breadcrumbs-content":"","ast-featured-img":"disabled","footer-sml-layout":"","theme-transparent-header-meta":"","adv-header-id-meta":"","stick-header-meta":"","header-above-stick-meta":"","header-main-stick-meta":"","header-below-stick-meta":"","astra-migrate-meta-layouts":"default","ast-page-background-enabled":"default","ast-page-background-meta":{"desktop":{"background-color":"","background-image":"","background-repeat":"repeat","background-position":"center center","background-size":"auto","background-attachment":"scroll","background-type":"","background-media":"","overlay-type":"","overlay-color":"","overlay-opacity":"","overlay-gradient":""},"tablet":{"background-color":"","background-image":"","background-repeat":"repeat","background-position":"center center","background-size":"auto","background-attachment":"scroll","background-type":"","background-media":"","overlay-type":"","overlay-color":"","overlay-opacity":"","overlay-gradient":""},"mobile":{"background-color":"","background-image":"","background-repeat":"repeat","background-position":"center center","background-size":"auto","background-attachment":"scroll","background-type":"","background-media":"","overlay-type":"","overlay-color":"","overlay-opacity":"","overlay-gradient":""}},"ast-content-background-meta":{"desktop":{"background-color":"var(--ast-global-color-5)","background-image":"","background-repeat":"repeat","background-position":"center center","background-size":"auto","background-attachment":"scroll","background-type":"","background-media":"","overlay-type":"","overlay-color":"","overlay-opacity":"","overlay-gradient":""},"tablet":{"background-color":"var(--ast-global-color-5)","background-image":"","background-repeat":"repeat","background-position":"center center","background-size":"auto","background-attachment":"scroll","background-type":"","background-media":"","overlay-type":"","overlay-color":"","overlay-opacity":"","overlay-gradient":""},"mobile":{"background-color":"var(--ast-global-color-5)","background-image":"","background-repeat":"repeat","background-position":"center center","background-size":"auto","background-attachment":"scroll","background-type":"","background-media":"","overlay-type":"","overlay-color":"","overlay-opacity":"","overlay-gradient":""}},"footnotes":""},"class_list":["post-2777","page","type-page","status-publish","hentry"],"jetpack_sharing_enabled":true,"rttpg_featured_image_url":null,"rttpg_author":{"display_name":"Hascor Burkina","author_link":"https:\/\/blog.hascorburkina.com\/index.php\/author\/hascorblog\/"},"rttpg_comment":0,"rttpg_category":null,"rttpg_excerpt":"Witti Finances Burkina Faso : Lancement des activit\u00e9s \u00e0 Ouagadougou La Charg\u00e9e de missions du minist\u00e8re de l\u2019\u00e9conomie, Madiara Sagnon\/Tou, a proc\u00e9d\u00e9 au lancement officiel des activit\u00e9s de Witti Finances au Burkina Faso, ce 21 mars 2023. La c\u00e9r\u00e9monie s\u2019est d\u00e9roul\u00e9e au si\u00e8ge de ladite structure sis \u00e0 l\u2019avenue Kwam\u00e9 Nkrumah. En seulement deux mois\u2026","_links":{"self":[{"href":"https:\/\/blog.hascorburkina.com\/index.php\/wp-json\/wp\/v2\/pages\/2777","targetHints":{"allow":["GET"]}}],"collection":[{"href":"https:\/\/blog.hascorburkina.com\/index.php\/wp-json\/wp\/v2\/pages"}],"about":[{"href":"https:\/\/blog.hascorburkina.com\/index.php\/wp-json\/wp\/v2\/types\/page"}],"author":[{"embeddable":true,"href":"https:\/\/blog.hascorburkina.com\/index.php\/wp-json\/wp\/v2\/users\/2"}],"replies":[{"embeddable":true,"href":"https:\/\/blog.hascorburkina.com\/index.php\/wp-json\/wp\/v2\/comments?post=2777"}],"version-history":[{"count":6,"href":"https:\/\/blog.hascorburkina.com\/index.php\/wp-json\/wp\/v2\/pages\/2777\/revisions"}],"predecessor-version":[{"id":2837,"href":"https:\/\/blog.hascorburkina.com\/index.php\/wp-json\/wp\/v2\/pages\/2777\/revisions\/2837"}],"wp:attachment":[{"href":"https:\/\/blog.hascorburkina.com\/index.php\/wp-json\/wp\/v2\/media?parent=2777"}],"curies":[{"name":"wp","href":"https:\/\/api.w.org\/{rel}","templated":true}]}}