{"id":2573,"date":"2023-03-20T10:48:27","date_gmt":"2023-03-20T10:48:27","guid":{"rendered":"https:\/\/blog.hascorburkina.com\/?page_id=2573"},"modified":"2023-03-20T10:53:37","modified_gmt":"2023-03-20T10:53:37","slug":"article3","status":"publish","type":"page","link":"https:\/\/blog.hascorburkina.com\/index.php\/article3\/","title":{"rendered":"article3"},"content":{"rendered":"\t\t<div data-elementor-type=\"wp-page\" data-elementor-id=\"2573\" class=\"elementor elementor-2573\">\n\t\t\t\t\t\t<section class=\"elementor-section elementor-top-section elementor-element elementor-element-dbb4e1a elementor-section-boxed elementor-section-height-default elementor-section-height-default\" data-id=\"dbb4e1a\" data-element_type=\"section\" data-e-type=\"section\">\n\t\t\t\t\t\t<div class=\"elementor-container elementor-column-gap-default\">\n\t\t\t\t\t<div class=\"elementor-column elementor-col-100 elementor-top-column elementor-element elementor-element-2d6babc\" data-id=\"2d6babc\" data-element_type=\"column\" data-e-type=\"column\">\n\t\t\t<div class=\"elementor-widget-wrap elementor-element-populated\">\n\t\t\t\t\t\t<div class=\"elementor-element elementor-element-3f08379 elementor-widget elementor-widget-heading\" data-id=\"3f08379\" data-element_type=\"widget\" data-e-type=\"widget\" data-widget_type=\"heading.default\">\n\t\t\t\t<div class=\"elementor-widget-container\">\n\t\t\t\t\t<h2 class=\"elementor-heading-title elementor-size-default\"><span style=\"text-transform: capitalize\">Fonds<\/span> miniers de d\u00e9veloppement local : Plus de 144 milliards de FCA r\u00e9colt\u00e9s de 2017 au premier semestre de 2022<\/h2>\t\t\t\t<\/div>\n\t\t\t\t<\/div>\n\t\t\t\t\t<\/div>\n\t\t<\/div>\n\t\t\t\t\t<\/div>\n\t\t<\/section>\n\t\t\t\t<section class=\"elementor-section elementor-top-section elementor-element elementor-element-82184ff elementor-section-content-middle elementor-section-boxed elementor-section-height-default elementor-section-height-default\" data-id=\"82184ff\" data-element_type=\"section\" data-e-type=\"section\" data-settings=\"{&quot;background_background&quot;:&quot;classic&quot;}\">\n\t\t\t\t\t\t\t<div class=\"elementor-background-overlay\"><\/div>\n\t\t\t\t\t\t\t<div class=\"elementor-container elementor-column-gap-no\">\n\t\t\t\t\t<div class=\"elementor-column elementor-col-50 elementor-top-column elementor-element elementor-element-f163e46\" data-id=\"f163e46\" data-element_type=\"column\" data-e-type=\"column\">\n\t\t\t<div class=\"elementor-widget-wrap elementor-element-populated\">\n\t\t\t\t\t\t<div class=\"elementor-element elementor-element-3333248 elementor-widget elementor-widget-image\" data-id=\"3333248\" data-element_type=\"widget\" data-e-type=\"widget\" data-widget_type=\"image.default\">\n\t\t\t\t<div class=\"elementor-widget-container\">\n\t\t\t\t\t\t\t\t\t\t\t\t\t\t\t<img fetchpriority=\"high\" decoding=\"async\" width=\"840\" height=\"630\" src=\"https:\/\/blog.hascorburkina.com\/wp-content\/uploads\/2023\/03\/arton120212.jpg\" class=\"attachment-full size-full wp-image-2571\" alt=\"\" srcset=\"https:\/\/blog.hascorburkina.com\/wp-content\/uploads\/2023\/03\/arton120212.jpg 840w, https:\/\/blog.hascorburkina.com\/wp-content\/uploads\/2023\/03\/arton120212-600x450.jpg 600w, https:\/\/blog.hascorburkina.com\/wp-content\/uploads\/2023\/03\/arton120212-300x225.jpg 300w, https:\/\/blog.hascorburkina.com\/wp-content\/uploads\/2023\/03\/arton120212-768x576.jpg 768w\" sizes=\"(max-width: 840px) 100vw, 840px\" \/>\t\t\t\t\t\t\t\t\t\t\t\t\t\t\t<\/div>\n\t\t\t\t<\/div>\n\t\t\t\t\t<\/div>\n\t\t<\/div>\n\t\t\t\t<div class=\"elementor-column elementor-col-50 elementor-top-column elementor-element elementor-element-70d5536\" data-id=\"70d5536\" data-element_type=\"column\" data-e-type=\"column\">\n\t\t\t<div class=\"elementor-widget-wrap elementor-element-populated\">\n\t\t\t\t\t\t<div class=\"elementor-element elementor-element-3bc3baf elementor-widget elementor-widget-text-editor\" data-id=\"3bc3baf\" data-element_type=\"widget\" data-e-type=\"widget\" data-widget_type=\"text-editor.default\">\n\t\t\t\t<div class=\"elementor-widget-container\">\n\t\t\t\t\t\t\t\t\t<p><strong>L\u2019Assembl\u00e9e l\u00e9gislative de transition (ALT) s\u2019est r\u00e9unie, ce vendredi 17 mars 2023, en s\u00e9ance pl\u00e9ni\u00e8re portant questions orales sur la n\u00e9cessit\u00e9 d\u2019encadrer davantage la vente des cartes SIM par les op\u00e9rateurs de t\u00e9l\u00e9phonie dans un contexte s\u00e9curitaire. La deuxi\u00e8me question orale a port\u00e9 sur le m\u00e9canisme de suivi de l\u2019utilisation des fonds miniers allou\u00e9s aux collectivit\u00e9s et l\u2019assurance de la bonne gestion desdits fonds au profit des populations.<\/strong><\/p><div class=\"article_content\"><p>C\u2019est le ministre en charge de l\u2019administration du territoire, le colonel Boukary Zoungrana qui s\u2019est pr\u00e9sent\u00e9 devant l\u2019ALT pour apporter des \u00e9l\u00e9ments de r\u00e9ponse \u00e0 la question orale du d\u00e9put\u00e9 Kanib\u00e8 Tuina sur l\u2019existence d\u2019un m\u00e9canisme de suivi de l\u2019utilisation des fonds miniers allou\u00e9s aux collectivit\u00e9s et l\u2019assurance de la bonne gestion de ces fonds au profit des populations.<\/p><p>\u00a0<\/p><\/div>\t\t\t\t\t\t\t\t<\/div>\n\t\t\t\t<\/div>\n\t\t\t\t\t<\/div>\n\t\t<\/div>\n\t\t\t\t\t<\/div>\n\t\t<\/section>\n\t\t\t\t<section class=\"elementor-section elementor-top-section elementor-element elementor-element-3d95b3b elementor-section-boxed elementor-section-height-default elementor-section-height-default\" data-id=\"3d95b3b\" data-element_type=\"section\" data-e-type=\"section\">\n\t\t\t\t\t\t<div class=\"elementor-container elementor-column-gap-default\">\n\t\t\t\t\t<div class=\"elementor-column elementor-col-100 elementor-top-column elementor-element elementor-element-8624cd8\" data-id=\"8624cd8\" data-element_type=\"column\" data-e-type=\"column\">\n\t\t\t<div class=\"elementor-widget-wrap elementor-element-populated\">\n\t\t\t\t\t\t<div class=\"elementor-element elementor-element-6abdf7a elementor-widget elementor-widget-text-editor\" data-id=\"6abdf7a\" data-element_type=\"widget\" data-e-type=\"widget\" data-widget_type=\"text-editor.default\">\n\t\t\t\t<div class=\"elementor-widget-container\">\n\t\t\t\t\t\t\t\t\t<p>Le ministre en charge de l\u2019administration du territoire a ax\u00e9 ses r\u00e9ponses sur trois volets\u00a0: le m\u00e9canisme de suivi de la collecte, de la r\u00e9partition et de l\u2019utilisation des fonds allou\u00e9s aux collectivit\u00e9s territoriales\u00a0; l\u2019utilisation des ressources du fonds et son impact sur les populations et enfin les mesures et les solutions envisag\u00e9es.<br class=\"autobr\" \/>Pour ce qui concerne le m\u00e9canisme de suivi de la collecte du fonds miniers, un dispositif \u00e0 deux niveaux est mis en place. Le premier degr\u00e9 est le comit\u00e9 national de suivi de la collecte, de la r\u00e9partition et son utilisation.<\/p><p>Le deuxi\u00e8me niveau se situe au niveau local. Il s\u2019agit du comit\u00e9 communal de suivi de l\u2019utilisation du Fonds miniers. Ces comit\u00e9s ont pour attribution, entre autres, d\u2019arr\u00eater l\u2019\u00e9tat des ressources collect\u00e9es par semestre\u00a0; de v\u00e9rifier le respect des modalit\u00e9s de r\u00e9partition des ressources, le reversement effectif dans les d\u00e9lais les ressources allou\u00e9es aux collectivit\u00e9s\u00a0; d\u2019examiner et \u00e9mettre des avis sur les rapports semestriels et annuels \u00e9labor\u00e9s par les conseils municipaux, r\u00e9gionaux sur l\u2019utilisation des ressources transf\u00e9r\u00e9es.<\/p><p>Les ressources collect\u00e9es au titre du Fonds miniers en 2017 au premier semestre de 2022 et reparties au profit de 351 communes et de 13 r\u00e9gions de collectivit\u00e9s territoriales s\u2019\u00e9l\u00e8vent \u00e0 plus de 144 milliards de francs CFA. Sur ce montant, a pr\u00e9cis\u00e9 le ministre en charge de l\u2019administration du territoire, plus de 121 milliards de francs CFA ont \u00ab\u00a0effectivement\u00a0\u00bb \u00e9t\u00e9 transf\u00e9r\u00e9s \u00e0 l\u2019ensemble des collectivit\u00e9s territoriale par arr\u00eat\u00e9s de reversement pris conjointement par les ministres charg\u00e9s des mines et des finances. Les ressources collect\u00e9es au premier semestre de 2022 sont en cours de reversement en raison du changement institutionnel intervenu.<\/p><p><strong>De l\u2019utilisation des ressources<\/strong><\/p><p>De l\u2019expos\u00e9 du colonel Boukary Zoungrana, il ressort que sur 364 rapports attendus, 128 rapports ont \u00e9t\u00e9 re\u00e7us en fin ao\u00fbt 2021 dont sept des conseils r\u00e9gionaux, 20 des communes mini\u00e8res et 101 des communes non mini\u00e8res. Le taux de transmission des rapports est de 35,16%. Ces rapports concernent l\u2019utilisation des ressources transf\u00e9r\u00e9es au titre du Fonds miniers en 2019 au 1er semestre 2021.<\/p><p>Ainsi, de 2019 au premier semestre de 2021, plus de 96 milliards de francs CFA ont \u00e9t\u00e9 transf\u00e9r\u00e9s aux collectivit\u00e9s territoriales. Sur la base des 128 rapports d\u2019utilisation transmis par les collectivit\u00e9s territoriales, un montant de plus de 16 milliards de francs CFA a \u00e9t\u00e9 utilis\u00e9s, soit un taux d\u2019utilisation de 17,20%. On note un montant de plus de 79 milliards de francs CFA dont la recevabilit\u00e9 et l\u2019utilisation n\u2019ont pas \u00e9t\u00e9 faite par les collectivit\u00e9s.<\/p>\t\t\t\t\t\t\t\t<\/div>\n\t\t\t\t<\/div>\n\t\t\t\t\t<\/div>\n\t\t<\/div>\n\t\t\t\t\t<\/div>\n\t\t<\/section>\n\t\t\t\t<\/div>\n\t\t","protected":false},"excerpt":{"rendered":"<p>Fonds miniers de d\u00e9veloppement local : Plus de 144 milliards de FCA r\u00e9colt\u00e9s de 2017 au premier semestre de 2022 L\u2019Assembl\u00e9e l\u00e9gislative de transition (ALT) s\u2019est r\u00e9unie, ce vendredi 17 mars 2023, en s\u00e9ance pl\u00e9ni\u00e8re portant questions orales sur la n\u00e9cessit\u00e9 d\u2019encadrer davantage la vente des cartes SIM par les op\u00e9rateurs de t\u00e9l\u00e9phonie dans un [&hellip;]<\/p>\n","protected":false},"author":2,"featured_media":0,"parent":0,"menu_order":0,"comment_status":"closed","ping_status":"closed","template":"","meta":{"site-sidebar-layout":"no-sidebar","site-content-layout":"page-builder","ast-site-content-layout":"default","site-content-style":"default","site-sidebar-style":"default","ast-global-header-display":"","ast-banner-title-visibility":"","ast-main-header-display":"","ast-hfb-above-header-display":"","ast-hfb-below-header-display":"","ast-hfb-mobile-header-display":"","site-post-title":"disabled","ast-breadcrumbs-content":"","ast-featured-img":"disabled","footer-sml-layout":"","theme-transparent-header-meta":"","adv-header-id-meta":"","stick-header-meta":"","header-above-stick-meta":"","header-main-stick-meta":"","header-below-stick-meta":"","astra-migrate-meta-layouts":"default","ast-page-background-enabled":"default","ast-page-background-meta":{"desktop":{"background-color":"","background-image":"","background-repeat":"repeat","background-position":"center center","background-size":"auto","background-attachment":"scroll","background-type":"","background-media":"","overlay-type":"","overlay-color":"","overlay-opacity":"","overlay-gradient":""},"tablet":{"background-color":"","background-image":"","background-repeat":"repeat","background-position":"center center","background-size":"auto","background-attachment":"scroll","background-type":"","background-media":"","overlay-type":"","overlay-color":"","overlay-opacity":"","overlay-gradient":""},"mobile":{"background-color":"","background-image":"","background-repeat":"repeat","background-position":"center center","background-size":"auto","background-attachment":"scroll","background-type":"","background-media":"","overlay-type":"","overlay-color":"","overlay-opacity":"","overlay-gradient":""}},"ast-content-background-meta":{"desktop":{"background-color":"var(--ast-global-color-5)","background-image":"","background-repeat":"repeat","background-position":"center center","background-size":"auto","background-attachment":"scroll","background-type":"","background-media":"","overlay-type":"","overlay-color":"","overlay-opacity":"","overlay-gradient":""},"tablet":{"background-color":"var(--ast-global-color-5)","background-image":"","background-repeat":"repeat","background-position":"center center","background-size":"auto","background-attachment":"scroll","background-type":"","background-media":"","overlay-type":"","overlay-color":"","overlay-opacity":"","overlay-gradient":""},"mobile":{"background-color":"var(--ast-global-color-5)","background-image":"","background-repeat":"repeat","background-position":"center center","background-size":"auto","background-attachment":"scroll","background-type":"","background-media":"","overlay-type":"","overlay-color":"","overlay-opacity":"","overlay-gradient":""}},"footnotes":""},"class_list":["post-2573","page","type-page","status-publish","hentry"],"jetpack_sharing_enabled":true,"rttpg_featured_image_url":null,"rttpg_author":{"display_name":"Hascor Burkina","author_link":"https:\/\/blog.hascorburkina.com\/index.php\/author\/hascorblog\/"},"rttpg_comment":0,"rttpg_category":null,"rttpg_excerpt":"Fonds miniers de d\u00e9veloppement local : Plus de 144 milliards de FCA r\u00e9colt\u00e9s de 2017 au premier semestre de 2022 L\u2019Assembl\u00e9e l\u00e9gislative de transition (ALT) s\u2019est r\u00e9unie, ce vendredi 17 mars 2023, en s\u00e9ance pl\u00e9ni\u00e8re portant questions orales sur la n\u00e9cessit\u00e9 d\u2019encadrer davantage la vente des cartes SIM par les op\u00e9rateurs de t\u00e9l\u00e9phonie dans un\u2026","_links":{"self":[{"href":"https:\/\/blog.hascorburkina.com\/index.php\/wp-json\/wp\/v2\/pages\/2573","targetHints":{"allow":["GET"]}}],"collection":[{"href":"https:\/\/blog.hascorburkina.com\/index.php\/wp-json\/wp\/v2\/pages"}],"about":[{"href":"https:\/\/blog.hascorburkina.com\/index.php\/wp-json\/wp\/v2\/types\/page"}],"author":[{"embeddable":true,"href":"https:\/\/blog.hascorburkina.com\/index.php\/wp-json\/wp\/v2\/users\/2"}],"replies":[{"embeddable":true,"href":"https:\/\/blog.hascorburkina.com\/index.php\/wp-json\/wp\/v2\/comments?post=2573"}],"version-history":[{"count":4,"href":"https:\/\/blog.hascorburkina.com\/index.php\/wp-json\/wp\/v2\/pages\/2573\/revisions"}],"predecessor-version":[{"id":2578,"href":"https:\/\/blog.hascorburkina.com\/index.php\/wp-json\/wp\/v2\/pages\/2573\/revisions\/2578"}],"wp:attachment":[{"href":"https:\/\/blog.hascorburkina.com\/index.php\/wp-json\/wp\/v2\/media?parent=2573"}],"curies":[{"name":"wp","href":"https:\/\/api.w.org\/{rel}","templated":true}]}}