{"id":2560,"date":"2023-03-20T10:21:01","date_gmt":"2023-03-20T10:21:01","guid":{"rendered":"https:\/\/blog.hascorburkina.com\/?page_id=2560"},"modified":"2023-03-20T11:27:01","modified_gmt":"2023-03-20T11:27:01","slug":"article2","status":"publish","type":"page","link":"https:\/\/blog.hascorburkina.com\/index.php\/article2\/","title":{"rendered":"article2"},"content":{"rendered":"\t\t<div data-elementor-type=\"wp-page\" data-elementor-id=\"2560\" class=\"elementor elementor-2560\">\n\t\t\t\t\t\t<section class=\"elementor-section elementor-top-section elementor-element elementor-element-6573b75 elementor-section-boxed elementor-section-height-default elementor-section-height-default\" data-id=\"6573b75\" data-element_type=\"section\" data-e-type=\"section\">\n\t\t\t\t\t\t<div class=\"elementor-container elementor-column-gap-default\">\n\t\t\t\t\t<div class=\"elementor-column elementor-col-100 elementor-top-column elementor-element elementor-element-ec221bf\" data-id=\"ec221bf\" data-element_type=\"column\" data-e-type=\"column\">\n\t\t\t<div class=\"elementor-widget-wrap elementor-element-populated\">\n\t\t\t\t\t\t<div class=\"elementor-element elementor-element-637b87d elementor-widget elementor-widget-heading\" data-id=\"637b87d\" data-element_type=\"widget\" data-e-type=\"widget\" data-widget_type=\"heading.default\">\n\t\t\t\t<div class=\"elementor-widget-container\">\n\t\t\t\t\t<h2 class=\"elementor-heading-title elementor-size-default\"><span style=\"text-transform: capitalize\">T\u00e9l\u00e9phonie <\/span>mobile au Burkina : Vers la mise en place d\u2019un identifiant unique \u00e9lectronique<\/h2>\t\t\t\t<\/div>\n\t\t\t\t<\/div>\n\t\t\t\t\t<\/div>\n\t\t<\/div>\n\t\t\t\t\t<\/div>\n\t\t<\/section>\n\t\t\t\t<section class=\"elementor-section elementor-top-section elementor-element elementor-element-6929887 elementor-section-content-middle elementor-section-boxed elementor-section-height-default elementor-section-height-default\" data-id=\"6929887\" data-element_type=\"section\" data-e-type=\"section\" data-settings=\"{&quot;background_background&quot;:&quot;classic&quot;}\">\n\t\t\t\t\t\t\t<div class=\"elementor-background-overlay\"><\/div>\n\t\t\t\t\t\t\t<div class=\"elementor-container elementor-column-gap-no\">\n\t\t\t\t\t<div class=\"elementor-column elementor-col-50 elementor-top-column elementor-element elementor-element-8a6005a\" data-id=\"8a6005a\" data-element_type=\"column\" data-e-type=\"column\">\n\t\t\t<div class=\"elementor-widget-wrap elementor-element-populated\">\n\t\t\t\t\t\t<div class=\"elementor-element elementor-element-bb54aeb elementor-widget elementor-widget-image\" data-id=\"bb54aeb\" data-element_type=\"widget\" data-e-type=\"widget\" data-widget_type=\"image.default\">\n\t\t\t\t<div class=\"elementor-widget-container\">\n\t\t\t\t\t\t\t\t\t\t\t\t\t\t\t<img fetchpriority=\"high\" decoding=\"async\" width=\"1080\" height=\"696\" src=\"https:\/\/blog.hascorburkina.com\/wp-content\/uploads\/2023\/03\/arton120211.jpg\" class=\"attachment-full size-full wp-image-2558\" alt=\"\" srcset=\"https:\/\/blog.hascorburkina.com\/wp-content\/uploads\/2023\/03\/arton120211.jpg 1080w, https:\/\/blog.hascorburkina.com\/wp-content\/uploads\/2023\/03\/arton120211-600x387.jpg 600w, https:\/\/blog.hascorburkina.com\/wp-content\/uploads\/2023\/03\/arton120211-300x193.jpg 300w, https:\/\/blog.hascorburkina.com\/wp-content\/uploads\/2023\/03\/arton120211-1024x660.jpg 1024w, https:\/\/blog.hascorburkina.com\/wp-content\/uploads\/2023\/03\/arton120211-768x495.jpg 768w\" sizes=\"(max-width: 1080px) 100vw, 1080px\" \/>\t\t\t\t\t\t\t\t\t\t\t\t\t\t\t<\/div>\n\t\t\t\t<\/div>\n\t\t\t\t\t<\/div>\n\t\t<\/div>\n\t\t\t\t<div class=\"elementor-column elementor-col-50 elementor-top-column elementor-element elementor-element-2cbd263\" data-id=\"2cbd263\" data-element_type=\"column\" data-e-type=\"column\">\n\t\t\t<div class=\"elementor-widget-wrap elementor-element-populated\">\n\t\t\t\t\t\t<div class=\"elementor-element elementor-element-68d63df elementor-widget elementor-widget-text-editor\" data-id=\"68d63df\" data-element_type=\"widget\" data-e-type=\"widget\" data-widget_type=\"text-editor.default\">\n\t\t\t\t<div class=\"elementor-widget-container\">\n\t\t\t\t\t\t\t\t\t<p><strong>\u00ab\u00a0N\u2019est-il pas n\u00e9cessaire d\u2019encadrer d\u2019avantage la vente des cartes SIM par les op\u00e9rateurs de t\u00e9l\u00e9phonie mobile dans un contexte de crise s\u00e9curitaire\u00a0? Qu\u2019en est-il de la s\u00e9curisation des donn\u00e9es \u00e9chang\u00e9es lors des communications \u00e9lectroniques\u00a0?\u00a0\u00bb Telles sont les questions que le d\u00e9put\u00e9 Salif Yada a adress\u00e9 \u00e0 la ministre de la transition digitale, des postes et des communications \u00e9lectroniques, Aminata Zerbo. C\u2019\u00e9tait au cours de la session parlementaire du vendredi 17 mars 2023 en pr\u00e9sence de 42 d\u00e9put\u00e9s. La session a \u00e9t\u00e9 pr\u00e9sid\u00e9e par le troisi\u00e8me vice-pr\u00e9sident de l\u2019Assembl\u00e9e l\u00e9gislative de transition, Ousmane Diallo.<\/strong><\/p><p>D\u2019entr\u00e9e de jeu, la ministre fera observer que le probl\u00e8me d\u2019identification des abonn\u00e9s des op\u00e9rateurs de t\u00e9l\u00e9phonie mobile s\u2019est cors\u00e9e avec l\u2019exacerbation de la crise s\u00e9curitaire qui frappe de plein fouet le Burkina. Pour r\u00e9duire les affres constat\u00e9es dans ce milieu, le 31 d\u00e9cembre 2018, le gouvernement prenait un d\u00e9cret portant modalit\u00e9s d\u2019identification des abonn\u00e9s aux services de communications \u00e9lectroniques et des clients de cybercaf\u00e9s.<\/p>\t\t\t\t\t\t\t\t<\/div>\n\t\t\t\t<\/div>\n\t\t\t\t\t<\/div>\n\t\t<\/div>\n\t\t\t\t\t<\/div>\n\t\t<\/section>\n\t\t\t\t<section class=\"elementor-section elementor-top-section elementor-element elementor-element-10d1761 elementor-section-boxed elementor-section-height-default elementor-section-height-default\" data-id=\"10d1761\" data-element_type=\"section\" data-e-type=\"section\">\n\t\t\t\t\t\t<div class=\"elementor-container elementor-column-gap-default\">\n\t\t\t\t\t<div class=\"elementor-column elementor-col-100 elementor-top-column elementor-element elementor-element-f89767d\" data-id=\"f89767d\" data-element_type=\"column\" data-e-type=\"column\">\n\t\t\t<div class=\"elementor-widget-wrap elementor-element-populated\">\n\t\t\t\t\t\t<div class=\"elementor-element elementor-element-9f7800e elementor-widget elementor-widget-text-editor\" data-id=\"9f7800e\" data-element_type=\"widget\" data-e-type=\"widget\" data-widget_type=\"text-editor.default\">\n\t\t\t\t<div class=\"elementor-widget-container\">\n\t\t\t\t\t\t\t\t\t<p>L\u2019Autorit\u00e9 de r\u00e9gulation des communications \u00e9lectroniques et des postes (ARCEP) avait en charge de veiller \u00e0 l\u2019application des dispositions dudit d\u00e9cret ainsi que des sanctions. \u00ab\u00a0Plus de trois ans apr\u00e8s son adoption, on peut retenir que le d\u00e9cret a permis d\u2019assainir substantiellement le fichier des usagers des services de communication \u00e9lectroniques dans les r\u00e9seaux des op\u00e9rateurs et fournisseurs de services. Cependant, les contr\u00f4les annuels effectu\u00e9s par l\u2019ARCEP laissent appara\u00eetre l\u2019existence de points de non-conformit\u00e9 tels que les num\u00e9ros fonctionnant sur le r\u00e9seau avec des identifications incompl\u00e8tes, les multiples abonnements les incoh\u00e9rences avec les documents d\u2019identification nationaux. En somme, les difficult\u00e9s sont essentiellement associ\u00e9es \u00e0 la probl\u00e9matique globale de l\u2019identification des populations au niveau du pays, plus particuli\u00e8rement \u00e0 la non mise en place de l\u2019interconnexion des bases de donn\u00e9es des op\u00e9rateurs avec celle de l\u2019Office national d\u2019identification conform\u00e9ment aux dispositions de l\u2019article 6 du d\u00e9cret, et cela, cinq ans apr\u00e8s son adoption\u00a0\u00bb. Par ailleurs, estime-t-elle, m\u00eame si certains pays tels que le Togo et le Nig\u00e9ria ont opt\u00e9 pour la limitation des cartes SIM \u00e0 trois par utilisateur, la probl\u00e9matique fondamentale reste et demeure la qualit\u00e9 d\u2019identification<\/p><p>Ainsi, pour couper broche et renverser la vapeur, le gouvernement pr\u00e9voit un projet pour la mise en place d\u2019un identifiant unique \u00e9lectronique de base des personnes au Burkina Faso car dit, la ministre, \u00ab\u00a0notre pays souffre d\u2019un d\u00e9ficit global de tra\u00e7abilit\u00e9 qui impacte tous les secteurs dont celui du num\u00e9rique\u00a0\u00bb. \u00ab\u00a0Ce projet ambitieux et transversal nous permettra de disposer d\u2019une identification fiable de toute personne vivant au Burkina Faso, d\u2019assurer l\u2019interop\u00e9rabilit\u00e9 n\u00e9cessaire entre les diff\u00e9rentes bases de donn\u00e9es d\u2019identit\u00e9, mais surtout de faciliter l\u2019acc\u00e8s de mani\u00e8re s\u00e9curis\u00e9e \u00e0 une plateforme digitale de v\u00e9rification de l\u2019identit\u00e9. Cela permettra d\u2019am\u00e9liorer la fourniture des services de base aux populations et de renforcer l\u2019action des pouvoirs publics \u00e0 tous les niveaux, y compris au niveau s\u00e9curitaire\u00a0\u00bb, explique-t-elle.<br class=\"autobr\" \/>En attendant la concr\u00e9tisation de ce projet le MTDPCE et l\u2019ONI sont lanc\u00e9s dans des phases de concertations, histoire de r\u00e9duire la casse et am\u00e9liorer la fiabilit\u00e9 du dispositif actuel.<\/p><p>Pour ce qui est de la s\u00e9curisation des donn\u00e9es \u00e9chang\u00e9es lors des communications \u00e9lectroniques, elle est perceptible \u00e0 deux niveaux\u00a0: d\u2019une part au niveau des op\u00e9rateurs de r\u00e9seaux et fournisseurs, d\u2019autre part au niveau des pouvoirs publics.<br class=\"autobr\" \/>Au niveau des op\u00e9rateurs de r\u00e9seaux et fournisseurs, \u00ab\u00a0ils ont l\u2019obligation d\u2019utiliser des syst\u00e8mes de s\u00e9curisation tels que les pare-feu r\u00e9seaux pour emp\u00eacher des acc\u00e8s malveillants \u00e0 leurs bases de donn\u00e9es. En sus, ces bases de donn\u00e9es sont crypt\u00e9es et leurs acc\u00e8s sont conditionn\u00e9s \u00e0 une authentification pr\u00e9alable. Par ailleurs, ces bases de donn\u00e9es doivent \u00eatre d\u00e9ploy\u00e9es de mani\u00e8re redondante pour garantir la r\u00e9silience des services de communication en cas de panne ou d\u2019attaques. Aussi, il faut noter que l\u2019ensemble des sites abritant ces donn\u00e9es sont soumis \u00e0 une surveillance physique \u00e0 travers les services de s\u00e9curit\u00e9 et la mise en place des plateformes num\u00e9riques (syst\u00e8me de vid\u00e9osurveillance)\u00a0\u00bb.<\/p>\t\t\t\t\t\t\t\t<\/div>\n\t\t\t\t<\/div>\n\t\t\t\t\t<\/div>\n\t\t<\/div>\n\t\t\t\t\t<\/div>\n\t\t<\/section>\n\t\t\t\t<\/div>\n\t\t","protected":false},"excerpt":{"rendered":"<p>T\u00e9l\u00e9phonie mobile au Burkina : Vers la mise en place d\u2019un identifiant unique \u00e9lectronique \u00ab\u00a0N\u2019est-il pas n\u00e9cessaire d\u2019encadrer d\u2019avantage la vente des cartes SIM par les op\u00e9rateurs de t\u00e9l\u00e9phonie mobile dans un contexte de crise s\u00e9curitaire\u00a0? Qu\u2019en est-il de la s\u00e9curisation des donn\u00e9es \u00e9chang\u00e9es lors des communications \u00e9lectroniques\u00a0?\u00a0\u00bb Telles sont les questions que le d\u00e9put\u00e9 [&hellip;]<\/p>\n","protected":false},"author":2,"featured_media":0,"parent":0,"menu_order":0,"comment_status":"closed","ping_status":"closed","template":"","meta":{"site-sidebar-layout":"no-sidebar","site-content-layout":"page-builder","ast-site-content-layout":"default","site-content-style":"default","site-sidebar-style":"default","ast-global-header-display":"","ast-banner-title-visibility":"","ast-main-header-display":"","ast-hfb-above-header-display":"","ast-hfb-below-header-display":"","ast-hfb-mobile-header-display":"","site-post-title":"disabled","ast-breadcrumbs-content":"","ast-featured-img":"disabled","footer-sml-layout":"","theme-transparent-header-meta":"","adv-header-id-meta":"","stick-header-meta":"","header-above-stick-meta":"","header-main-stick-meta":"","header-below-stick-meta":"","astra-migrate-meta-layouts":"default","ast-page-background-enabled":"default","ast-page-background-meta":{"desktop":{"background-color":"","background-image":"","background-repeat":"repeat","background-position":"center center","background-size":"auto","background-attachment":"scroll","background-type":"","background-media":"","overlay-type":"","overlay-color":"","overlay-opacity":"","overlay-gradient":""},"tablet":{"background-color":"","background-image":"","background-repeat":"repeat","background-position":"center center","background-size":"auto","background-attachment":"scroll","background-type":"","background-media":"","overlay-type":"","overlay-color":"","overlay-opacity":"","overlay-gradient":""},"mobile":{"background-color":"","background-image":"","background-repeat":"repeat","background-position":"center center","background-size":"auto","background-attachment":"scroll","background-type":"","background-media":"","overlay-type":"","overlay-color":"","overlay-opacity":"","overlay-gradient":""}},"ast-content-background-meta":{"desktop":{"background-color":"var(--ast-global-color-5)","background-image":"","background-repeat":"repeat","background-position":"center center","background-size":"auto","background-attachment":"scroll","background-type":"","background-media":"","overlay-type":"","overlay-color":"","overlay-opacity":"","overlay-gradient":""},"tablet":{"background-color":"var(--ast-global-color-5)","background-image":"","background-repeat":"repeat","background-position":"center center","background-size":"auto","background-attachment":"scroll","background-type":"","background-media":"","overlay-type":"","overlay-color":"","overlay-opacity":"","overlay-gradient":""},"mobile":{"background-color":"var(--ast-global-color-5)","background-image":"","background-repeat":"repeat","background-position":"center center","background-size":"auto","background-attachment":"scroll","background-type":"","background-media":"","overlay-type":"","overlay-color":"","overlay-opacity":"","overlay-gradient":""}},"footnotes":""},"class_list":["post-2560","page","type-page","status-publish","hentry"],"jetpack_sharing_enabled":true,"rttpg_featured_image_url":null,"rttpg_author":{"display_name":"Hascor Burkina","author_link":"https:\/\/blog.hascorburkina.com\/index.php\/author\/hascorblog\/"},"rttpg_comment":0,"rttpg_category":null,"rttpg_excerpt":"T\u00e9l\u00e9phonie mobile au Burkina : Vers la mise en place d\u2019un identifiant unique \u00e9lectronique \u00ab\u00a0N\u2019est-il pas n\u00e9cessaire d\u2019encadrer d\u2019avantage la vente des cartes SIM par les op\u00e9rateurs de t\u00e9l\u00e9phonie mobile dans un contexte de crise s\u00e9curitaire\u00a0? Qu\u2019en est-il de la s\u00e9curisation des donn\u00e9es \u00e9chang\u00e9es lors des communications \u00e9lectroniques\u00a0?\u00a0\u00bb Telles sont les questions que le d\u00e9put\u00e9\u2026","_links":{"self":[{"href":"https:\/\/blog.hascorburkina.com\/index.php\/wp-json\/wp\/v2\/pages\/2560","targetHints":{"allow":["GET"]}}],"collection":[{"href":"https:\/\/blog.hascorburkina.com\/index.php\/wp-json\/wp\/v2\/pages"}],"about":[{"href":"https:\/\/blog.hascorburkina.com\/index.php\/wp-json\/wp\/v2\/types\/page"}],"author":[{"embeddable":true,"href":"https:\/\/blog.hascorburkina.com\/index.php\/wp-json\/wp\/v2\/users\/2"}],"replies":[{"embeddable":true,"href":"https:\/\/blog.hascorburkina.com\/index.php\/wp-json\/wp\/v2\/comments?post=2560"}],"version-history":[{"count":7,"href":"https:\/\/blog.hascorburkina.com\/index.php\/wp-json\/wp\/v2\/pages\/2560\/revisions"}],"predecessor-version":[{"id":2590,"href":"https:\/\/blog.hascorburkina.com\/index.php\/wp-json\/wp\/v2\/pages\/2560\/revisions\/2590"}],"wp:attachment":[{"href":"https:\/\/blog.hascorburkina.com\/index.php\/wp-json\/wp\/v2\/media?parent=2560"}],"curies":[{"name":"wp","href":"https:\/\/api.w.org\/{rel}","templated":true}]}}