{"id":2546,"date":"2023-03-20T09:59:03","date_gmt":"2023-03-20T09:59:03","guid":{"rendered":"https:\/\/blog.hascorburkina.com\/?page_id=2546"},"modified":"2023-03-20T10:08:06","modified_gmt":"2023-03-20T10:08:06","slug":"acticle1","status":"publish","type":"page","link":"https:\/\/blog.hascorburkina.com\/index.php\/acticle1\/","title":{"rendered":"ACticle1"},"content":{"rendered":"\t\t<div data-elementor-type=\"wp-page\" data-elementor-id=\"2546\" class=\"elementor elementor-2546\">\n\t\t\t\t\t\t<section class=\"elementor-section elementor-top-section elementor-element elementor-element-272540f elementor-section-boxed elementor-section-height-default elementor-section-height-default\" data-id=\"272540f\" data-element_type=\"section\" data-e-type=\"section\">\n\t\t\t\t\t\t<div class=\"elementor-container elementor-column-gap-default\">\n\t\t\t\t\t<div class=\"elementor-column elementor-col-100 elementor-top-column elementor-element elementor-element-614f57e\" data-id=\"614f57e\" data-element_type=\"column\" data-e-type=\"column\">\n\t\t\t<div class=\"elementor-widget-wrap elementor-element-populated\">\n\t\t\t\t\t\t<div class=\"elementor-element elementor-element-f62b1ab elementor-widget elementor-widget-heading\" data-id=\"f62b1ab\" data-element_type=\"widget\" data-e-type=\"widget\" data-widget_type=\"heading.default\">\n\t\t\t\t<div class=\"elementor-widget-container\">\n\t\t\t\t\t<h2 class=\"elementor-heading-title elementor-size-default\"><h1 class=\"entry-title\" style=\"margin-top: 20px;margin-bottom: 10px;font-style: normal;font-weight: 500;font-size: 36px;line-height: 1.1;, Helvetica, Arial, sans-serif;display: block;text-transform: none;white-space: normal\">Rupture de timbres fiscaux \u00e0 Ouagadougou&nbsp;: \u00ab&nbsp;La d\u00e9mat\u00e9rialisation permettra de r\u00e9soudre le probl\u00e8me&nbsp;\u00bb, selon le DG des imp\u00f4ts, Daouda Kirakoya<\/h1><\/h2>\t\t\t\t<\/div>\n\t\t\t\t<\/div>\n\t\t\t\t\t<\/div>\n\t\t<\/div>\n\t\t\t\t\t<\/div>\n\t\t<\/section>\n\t\t\t\t<section class=\"elementor-section elementor-top-section elementor-element elementor-element-mmwx6d5 elementor-section-content-middle elementor-section-boxed elementor-section-height-default elementor-section-height-default\" data-id=\"mmwx6d5\" data-element_type=\"section\" data-e-type=\"section\" data-settings=\"{&quot;background_background&quot;:&quot;classic&quot;}\">\n\t\t\t\t\t\t\t<div class=\"elementor-background-overlay\"><\/div>\n\t\t\t\t\t\t\t<div class=\"elementor-container elementor-column-gap-no\">\n\t\t\t\t\t<div class=\"elementor-column elementor-col-50 elementor-top-column elementor-element elementor-element-47d11e6\" data-id=\"47d11e6\" data-element_type=\"column\" data-e-type=\"column\">\n\t\t\t<div class=\"elementor-widget-wrap elementor-element-populated\">\n\t\t\t\t\t\t<div class=\"elementor-element elementor-element-51240be elementor-widget elementor-widget-image\" data-id=\"51240be\" data-element_type=\"widget\" data-e-type=\"widget\" data-widget_type=\"image.default\">\n\t\t\t\t<div class=\"elementor-widget-container\">\n\t\t\t\t\t\t\t\t\t\t\t\t\t\t\t<img fetchpriority=\"high\" decoding=\"async\" width=\"626\" height=\"401\" src=\"https:\/\/blog.hascorburkina.com\/wp-content\/uploads\/2023\/03\/arton120216.jpg\" class=\"attachment-full size-full wp-image-2545\" alt=\"\" srcset=\"https:\/\/blog.hascorburkina.com\/wp-content\/uploads\/2023\/03\/arton120216.jpg 626w, https:\/\/blog.hascorburkina.com\/wp-content\/uploads\/2023\/03\/arton120216-600x384.jpg 600w, https:\/\/blog.hascorburkina.com\/wp-content\/uploads\/2023\/03\/arton120216-300x192.jpg 300w\" sizes=\"(max-width: 626px) 100vw, 626px\" \/>\t\t\t\t\t\t\t\t\t\t\t\t\t\t\t<\/div>\n\t\t\t\t<\/div>\n\t\t\t\t\t<\/div>\n\t\t<\/div>\n\t\t\t\t<div class=\"elementor-column elementor-col-50 elementor-top-column elementor-element elementor-element-e68dcfe\" data-id=\"e68dcfe\" data-element_type=\"column\" data-e-type=\"column\">\n\t\t\t<div class=\"elementor-widget-wrap elementor-element-populated\">\n\t\t\t\t\t\t<div class=\"elementor-element elementor-element-72da1a5 elementor-widget elementor-widget-text-editor\" data-id=\"72da1a5\" data-element_type=\"widget\" data-e-type=\"widget\" data-widget_type=\"text-editor.default\">\n\t\t\t\t<div class=\"elementor-widget-container\">\n\t\t\t\t\t\t\t\t\t<p><strong>Depuis courant 2022, les usagers de la capitale sollicitant soit la l\u00e9galisation soit l\u2019authentification de leurs documents font face \u00e0 une p\u00e9nurie de timbres fiscaux. Afin de donner un \u00e9clairage, le directeur g\u00e9n\u00e9ral des imp\u00f4ts (DGI), Daouda Kirakoya, a accord\u00e9 une interview \u00e0 une \u00e9quipe du journal en ligne Lefaso.net, ce vendredi 17 mars 2023, \u00e0 Ouagadougou. Cette rupture, \u00e0 l\u2019en croire, est ind\u00e9pendante de la volont\u00e9 de la DGI, charg\u00e9e de la gestion du stock au plan national. Pour att\u00e9nuer un tant soit peu les effets de cette p\u00e9nurie, une commande d\u2019urgence a \u00e9t\u00e9 lanc\u00e9e. \u00ab\u00a0Il y a un stock d\u2019urgence avec le fournisseur qui va arriver en cours de semaine prochaine. Nous allons indiquer un lieu o\u00f9 les gens peuvent aller acheter. \u00c9galement, nous allons essayer de r\u00e9glementer la vente pour que les gens ne fassent pas de la sp\u00e9culation\u00a0\u00bb, a annonc\u00e9 le DGI.<\/strong><\/p>\t\t\t\t\t\t\t\t<\/div>\n\t\t\t\t<\/div>\n\t\t\t\t\t<\/div>\n\t\t<\/div>\n\t\t\t\t\t<\/div>\n\t\t<\/section>\n\t\t\t\t<section class=\"elementor-section elementor-top-section elementor-element elementor-element-fe7948d elementor-section-boxed elementor-section-height-default elementor-section-height-default\" data-id=\"fe7948d\" data-element_type=\"section\" data-e-type=\"section\">\n\t\t\t\t\t\t<div class=\"elementor-container elementor-column-gap-default\">\n\t\t\t\t\t<div class=\"elementor-column elementor-col-100 elementor-top-column elementor-element elementor-element-4e07e3a\" data-id=\"4e07e3a\" data-element_type=\"column\" data-e-type=\"column\">\n\t\t\t<div class=\"elementor-widget-wrap elementor-element-populated\">\n\t\t\t\t\t\t<div class=\"elementor-element elementor-element-93b02dc elementor-widget elementor-widget-text-editor\" data-id=\"93b02dc\" data-element_type=\"widget\" data-e-type=\"widget\" data-widget_type=\"text-editor.default\">\n\t\t\t\t<div class=\"elementor-widget-container\">\n\t\t\t\t\t\t\t\t\t<p><strong>Daouda Kirakoya\u00a0:\u00a0<\/strong>Effectivement, on a constat\u00e9 ces derniers temps une p\u00e9nurie de timbres dans certains de nos guichets de vente notamment au niveau des grands centres comme Ouagadougou. Ce sont essentiellement les quotit\u00e9s de 200 et 100 francs qui sont concern\u00e9es. Par contre, dans les petites recettes, il y a toujours un peu de disponibilit\u00e9. Cette situation est due au fait que nous sommes dans le registre du commerce. Lorsqu\u2019on commande les timbres, tout citoyen qui vient pour les acqu\u00e9rir, il n\u2019y a pas une limitation du nombre. Ce qui fait qu\u2019il y a certains qui ach\u00e8tent plus que leurs besoins. On constate qu\u2019il y a des timbres de 100 et 200 francs CFA qui circulent en ville alors que dans nos guichets, il y en n\u2019a pas. \u00c9galement, les timbres font l\u2019objet de commandes publiques parce qu\u2019ils ne sont pas fabriqu\u00e9s sur place au Burkina Faso. C\u2019est fabriqu\u00e9 sur les m\u00eames supports que les billets de banque. Et le processus est long \u00e9galement.<\/p><p><strong>Au regard de la lourdeur du processus, pourquoi ne pas mettre en place un autre syst\u00e8me\u00a0?<\/strong><\/p><p>Il y a des alternatives dont la d\u00e9mat\u00e9rialisation du timbre qui est envisag\u00e9e par le gouvernement. Avec la situation du pays, il y a des projets qui ne peuvent pas aller tr\u00e8s rapidement comme on le souhaite. Sinon l\u2019optique, c\u2019est de passer \u00e0 la d\u00e9mat\u00e9rialisation avec deux possibilit\u00e9s. La premi\u00e8re possibilit\u00e9, c\u2019est d\u2019avoir des machines \u00e0 timbrer. La deuxi\u00e8me possibilit\u00e9, c\u2019est d\u2019avoir des comptes pour les utilisateurs comme un portefeuille de monnaie qu\u2019on peut utiliser \u00e0 chaque fois qu\u2019on a besoin. La r\u00e9flexion est en cours. Certainement que le gouvernement va passer bient\u00f4t \u00e0 la d\u00e9mat\u00e9rialisation des timbres. En attendant, il y a un stock d\u2019urgence avec le fournisseur qui va arriver en cours de semaine prochaine. Nous allons essayer de r\u00e9glementer un peu la vente pour que les gens n\u2019en fassent pas de la sp\u00e9culation. \u00c9galement, nous allons indiquer un lieu o\u00f9 les gens peuvent aller acheter.<\/p><p><strong>Quel est le processus de la d\u00e9mat\u00e9rialisation\u00a0?<\/strong><\/p><p>Pour d\u00e9mat\u00e9rialiser, il faut suivre un processus. C\u2019est un march\u00e9 public qui va \u00eatre lanc\u00e9. Il faut faire des commandes. Ensuite, nous allons faire des essais, puis mettre le dispositif en place. D\u00e9j\u00e0, nous allons essayer dans la mesure du possible de voir comment on peut att\u00e9nuer les effets de la rupture. Il y a quelques localit\u00e9s qui ont quelques quantit\u00e9s de timbres qu\u2019on est en train de red\u00e9ployer dans les grands centres. Vous avez vu que La Poste Burkina avait un stock. D\u00e8s qu\u2019elle a annonc\u00e9 qu\u2019il y avait une disponibilit\u00e9, les gens sont all\u00e9s tout acheter. Ils sont plac\u00e9s devant les lieux o\u00f9 on les utilise les timbres pour les revendre. Si on prend des mesures tout de suite \u00e0 leur encontre, les gens diront que nous sommes en train de cr\u00e9er d\u2019autres situations. L\u2019esprit de certains citoyens est \u00e0 revoir. Si le timbre \u00e0 une valeur faciale de 200 francs CFA et qu\u2019on le revend \u00e0 300 ou 350 francs CFA, c\u2019est exag\u00e9r\u00e9.<\/p><p><strong>Quel est l\u2019impact de cette rupture\u00a0?<\/strong><\/p><p>D\u2019abord pour le citoyen, avec la rupture des timbres, les gens sont oblig\u00e9s d\u2019aller de gauche \u00e0 droite. Ce qui est quand m\u00eame difficile pour un citoyen. Ensuite, il y a le temps qu\u2019il faut perdre. Certainement qu\u2019on aurait pu avoir de fa\u00e7on diligente, des actes administratifs au regard de la non disponibilit\u00e9 des timbres. \u00c7a peut prendre un peu plus de temps.<\/p><p>Il faut qu\u2019on puisse aussi interpeller l\u2019ensemble des Burkinab\u00e8 sur ces questions de p\u00e9nurie parce que \u00e7a devient des situations que des gens favorisent \u00e0 dessein pour pouvoir avoir de l\u2019argent. Ce n\u2019est pas int\u00e9ressant dans le contexte dans lequel nous sommes. La vente des timbres est r\u00e9glement\u00e9e. En principe, on ne peut pas vendre des timbres en dehors de nos guichets si on n\u2019est pas un distributeur agr\u00e9e. Mais vous constaterez avec nous qu\u2019il y a des citoyens qui s\u2019approvisionnent et qui vendent \u00e0 des prix exorbitants.<\/p><p>\u00a0<\/p>\t\t\t\t\t\t\t\t<\/div>\n\t\t\t\t<\/div>\n\t\t\t\t\t<\/div>\n\t\t<\/div>\n\t\t\t\t\t<\/div>\n\t\t<\/section>\n\t\t\t\t<\/div>\n\t\t","protected":false},"excerpt":{"rendered":"<p>Rupture de timbres fiscaux \u00e0 Ouagadougou&nbsp;: \u00ab&nbsp;La d\u00e9mat\u00e9rialisation permettra de r\u00e9soudre le probl\u00e8me&nbsp;\u00bb, selon le DG des imp\u00f4ts, Daouda Kirakoya Depuis courant 2022, les usagers de la capitale sollicitant soit la l\u00e9galisation soit l\u2019authentification de leurs documents font face \u00e0 une p\u00e9nurie de timbres fiscaux. Afin de donner un \u00e9clairage, le directeur g\u00e9n\u00e9ral des imp\u00f4ts [&hellip;]<\/p>\n","protected":false},"author":2,"featured_media":0,"parent":0,"menu_order":0,"comment_status":"closed","ping_status":"closed","template":"","meta":{"site-sidebar-layout":"no-sidebar","site-content-layout":"page-builder","ast-site-content-layout":"default","site-content-style":"default","site-sidebar-style":"default","ast-global-header-display":"","ast-banner-title-visibility":"","ast-main-header-display":"","ast-hfb-above-header-display":"","ast-hfb-below-header-display":"","ast-hfb-mobile-header-display":"","site-post-title":"disabled","ast-breadcrumbs-content":"","ast-featured-img":"disabled","footer-sml-layout":"","theme-transparent-header-meta":"","adv-header-id-meta":"","stick-header-meta":"","header-above-stick-meta":"","header-main-stick-meta":"","header-below-stick-meta":"","astra-migrate-meta-layouts":"default","ast-page-background-enabled":"default","ast-page-background-meta":{"desktop":{"background-color":"","background-image":"","background-repeat":"repeat","background-position":"center center","background-size":"auto","background-attachment":"scroll","background-type":"","background-media":"","overlay-type":"","overlay-color":"","overlay-opacity":"","overlay-gradient":""},"tablet":{"background-color":"","background-image":"","background-repeat":"repeat","background-position":"center center","background-size":"auto","background-attachment":"scroll","background-type":"","background-media":"","overlay-type":"","overlay-color":"","overlay-opacity":"","overlay-gradient":""},"mobile":{"background-color":"","background-image":"","background-repeat":"repeat","background-position":"center center","background-size":"auto","background-attachment":"scroll","background-type":"","background-media":"","overlay-type":"","overlay-color":"","overlay-opacity":"","overlay-gradient":""}},"ast-content-background-meta":{"desktop":{"background-color":"var(--ast-global-color-5)","background-image":"","background-repeat":"repeat","background-position":"center center","background-size":"auto","background-attachment":"scroll","background-type":"","background-media":"","overlay-type":"","overlay-color":"","overlay-opacity":"","overlay-gradient":""},"tablet":{"background-color":"var(--ast-global-color-5)","background-image":"","background-repeat":"repeat","background-position":"center center","background-size":"auto","background-attachment":"scroll","background-type":"","background-media":"","overlay-type":"","overlay-color":"","overlay-opacity":"","overlay-gradient":""},"mobile":{"background-color":"var(--ast-global-color-5)","background-image":"","background-repeat":"repeat","background-position":"center center","background-size":"auto","background-attachment":"scroll","background-type":"","background-media":"","overlay-type":"","overlay-color":"","overlay-opacity":"","overlay-gradient":""}},"footnotes":""},"class_list":["post-2546","page","type-page","status-publish","hentry"],"jetpack_sharing_enabled":true,"rttpg_featured_image_url":null,"rttpg_author":{"display_name":"Hascor Burkina","author_link":"https:\/\/blog.hascorburkina.com\/index.php\/author\/hascorblog\/"},"rttpg_comment":0,"rttpg_category":null,"rttpg_excerpt":"Rupture de timbres fiscaux \u00e0 Ouagadougou&nbsp;: \u00ab&nbsp;La d\u00e9mat\u00e9rialisation permettra de r\u00e9soudre le probl\u00e8me&nbsp;\u00bb, selon le DG des imp\u00f4ts, Daouda Kirakoya Depuis courant 2022, les usagers de la capitale sollicitant soit la l\u00e9galisation soit l\u2019authentification de leurs documents font face \u00e0 une p\u00e9nurie de timbres fiscaux. Afin de donner un \u00e9clairage, le directeur g\u00e9n\u00e9ral des imp\u00f4ts\u2026","_links":{"self":[{"href":"https:\/\/blog.hascorburkina.com\/index.php\/wp-json\/wp\/v2\/pages\/2546","targetHints":{"allow":["GET"]}}],"collection":[{"href":"https:\/\/blog.hascorburkina.com\/index.php\/wp-json\/wp\/v2\/pages"}],"about":[{"href":"https:\/\/blog.hascorburkina.com\/index.php\/wp-json\/wp\/v2\/types\/page"}],"author":[{"embeddable":true,"href":"https:\/\/blog.hascorburkina.com\/index.php\/wp-json\/wp\/v2\/users\/2"}],"replies":[{"embeddable":true,"href":"https:\/\/blog.hascorburkina.com\/index.php\/wp-json\/wp\/v2\/comments?post=2546"}],"version-history":[{"count":5,"href":"https:\/\/blog.hascorburkina.com\/index.php\/wp-json\/wp\/v2\/pages\/2546\/revisions"}],"predecessor-version":[{"id":2778,"href":"https:\/\/blog.hascorburkina.com\/index.php\/wp-json\/wp\/v2\/pages\/2546\/revisions\/2778"}],"wp:attachment":[{"href":"https:\/\/blog.hascorburkina.com\/index.php\/wp-json\/wp\/v2\/media?parent=2546"}],"curies":[{"name":"wp","href":"https:\/\/api.w.org\/{rel}","templated":true}]}}